CRAN Package Check Results for Package roptim

Last updated on 2021-12-05 23:52:26 CET.

Flavor Version Tinstall Tcheck Ttotal Status Flags
r-devel-linux-x86_64-debian-clang 0.1.5 39.07 36.78 75.85 NOTE
r-devel-linux-x86_64-debian-gcc 0.1.5 25.68 29.47 55.15 NOTE
r-devel-linux-x86_64-fedora-clang 0.1.5 104.62 NOTE
r-devel-linux-x86_64-fedora-gcc 0.1.5 84.01 NOTE
r-devel-windows-x86_64-new-UL 0.1.5 45.00 92.00 137.00 NOTE
r-devel-windows-x86_64-new-TK 0.1.5 NOTE
r-devel-windows-x86_64-old 0.1.5 43.00 46.00 89.00 NOTE
r-patched-linux-x86_64 0.1.5 30.61 27.53 58.14 NOTE
r-release-linux-x86_64 0.1.5 31.76 35.10 66.86 NOTE
r-release-macos-arm64 0.1.5 NOTE
r-release-macos-x86_64 0.1.5 NOTE
r-release-windows-ix86+x86_64 0.1.5 86.00 75.00 161.00 NOTE
r-oldrel-macos-x86_64 0.1.5 OK
r-oldrel-windows-ix86+x86_64 0.1.5 83.00 72.00 155.00 OK

Check Details

Version: 0.1.5
Check: LazyData
Result: NOTE
     'LazyData' is specified without a 'data' directory
Flavors: r-devel-linux-x86_64-debian-clang, r-devel-linux-x86_64-debian-gcc, r-devel-linux-x86_64-fedora-clang, r-devel-linux-x86_64-fedora-gcc, r-devel-windows-x86_64-new-UL, r-devel-windows-x86_64-new-TK, r-devel-windows-x86_64-old, r-patched-linux-x86_64, r-release-linux-x86_64, r-release-macos-arm64, r-release-macos-x86_64, r-release-windows-ix86+x86_64