CRAN Package Check Results for Package rolldown

Last updated on 2023-12-10 06:50:37 CET.

Flavor Version Tinstall Tcheck Ttotal Status Flags
r-devel-linux-x86_64-debian-clang 0.1 2.25 33.74 35.99 NOTE
r-devel-linux-x86_64-debian-gcc 0.1 2.08 26.75 28.83 NOTE
r-devel-linux-x86_64-fedora-clang 0.1 47.60 NOTE
r-devel-linux-x86_64-fedora-gcc 0.1 55.85 NOTE
r-devel-windows-x86_64 0.1 4.00 55.00 59.00 NOTE
r-patched-linux-x86_64 0.1 6.92 33.93 40.85 NOTE
r-release-linux-x86_64 0.1 3.00 33.44 36.44 NOTE
r-release-macos-arm64 0.1 30.00 NOTE
r-release-macos-x86_64 0.1 41.00 NOTE
r-release-windows-x86_64 0.1 5.00 54.00 59.00 NOTE
r-oldrel-macos-arm64 0.1 18.00 NOTE
r-oldrel-macos-x86_64 0.1 26.00 NOTE
r-oldrel-windows-x86_64 0.1 5.00 57.00 62.00 NOTE

Check Details

Version: 0.1
Check: LazyData
Result: NOTE 'LazyData' is specified without a 'data' directory Flavors: r-devel-linux-x86_64-debian-clang, r-devel-linux-x86_64-debian-gcc, r-devel-linux-x86_64-fedora-clang, r-devel-linux-x86_64-fedora-gcc, r-devel-windows-x86_64, r-patched-linux-x86_64, r-release-linux-x86_64, r-release-macos-arm64, r-release-macos-x86_64, r-release-windows-x86_64, r-oldrel-macos-arm64, r-oldrel-macos-x86_64, r-oldrel-windows-x86_64