Last updated on 2023-03-26 12:55:22 CEST.
Flavor | Version | Tinstall | Tcheck | Ttotal | Status | Flags |
---|---|---|---|---|---|---|
r-devel-linux-x86_64-debian-clang | 0.1.4 | 42.42 | 61.74 | 104.16 | NOTE | |
r-devel-linux-x86_64-debian-gcc | 0.1.4 | 34.81 | 46.71 | 81.52 | NOTE | |
r-devel-linux-x86_64-fedora-clang | 0.1.4 | 153.57 | NOTE | |||
r-devel-linux-x86_64-fedora-gcc | 0.1.4 | 147.17 | NOTE | |||
r-patched-linux-x86_64 | 0.1.4 | 30.69 | 59.16 | 89.85 | NOTE | |
r-release-linux-x86_64 | 0.1.4 | 35.51 | 61.32 | 96.83 | OK | |
r-release-macos-arm64 | 0.1.4 | 46.00 | OK | |||
r-release-macos-x86_64 | 0.1.4 | 58.00 | OK | |||
r-release-windows-x86_64 | 0.1.4 | 101.00 | 112.00 | 213.00 | OK | |
r-oldrel-macos-arm64 | 0.1.4 | 47.00 | OK | |||
r-oldrel-macos-x86_64 | 0.1.4 | 52.00 | OK | |||
r-oldrel-windows-ix86+x86_64 | 0.1.4 | 113.00 | 123.00 | 236.00 | OK |
Version: 0.1.4
Check: C++ specification
Result: NOTE
Specified C++11: please drop specification unless essential
Flavors: r-devel-linux-x86_64-debian-clang, r-devel-linux-x86_64-debian-gcc, r-devel-linux-x86_64-fedora-clang, r-devel-linux-x86_64-fedora-gcc, r-patched-linux-x86_64