Last updated on 2023-06-07 15:00:59 CEST.
Flavor | Version | Tinstall | Tcheck | Ttotal | Status | Flags |
---|---|---|---|---|---|---|
r-devel-linux-x86_64-debian-clang | 0.6.7 | 12.19 | 188.22 | 200.41 | OK | |
r-devel-linux-x86_64-debian-gcc | 0.6.7 | 8.80 | 141.11 | 149.91 | OK | |
r-devel-linux-x86_64-fedora-clang | 0.6.7 | 247.03 | OK | |||
r-devel-linux-x86_64-fedora-gcc | 0.6.7 | 244.25 | OK | |||
r-devel-windows-x86_64 | 0.6.7 | 13.00 | 177.00 | 190.00 | OK | |
r-patched-linux-x86_64 | 0.6.7 | 11.11 | 179.46 | 190.57 | OK | |
r-release-linux-x86_64 | 0.6.7 | 7.24 | 177.48 | 184.72 | OK | |
r-release-macos-arm64 | 0.6.7 | 78.00 | OK | |||
r-release-macos-x86_64 | 0.6.7 | 129.00 | NOTE | |||
r-release-windows-x86_64 | 0.6.7 | 15.00 | 213.00 | 228.00 | OK | |
r-oldrel-macos-arm64 | 0.6.7 | 69.00 | OK | |||
r-oldrel-macos-x86_64 | 0.6.7 | 83.00 | OK | |||
r-oldrel-windows-x86_64 | 0.6.7 | 16.00 | 205.00 | 221.00 | OK |
Version: 0.6.7
Check: package dependencies
Result: NOTE
Package suggested but not available for checking: ‘XLConnect’
Flavor: r-release-macos-x86_64