Last updated on 2023-12-11 13:49:48 CET.
Flavor | Version | Tinstall | Tcheck | Ttotal | Status | Flags |
---|---|---|---|---|---|---|
r-devel-linux-x86_64-debian-clang | 1.1.1 | 162.48 | 113.86 | 276.34 | NOTE | |
r-devel-linux-x86_64-debian-gcc | 1.1.1 | 117.39 | 84.25 | 201.64 | NOTE | |
r-devel-linux-x86_64-fedora-clang | 1.1.1 | 395.37 | NOTE | |||
r-devel-linux-x86_64-fedora-gcc | 1.1.1 | 429.74 | NOTE | |||
r-devel-windows-x86_64 | 1.1.1 | 127.00 | 118.00 | 245.00 | NOTE | |
r-patched-linux-x86_64 | 1.1.1 | 121.97 | 107.91 | 229.88 | NOTE | |
r-release-linux-x86_64 | 1.1.1 | 109.29 | 107.56 | 216.85 | NOTE | |
r-release-macos-arm64 | 1.1.1 | 95.00 | NOTE | |||
r-release-macos-x86_64 | 1.1.1 | 165.00 | NOTE | |||
r-release-windows-x86_64 | 1.1.1 | 158.00 | 142.00 | 300.00 | NOTE | |
r-oldrel-macos-arm64 | 1.1.1 | 86.00 | NOTE | |||
r-oldrel-macos-x86_64 | 1.1.1 | 142.00 | NOTE | |||
r-oldrel-windows-x86_64 | 1.1.1 | 155.00 | 136.00 | 291.00 | OK |
Version: 1.1.1
Check: C++ specification
Result: NOTE
Specified C++11: please drop specification unless essential
Flavors: r-devel-linux-x86_64-debian-clang, r-devel-linux-x86_64-debian-gcc, r-devel-linux-x86_64-fedora-clang, r-devel-linux-x86_64-fedora-gcc, r-devel-windows-x86_64, r-patched-linux-x86_64, r-release-linux-x86_64, r-release-macos-arm64, r-release-macos-x86_64, r-release-windows-x86_64
Version: 1.1.1
Check: installed package size
Result: NOTE
installed size is 7.1Mb
sub-directories of 1Mb or more:
libs 6.9Mb
Flavors: r-release-macos-arm64, r-release-macos-x86_64, r-oldrel-macos-arm64, r-oldrel-macos-x86_64