Last updated on 2023-03-28 01:53:16 CEST.
Flavor | Version | Tinstall | Tcheck | Ttotal | Status | Flags |
---|---|---|---|---|---|---|
r-devel-linux-x86_64-debian-clang | 0.1 | 114.44 | 133.86 | 248.30 | NOTE | |
r-devel-linux-x86_64-debian-gcc | 0.1 | 82.47 | 98.01 | 180.48 | NOTE | |
r-devel-linux-x86_64-fedora-clang | 0.1 | 343.71 | NOTE | |||
r-devel-linux-x86_64-fedora-gcc | 0.1 | 318.35 | NOTE | |||
r-patched-linux-x86_64 | 0.1 | 94.95 | 122.10 | 217.05 | NOTE | |
r-release-linux-x86_64 | 0.1 | 70.48 | 123.01 | 193.49 | OK | |
r-release-macos-arm64 | 0.1 | 71.00 | OK | |||
r-release-macos-x86_64 | 0.1 | 122.00 | OK | |||
r-release-windows-x86_64 | 0.1 | 104.00 | 174.00 | 278.00 | OK | |
r-oldrel-macos-arm64 | 0.1 | 84.00 | OK | |||
r-oldrel-macos-x86_64 | 0.1 | 98.00 | OK | |||
r-oldrel-windows-ix86+x86_64 | 0.1 | 281.00 | 204.00 | 485.00 | OK |
Version: 0.1
Check: C++ specification
Result: NOTE
Specified C++11: please drop specification unless essential
Flavors: r-devel-linux-x86_64-debian-clang, r-devel-linux-x86_64-debian-gcc, r-devel-linux-x86_64-fedora-clang, r-devel-linux-x86_64-fedora-gcc, r-patched-linux-x86_64