CRAN Package Check Results for Package robustHD

Last updated on 2021-12-03 00:48:54 CET.

Flavor Version Tinstall Tcheck Ttotal Status Flags
r-devel-linux-x86_64-debian-clang 0.7.2 127.66 129.89 257.55 OK
r-devel-linux-x86_64-debian-gcc 0.7.2 92.61 96.61 189.22 OK
r-devel-linux-x86_64-fedora-clang 0.7.2 355.73 NOTE
r-devel-linux-x86_64-fedora-gcc 0.7.2 325.59 OK
r-devel-windows-x86_64-new-UL 0.7.2 171.00 192.00 363.00 OK
r-devel-windows-x86_64-new-TK 0.7.2 OK
r-devel-windows-x86_64-old 0.7.2 154.00 123.00 277.00 OK
r-patched-linux-x86_64 0.7.2 108.83 120.38 229.21 OK
r-patched-solaris-x86 0.7.2 321.40 OK
r-release-linux-x86_64 0.7.2 105.23 120.02 225.25 OK
r-release-macos-arm64 0.7.2 NOTE
r-release-macos-x86_64 0.7.2 NOTE
r-release-windows-ix86+x86_64 0.7.2 301.00 244.00 545.00 OK
r-oldrel-macos-x86_64 0.7.2 NOTE
r-oldrel-windows-ix86+x86_64 0.7.2 299.00 239.00 538.00 OK

Check Details

Version: 0.7.2
Check: installed package size
Result: NOTE
     installed size is 7.3Mb
     sub-directories of 1Mb or more:
     data 1.3Mb
     libs 5.3Mb
Flavors: r-devel-linux-x86_64-fedora-clang, r-release-macos-arm64, r-release-macos-x86_64, r-oldrel-macos-x86_64