Last updated on 2023-06-05 19:55:00 CEST.
Flavor | Version | Tinstall | Tcheck | Ttotal | Status | Flags |
---|---|---|---|---|---|---|
r-devel-linux-x86_64-debian-clang | 0.7.4 | 139.12 | 139.28 | 278.40 | OK | |
r-devel-linux-x86_64-debian-gcc | 0.7.4 | 100.17 | 102.34 | 202.51 | OK | |
r-devel-linux-x86_64-fedora-clang | 0.7.4 | 370.80 | OK | |||
r-devel-linux-x86_64-fedora-gcc | 0.7.4 | 369.64 | OK | |||
r-devel-windows-x86_64 | 0.7.4 | 99.00 | 139.00 | 238.00 | OK | |
r-patched-linux-x86_64 | 0.7.4 | 109.45 | 130.45 | 239.90 | OK | |
r-release-linux-x86_64 | 0.7.4 | 108.60 | 132.51 | 241.11 | OK | |
r-release-macos-arm64 | 0.7.4 | 95.00 | NOTE | |||
r-release-macos-x86_64 | 0.7.4 | 153.00 | NOTE | |||
r-release-windows-x86_64 | 0.7.4 | 132.00 | 175.00 | 307.00 | OK | |
r-oldrel-macos-arm64 | 0.7.4 | 75.00 | NOTE | |||
r-oldrel-macos-x86_64 | 0.7.4 | 115.00 | NOTE | |||
r-oldrel-windows-x86_64 | 0.7.4 | 126.00 | 167.00 | 293.00 | OK |
Version: 0.7.4
Check: installed package size
Result: NOTE
installed size is 7.1Mb
sub-directories of 1Mb or more:
data 1.3Mb
libs 5.1Mb
Flavors: r-release-macos-arm64, r-release-macos-x86_64, r-oldrel-macos-arm64, r-oldrel-macos-x86_64