CRAN Package Check Results for Package robust

Last updated on 2019-07-24 09:50:32 CEST.

Flavor Version Tinstall Tcheck Ttotal Status Flags
r-devel-linux-x86_64-debian-clang 0.4-18.1 21.29 75.56 96.85 OK
r-devel-linux-x86_64-debian-gcc 0.4-18.1 18.54 58.65 77.19 OK
r-devel-linux-x86_64-fedora-clang 0.4-18.1 119.70 OK
r-devel-linux-x86_64-fedora-gcc 0.4-18.1 134.92 OK
r-devel-windows-ix86+x86_64 0.4-18.1 54.00 165.00 219.00 OK
r-patched-linux-x86_64 0.4-18.1 21.67 74.68 96.35 OK
r-patched-solaris-x86 0.4-18.1 164.70 ERROR
r-release-linux-x86_64 0.4-18.1 20.82 78.81 99.63 OK
r-release-windows-ix86+x86_64 0.4-18.1 54.00 169.00 223.00 OK
r-release-osx-x86_64 0.4-18.1 OK
r-oldrel-windows-ix86+x86_64 0.4-18.1 67.00 108.00 175.00 OK
r-oldrel-osx-x86_64 0.4-18.1 OK

Check Details

Version: 0.4-18.1
Check: examples
Result: ERROR
    Running examples in ‘robust-Ex.R’ failed
    The error most likely occurred in:
    
    > ### Name: overlaidDenPlot.fdfm
    > ### Title: Overlaid Density Plot
    > ### Aliases: overlaidDenPlot.fdfm
    > ### Keywords: hplot
    >
    > ### ** Examples
    >
    > data(los, package="robustbase")
    > los.fm <- fit.models(c(Robust = "fitdstnRob", MLE = "fitdstn"),
    + x = los, densfun = "gamma")
    
     *** caught segfault ***
    address 10, cause 'memory not mapped'
    
    Traceback:
     1: Tabgamma(b1, b2, alpha1, alpha2, k, A, maxta, maxtc, maxit, til, tol)
     2: gammaRob(x, ...)
     3: fitdstnRob(x = los, densfun = "gamma")
     4: eval(model.call, sys.parent())
     5: eval(model.call, sys.parent())
     6: fit.models(c(Robust = "fitdstnRob", MLE = "fitdstn"), x = los, densfun = "gamma")
    An irrecoverable exception occurred. R is aborting now ...
Flavor: r-patched-solaris-x86