CRAN Package Check Results for Package robust

Last updated on 2020-12-03 21:47:52 CET.

Flavor Version Tinstall Tcheck Ttotal Status Flags
r-devel-linux-x86_64-debian-clang 0.5-0.0 23.47 88.59 112.06 OK
r-devel-linux-x86_64-debian-gcc 0.5-0.0 19.39 67.86 87.25 OK
r-devel-linux-x86_64-fedora-clang 0.5-0.0 143.16 OK
r-devel-linux-x86_64-fedora-gcc 0.5-0.0 134.84 OK
r-devel-windows-ix86+x86_64 0.5-0.0 56.00 113.00 169.00 OK
r-patched-linux-x86_64 0.5-0.0 24.15 86.90 111.05 OK
r-patched-solaris-x86 0.5-0.0 154.80 ERROR
r-release-linux-x86_64 0.5-0.0 21.52 83.19 104.71 OK
r-release-macos-x86_64 0.5-0.0 OK
r-release-windows-ix86+x86_64 0.5-0.0 45.00 149.00 194.00 OK
r-oldrel-macos-x86_64 0.5-0.0 OK
r-oldrel-windows-ix86+x86_64 0.5-0.0 56.00 148.00 204.00 OK

Check Details

Version: 0.5-0.0
Check: examples
Result: ERROR
    Running examples in ‘robust-Ex.R’ failed
    The error most likely occurred in:
    
    > ### Name: overlaidDenPlot.fdfm
    > ### Title: Overlaid Density Plot
    > ### Aliases: overlaidDenPlot.fdfm
    > ### Keywords: hplot
    >
    > ### ** Examples
    >
    > data(los, package="robustbase")
    > los.fm <- fit.models(c(Robust = "fitdstnRob", MLE = "fitdstn"),
    + x = los, densfun = "gamma")
    
     *** caught segfault ***
    address 4, cause 'memory not mapped'
    
    Traceback:
     1: Tabgamma(b1, b2, alpha1, alpha2, k, A, maxta, maxtc, maxit, til, tol)
     2: gammaRob(x, ...)
     3: fitdstnRob(x = los, densfun = "gamma")
     4: eval(model.call, sys.parent())
     5: eval(model.call, sys.parent())
     6: fit.models(c(Robust = "fitdstnRob", MLE = "fitdstn"), x = los, densfun = "gamma")
    An irrecoverable exception occurred. R is aborting now ...
Flavor: r-patched-solaris-x86