CRAN Package Check Results for Package robust

Last updated on 2019-12-06 06:50:35 CET.

Flavor Version Tinstall Tcheck Ttotal Status Flags
r-devel-linux-x86_64-debian-clang 0.4-18.1 23.38 82.91 106.29 OK
r-devel-linux-x86_64-debian-gcc 0.4-18.1 18.89 62.95 81.84 OK
r-devel-linux-x86_64-fedora-clang 0.4-18.1 120.70 OK
r-devel-linux-x86_64-fedora-gcc 0.4-18.1 119.19 OK
r-devel-windows-ix86+x86_64 0.4-18.1 47.00 155.00 202.00 OK
r-devel-windows-ix86+x86_64-gcc8 0.4-18.1 47.00 168.00 215.00 OK
r-patched-linux-x86_64 0.4-18.1 21.07 73.11 94.18 OK
r-patched-solaris-x86 0.4-18.1 165.70 ERROR
r-release-linux-x86_64 0.4-18.1 21.04 73.48 94.52 OK
r-release-windows-ix86+x86_64 0.4-18.1 72.00 126.00 198.00 OK
r-release-osx-x86_64 0.4-18.1 OK
r-oldrel-windows-ix86+x86_64 0.4-18.1 51.00 153.00 204.00 OK
r-oldrel-osx-x86_64 0.4-18.1 OK

Check Details

Version: 0.4-18.1
Check: examples
Result: ERROR
    Running examples in ‘robust-Ex.R’ failed
    The error most likely occurred in:
    
    > ### Name: overlaidDenPlot.fdfm
    > ### Title: Overlaid Density Plot
    > ### Aliases: overlaidDenPlot.fdfm
    > ### Keywords: hplot
    >
    > ### ** Examples
    >
    > data(los, package="robustbase")
    > los.fm <- fit.models(c(Robust = "fitdstnRob", MLE = "fitdstn"),
    + x = los, densfun = "gamma")
    
     *** caught segfault ***
    address 10, cause 'memory not mapped'
    
    Traceback:
     1: Tabgamma(b1, b2, alpha1, alpha2, k, A, maxta, maxtc, maxit, til, tol)
     2: gammaRob(x, ...)
     3: fitdstnRob(x = los, densfun = "gamma")
     4: eval(model.call, sys.parent())
     5: eval(model.call, sys.parent())
     6: fit.models(c(Robust = "fitdstnRob", MLE = "fitdstn"), x = los, densfun = "gamma")
    An irrecoverable exception occurred. R is aborting now ...
Flavor: r-patched-solaris-x86