CRAN Package Check Results for Package robservable

Last updated on 2021-10-18 21:55:12 CEST.

Flavor Version Tinstall Tcheck Ttotal Status Flags
r-devel-linux-x86_64-debian-clang 0.2.1 2.36 37.54 39.90 OK
r-devel-linux-x86_64-debian-gcc 0.2.1 2.10 29.34 31.44 OK
r-devel-linux-x86_64-fedora-clang 0.2.1 57.54 OK
r-devel-linux-x86_64-fedora-gcc 0.2.1 46.65 OK
r-devel-windows-x86_64 0.2.1 5.00 52.00 57.00 OK
r-devel-windows-x86_64-gcc10-UCRT 0.2.1 OK
r-patched-linux-x86_64 0.2.1 2.75 37.05 39.80 OK
r-patched-solaris-x86 0.2.1 60.40 OK
r-release-linux-x86_64 0.2.1 2.68 36.65 39.33 OK
r-release-macos-arm64 0.2.0 NOTE
r-release-macos-x86_64 0.2.1 OK
r-release-windows-ix86+x86_64 0.2.1 5.00 60.00 65.00 OK
r-oldrel-macos-x86_64 0.2.1 OK
r-oldrel-windows-ix86+x86_64 0.2.1 6.00 43.00 49.00 OK

Check Details

Version: 0.2.0
Check: LazyData
Result: NOTE
     'LazyData' is specified without a 'data' directory
Flavor: r-release-macos-arm64