CRAN Package Check Results for Package robregcc

Last updated on 2024-03-01 01:50:56 CET.

Flavor Version Tinstall Tcheck Ttotal Status Flags
r-devel-linux-x86_64-debian-clang 1.1 45.95 41.76 87.71 OK
r-devel-linux-x86_64-debian-gcc 1.1 43.27 32.03 75.30 OK
r-devel-linux-x86_64-fedora-clang 1.1 119.98 OK
r-devel-linux-x86_64-fedora-gcc 1.1 125.30 OK
r-devel-windows-x86_64 1.1 37.00 78.00 115.00 NOTE
r-patched-linux-x86_64 1.1 42.43 41.28 83.71 OK
r-release-linux-x86_64 1.1 45.61 41.42 87.03 OK
r-release-macos-arm64 1.1 38.00 NOTE
r-release-macos-x86_64 1.1 54.00 OK
r-release-windows-x86_64 1.1 34.00 85.00 119.00 NOTE
r-oldrel-macos-arm64 1.1 38.00 NOTE
r-oldrel-windows-x86_64 1.1 44.00 85.00 129.00 OK

Check Details

Version: 1.1
Check: C++ specification
Result: NOTE Specified C++11: please drop specification unless essential Flavors: r-devel-windows-x86_64, r-release-windows-x86_64

Version: 1.1
Check: installed package size
Result: NOTE installed size is 5.1Mb sub-directories of 1Mb or more: libs 4.7Mb Flavors: r-release-macos-arm64, r-oldrel-macos-arm64