CRAN Package Check Results for Package rnr

Last updated on 2021-06-25 02:52:08 CEST.

Flavor Version Tinstall Tcheck Ttotal Status Flags
r-devel-linux-x86_64-debian-clang 0.2.1 1.83 23.43 25.26 NOTE
r-devel-linux-x86_64-debian-gcc 0.2.1 1.61 18.20 19.81 NOTE
r-devel-linux-x86_64-fedora-clang 0.2.1 40.05 NOTE
r-devel-linux-x86_64-fedora-gcc 0.2.1 29.52 NOTE
r-devel-windows-x86_64 0.2.1 4.00 31.00 35.00 NOTE
r-devel-windows-x86_64-gcc10-UCRT 0.2.1 NOTE
r-patched-linux-x86_64 0.2.1 2.07 22.50 24.57 NOTE
r-patched-solaris-x86 0.2.1 46.10 NOTE
r-release-linux-x86_64 0.2.1 1.97 22.71 24.68 NOTE
r-release-macos-arm64 0.2.1 NOTE
r-release-macos-x86_64 0.2.1 NOTE
r-release-windows-ix86+x86_64 0.2.1 5.00 30.00 35.00 NOTE
r-oldrel-macos-x86_64 0.2.1 OK
r-oldrel-windows-ix86+x86_64 0.2.1 4.00 42.00 46.00 OK

Check Details

Version: 0.2.1
Check: LazyData
Result: NOTE
     'LazyData' is specified without a 'data' directory
Flavors: r-devel-linux-x86_64-debian-clang, r-devel-linux-x86_64-debian-gcc, r-devel-linux-x86_64-fedora-clang, r-devel-linux-x86_64-fedora-gcc, r-devel-windows-x86_64, r-devel-windows-x86_64-gcc10-UCRT, r-patched-linux-x86_64, r-patched-solaris-x86, r-release-linux-x86_64, r-release-macos-arm64, r-release-macos-x86_64, r-release-windows-ix86+x86_64