CRAN Package Check Results for Package rngtools

Last updated on 2019-03-21 20:48:33 CET.

Flavor Version Tinstall Tcheck Ttotal Status Flags
r-devel-linux-x86_64-debian-clang 1.3.1 1.98 26.44 28.42 ERROR
r-devel-linux-x86_64-debian-gcc 1.3.1 2.12 21.45 23.57 ERROR
r-devel-linux-x86_64-fedora-clang 1.3.1 44.12 ERROR
r-devel-linux-x86_64-fedora-gcc 1.3.1 40.10 ERROR
r-devel-windows-ix86+x86_64 1.3.1 10.00 56.00 66.00 ERROR
r-patched-linux-x86_64 1.3.1 1.64 24.88 26.52 OK
r-patched-solaris-x86 1.3.1 52.30 OK
r-release-linux-x86_64 1.3.1 1.88 24.85 26.73 OK
r-release-windows-ix86+x86_64 1.3.1 4.00 59.00 63.00 OK
r-release-osx-x86_64 1.3.1 OK
r-oldrel-windows-ix86+x86_64 1.3.1 5.00 68.00 73.00 OK
r-oldrel-osx-x86_64 1.3.1 OK

Check Details

Version: 1.3.1
Check: tests
Result: ERROR
     Running 'testthat.R' [1s/2s]
    Running the tests in 'tests/testthat.R' failed.
    Complete output:
     > library(testthat)
     > library(rngtools)
     Loading required package: pkgmaker
     Loading required package: registry
    
     Attaching package: 'pkgmaker'
    
     The following object is masked from 'package:base':
    
     isFALSE
    
     >
     > test_check("rngtools")
     -- 1. Failure: RNGtype (@test-format.R#100) -----------------------------------
     length(d) not identical to `expL`.
     1/1 mismatches
     [1] 3 - 2 == 1
     MISSING : result has correct length ( [ 2 ) ]
    
     -- 2. Failure: RNGtype (@test-format.R#101) -----------------------------------
     length(d) not identical to `expL`.
     1/1 mismatches
     [1] 3 - 2 == 1
     numeric(1) : result has correct length ( [ 2 ) Valid single numeric seed ]
    
     -- 3. Failure: RNGtype (@test-format.R#102) -----------------------------------
     length(d) not identical to `expL`.
     1/1 mismatches
     [1] 3 - 2 == 1
     integer(3) : result has correct length ( [ 2 ) Valid seed ]
    
     -- 4. Failure: RNGtype (@test-format.R#103) -----------------------------------
     length(d) not identical to `expL`.
     1/1 mismatches
     [1] 3 - 2 == 1
     integer(1) : result has correct length ( [ 2 ) Valid encoded kind ]
    
     -- 5. Failure: RNGtype (@test-format.R#106) -----------------------------------
     length(d) not identical to `expL`.
     1/1 mismatches
     [1] 3 - 2 == 1
     list(2) : result has correct length ( [ 2 ) list with rng slot ]
    
     == testthat results ===========================================================
     OK: 225 SKIPPED: 0 FAILED: 5
     1. Failure: RNGtype (@test-format.R#100)
     2. Failure: RNGtype (@test-format.R#101)
     3. Failure: RNGtype (@test-format.R#102)
     4. Failure: RNGtype (@test-format.R#103)
     5. Failure: RNGtype (@test-format.R#106)
    
     Error: testthat unit tests failed
     Execution halted
Flavor: r-devel-linux-x86_64-debian-clang

Version: 1.3.1
Check: tests
Result: ERROR
     Running ‘testthat.R’ [1s/2s]
    Running the tests in ‘tests/testthat.R’ failed.
    Complete output:
     > library(testthat)
     > library(rngtools)
     Loading required package: pkgmaker
     Loading required package: registry
    
     Attaching package: 'pkgmaker'
    
     The following object is masked from 'package:base':
    
     isFALSE
    
     >
     > test_check("rngtools")
     ── 1. Failure: RNGtype (@test-format.R#100) ───────────────────────────────────
     length(d) not identical to `expL`.
     1/1 mismatches
     [1] 3 - 2 == 1
     MISSING : result has correct length ( [ 2 ) ]
    
     ── 2. Failure: RNGtype (@test-format.R#101) ───────────────────────────────────
     length(d) not identical to `expL`.
     1/1 mismatches
     [1] 3 - 2 == 1
     numeric(1) : result has correct length ( [ 2 ) Valid single numeric seed ]
    
     ── 3. Failure: RNGtype (@test-format.R#102) ───────────────────────────────────
     length(d) not identical to `expL`.
     1/1 mismatches
     [1] 3 - 2 == 1
     integer(3) : result has correct length ( [ 2 ) Valid seed ]
    
     ── 4. Failure: RNGtype (@test-format.R#103) ───────────────────────────────────
     length(d) not identical to `expL`.
     1/1 mismatches
     [1] 3 - 2 == 1
     integer(1) : result has correct length ( [ 2 ) Valid encoded kind ]
    
     ── 5. Failure: RNGtype (@test-format.R#106) ───────────────────────────────────
     length(d) not identical to `expL`.
     1/1 mismatches
     [1] 3 - 2 == 1
     list(2) : result has correct length ( [ 2 ) list with rng slot ]
    
     ══ testthat results ═══════════════════════════════════════════════════════════
     OK: 225 SKIPPED: 0 FAILED: 5
     1. Failure: RNGtype (@test-format.R#100)
     2. Failure: RNGtype (@test-format.R#101)
     3. Failure: RNGtype (@test-format.R#102)
     4. Failure: RNGtype (@test-format.R#103)
     5. Failure: RNGtype (@test-format.R#106)
    
     Error: testthat unit tests failed
     Execution halted
Flavor: r-devel-linux-x86_64-debian-gcc

Version: 1.3.1
Check: tests
Result: ERROR
     Running ‘testthat.R’
    Running the tests in ‘tests/testthat.R’ failed.
    Complete output:
     > library(testthat)
     > library(rngtools)
     Loading required package: pkgmaker
     Loading required package: registry
    
     Attaching package: 'pkgmaker'
    
     The following object is masked from 'package:base':
    
     isFALSE
    
     >
     > test_check("rngtools")
     ── 1. Failure: RNGtype (@test-format.R#100) ───────────────────────────────────
     length(d) not identical to `expL`.
     1/1 mismatches
     [1] 3 - 2 == 1
     MISSING : result has correct length ( [ 2 ) ]
    
     ── 2. Failure: RNGtype (@test-format.R#101) ───────────────────────────────────
     length(d) not identical to `expL`.
     1/1 mismatches
     [1] 3 - 2 == 1
     numeric(1) : result has correct length ( [ 2 ) Valid single numeric seed ]
    
     ── 3. Failure: RNGtype (@test-format.R#102) ───────────────────────────────────
     length(d) not identical to `expL`.
     1/1 mismatches
     [1] 3 - 2 == 1
     integer(3) : result has correct length ( [ 2 ) Valid seed ]
    
     ── 4. Failure: RNGtype (@test-format.R#103) ───────────────────────────────────
     length(d) not identical to `expL`.
     1/1 mismatches
     [1] 3 - 2 == 1
     integer(1) : result has correct length ( [ 2 ) Valid encoded kind ]
    
     ── 5. Failure: RNGtype (@test-format.R#106) ───────────────────────────────────
     length(d) not identical to `expL`.
     1/1 mismatches
     [1] 3 - 2 == 1
     list(2) : result has correct length ( [ 2 ) list with rng slot ]
    
     ══ testthat results ═══════════════════════════════════════════════════════════
     OK: 225 SKIPPED: 0 FAILED: 5
     1. Failure: RNGtype (@test-format.R#100)
     2. Failure: RNGtype (@test-format.R#101)
     3. Failure: RNGtype (@test-format.R#102)
     4. Failure: RNGtype (@test-format.R#103)
     5. Failure: RNGtype (@test-format.R#106)
    
     Error: testthat unit tests failed
     Execution halted
Flavors: r-devel-linux-x86_64-fedora-clang, r-devel-linux-x86_64-fedora-gcc

Version: 1.3.1
Check: tests
Result: ERROR
     Running 'testthat.R' [2s]
    Running the tests in 'tests/testthat.R' failed.
    Complete output:
     > library(testthat)
     > library(rngtools)
     Loading required package: pkgmaker
     Loading required package: registry
    
     Attaching package: 'pkgmaker'
    
     The following object is masked from 'package:base':
    
     isFALSE
    
     >
     > test_check("rngtools")
     -- 1. Failure: RNGtype (@test-format.R#100) -----------------------------------
     length(d) not identical to `expL`.
     1/1 mismatches
     [1] 3 - 2 == 1
     MISSING : result has correct length ( [ 2 ) ]
    
     -- 2. Failure: RNGtype (@test-format.R#101) -----------------------------------
     length(d) not identical to `expL`.
     1/1 mismatches
     [1] 3 - 2 == 1
     numeric(1) : result has correct length ( [ 2 ) Valid single numeric seed ]
    
     -- 3. Failure: RNGtype (@test-format.R#102) -----------------------------------
     length(d) not identical to `expL`.
     1/1 mismatches
     [1] 3 - 2 == 1
     integer(3) : result has correct length ( [ 2 ) Valid seed ]
    
     -- 4. Failure: RNGtype (@test-format.R#103) -----------------------------------
     length(d) not identical to `expL`.
     1/1 mismatches
     [1] 3 - 2 == 1
     integer(1) : result has correct length ( [ 2 ) Valid encoded kind ]
    
     -- 5. Failure: RNGtype (@test-format.R#106) -----------------------------------
     length(d) not identical to `expL`.
     1/1 mismatches
     [1] 3 - 2 == 1
     list(2) : result has correct length ( [ 2 ) list with rng slot ]
    
     == testthat results ===========================================================
     OK: 225 SKIPPED: 0 FAILED: 5
     1. Failure: RNGtype (@test-format.R#100)
     2. Failure: RNGtype (@test-format.R#101)
     3. Failure: RNGtype (@test-format.R#102)
     4. Failure: RNGtype (@test-format.R#103)
     5. Failure: RNGtype (@test-format.R#106)
    
     Error: testthat unit tests failed
     Execution halted
Flavor: r-devel-windows-ix86+x86_64