CRAN Package Check Results for Package rngtools

Last updated on 2019-05-22 13:47:32 CEST.

Flavor Version Tinstall Tcheck Ttotal Status Flags
r-devel-linux-x86_64-debian-clang 1.3.1.1 2.23 25.93 28.16 OK
r-devel-linux-x86_64-debian-gcc 1.3.1.1 2.07 21.41 23.48 OK
r-devel-linux-x86_64-fedora-clang 1.3.1.1 44.08 OK
r-devel-linux-x86_64-fedora-gcc 1.3.1.1 42.30 OK
r-devel-windows-ix86+x86_64 1.3.1.1 5.00 58.00 63.00 OK
r-patched-linux-x86_64 1.3.1.1 2.48 26.22 28.70 OK
r-patched-solaris-x86 1.3.1.1 63.00 OK
r-release-linux-x86_64 1.3.1.1 2.71 26.13 28.84 OK
r-release-windows-ix86+x86_64 1.3.1.1 7.00 59.00 66.00 OK
r-release-osx-x86_64 1.3.1.1 OK
r-oldrel-windows-ix86+x86_64 1.3.1 5.00 61.00 66.00 OK
r-oldrel-osx-x86_64 1.3.1.1 ERROR

Check Details

Version: 1.3.1.1
Check: whether package can be installed
Result: ERROR
    Installation failed.
Flavor: r-oldrel-osx-x86_64