CRAN Package Check Results for Package rnetcarto

Last updated on 2019-04-20 15:52:20 CEST.

Flavor Version Tinstall Tcheck Ttotal Status Flags
r-devel-linux-x86_64-debian-clang 0.2.4 3.93 23.78 27.71 OK
r-devel-linux-x86_64-debian-gcc 0.2.4 3.91 22.93 26.84 OK
r-devel-linux-x86_64-fedora-clang 0.2.4 34.26 NOTE
r-devel-linux-x86_64-fedora-gcc 0.2.4 32.59 NOTE
r-devel-windows-ix86+x86_64 0.2.4 15.00 64.00 79.00 OK
r-patched-linux-x86_64 0.2.4 3.52 24.16 27.68 OK
r-patched-solaris-x86 0.2.4 50.10 OK
r-release-linux-x86_64 0.2.4 3.00 20.74 23.74 OK
r-release-windows-ix86+x86_64 0.2.4 10.00 59.00 69.00 OK
r-release-osx-x86_64 0.2.4 OK
r-oldrel-windows-ix86+x86_64 0.2.4 9.00 54.00 63.00 OK
r-oldrel-osx-x86_64 0.2.4 OK

Check Details

Version: 0.2.4
Check: compiled code
Result: NOTE
    File ‘rnetcarto/libs/rnetcarto.so’:
     Found no calls to: ‘R_registerRoutines’, ‘R_useDynamicSymbols’
    
    It is good practice to register native routines and to disable symbol
    search.
    
    See ‘Writing portable packages’ in the ‘Writing R Extensions’ manual.
Flavors: r-devel-linux-x86_64-fedora-clang, r-devel-linux-x86_64-fedora-gcc