Last updated on 2023-06-06 13:59:50 CEST.
Flavor | Version | Tinstall | Tcheck | Ttotal | Status | Flags |
---|---|---|---|---|---|---|
r-devel-linux-x86_64-debian-clang | 0.2.6 | 5.35 | 28.21 | 33.56 | OK | |
r-devel-linux-x86_64-debian-gcc | 0.2.6 | 4.41 | 22.34 | 26.75 | OK | |
r-devel-linux-x86_64-fedora-clang | 0.2.6 | 44.33 | NOTE | |||
r-devel-linux-x86_64-fedora-gcc | 0.2.6 | 53.76 | NOTE | |||
r-devel-windows-x86_64 | 0.2.6 | 9.00 | 48.00 | 57.00 | OK | |
r-patched-linux-x86_64 | 0.2.6 | 5.38 | 27.79 | 33.17 | OK | |
r-release-linux-x86_64 | 0.2.6 | 4.61 | 27.25 | 31.86 | OK | |
r-release-macos-arm64 | 0.2.6 | 26.00 | OK | |||
r-release-macos-x86_64 | 0.2.6 | 46.00 | OK | |||
r-release-windows-x86_64 | 0.2.6 | 8.00 | 47.00 | 55.00 | OK | |
r-oldrel-macos-arm64 | 0.2.6 | 23.00 | OK | |||
r-oldrel-macos-x86_64 | 0.2.6 | 30.00 | OK | |||
r-oldrel-windows-x86_64 | 0.2.6 | 8.00 | 51.00 | 59.00 | OK |
Version: 0.2.6
Check: compiled code
Result: NOTE
File ‘rnetcarto/libs/rnetcarto.so’:
Found no calls to: ‘R_registerRoutines’, ‘R_useDynamicSymbols’
It is good practice to register native routines and to disable symbol
search.
See ‘Writing portable packages’ in the ‘Writing R Extensions’ manual.
Flavors: r-devel-linux-x86_64-fedora-clang, r-devel-linux-x86_64-fedora-gcc