Last updated on 2022-06-26 07:53:52 CEST.
Flavor | Version | Tinstall | Tcheck | Ttotal | Status | Flags |
---|---|---|---|---|---|---|
r-devel-linux-x86_64-debian-clang | 0.4-0 | 6.44 | 45.81 | 52.25 | NOTE | |
r-devel-linux-x86_64-debian-gcc | 0.4-0 | 4.71 | 36.15 | 40.86 | NOTE | |
r-devel-linux-x86_64-fedora-clang | 0.4-0 | 72.20 | NOTE | |||
r-devel-linux-x86_64-fedora-gcc | 0.4-0 | 72.47 | NOTE | |||
r-devel-windows-x86_64 | 0.4-0 | 36.00 | 70.00 | 106.00 | NOTE | |
r-patched-linux-x86_64 | 0.4-0 | 5.90 | 45.03 | 50.93 | OK | |
r-release-linux-x86_64 | 0.4-0 | 4.95 | 44.81 | 49.76 | OK | |
r-release-macos-arm64 | 0.4-0 | 21.00 | OK | |||
r-release-macos-x86_64 | 0.4-0 | 32.00 | OK | |||
r-release-windows-x86_64 | 0.4-0 | 29.00 | 78.00 | 107.00 | OK | |
r-oldrel-macos-arm64 | 0.4-0 | 25.00 | OK | |||
r-oldrel-macos-x86_64 | 0.4-0 | 45.00 | OK | |||
r-oldrel-windows-ix86+x86_64 | 0.4-0 | 12.00 | 65.00 | 77.00 | OK |
Version: 0.4-0
Check: Rd files
Result: NOTE
checkRd: (-1) NlistServersInCategory.Rd:11: Escaped LaTeX specials: \_
Flavors: r-devel-linux-x86_64-debian-clang, r-devel-linux-x86_64-debian-gcc, r-devel-linux-x86_64-fedora-clang, r-devel-linux-x86_64-fedora-gcc, r-devel-windows-x86_64