CRAN Package Check Results for Package rnaturalearthdata

Last updated on 2019-04-22 20:48:27 CEST.

Flavor Version Tinstall Tcheck Ttotal Status Flags
r-devel-linux-x86_64-debian-clang 0.1.0 7.44 26.80 34.24 OK
r-devel-linux-x86_64-debian-gcc 0.1.0 7.11 22.02 29.13 OK
r-devel-linux-x86_64-fedora-clang 0.1.0 42.63 NOTE
r-devel-linux-x86_64-fedora-gcc 0.1.0 41.49 NOTE
r-devel-windows-ix86+x86_64 0.1.0 17.00 35.00 52.00 OK
r-patched-linux-x86_64 0.1.0 8.76 27.04 35.80 OK
r-patched-solaris-x86 0.1.0 69.00 NOTE
r-release-linux-x86_64 0.1.0 6.71 25.79 32.50 OK
r-release-windows-ix86+x86_64 0.1.0 11.00 57.00 68.00 OK
r-release-osx-x86_64 0.1.0 NOTE
r-oldrel-windows-ix86+x86_64 0.1.0 10.00 53.00 63.00 OK
r-oldrel-osx-x86_64 0.1.0 NOTE

Check Details

Version: 0.1.0
Check: data for non-ASCII characters
Result: NOTE
     Note: found 133 marked Latin-1 strings
Flavors: r-devel-linux-x86_64-fedora-clang, r-devel-linux-x86_64-fedora-gcc, r-patched-solaris-x86, r-release-osx-x86_64, r-oldrel-osx-x86_64