CRAN Package Check Results for Package rnaturalearthdata

Last updated on 2019-07-24 09:50:32 CEST.

Flavor Version Tinstall Tcheck Ttotal Status Flags
r-devel-linux-x86_64-debian-clang 0.1.0 7.40 27.15 34.55 OK
r-devel-linux-x86_64-debian-gcc 0.1.0 6.82 22.01 28.83 OK
r-devel-linux-x86_64-fedora-clang 0.1.0 43.31 NOTE
r-devel-linux-x86_64-fedora-gcc 0.1.0 49.60 NOTE
r-devel-windows-ix86+x86_64 0.1.0 11.00 57.00 68.00 OK
r-patched-linux-x86_64 0.1.0 7.88 26.84 34.72 OK
r-patched-solaris-x86 0.1.0 72.30 NOTE
r-release-linux-x86_64 0.1.0 7.74 27.75 35.49 OK
r-release-windows-ix86+x86_64 0.1.0 12.00 64.00 76.00 OK
r-release-osx-x86_64 0.1.0 NOTE
r-oldrel-windows-ix86+x86_64 0.1.0 12.00 40.00 52.00 OK
r-oldrel-osx-x86_64 0.1.0 NOTE

Check Details

Version: 0.1.0
Check: data for non-ASCII characters
Result: NOTE
     Note: found 133 marked Latin-1 strings
Flavors: r-devel-linux-x86_64-fedora-clang, r-devel-linux-x86_64-fedora-gcc, r-patched-solaris-x86, r-release-osx-x86_64, r-oldrel-osx-x86_64