CRAN Package Check Results for Package rnaturalearthdata

Last updated on 2022-06-28 04:52:48 CEST.

Flavor Version Tinstall Tcheck Ttotal Status Flags
r-devel-linux-x86_64-debian-clang 0.1.0 8.61 33.15 41.76 OK
r-devel-linux-x86_64-debian-gcc 0.1.0 6.71 26.25 32.96 OK
r-devel-linux-x86_64-fedora-clang 0.1.0 62.08 NOTE
r-devel-linux-x86_64-fedora-gcc 0.1.0 62.10 NOTE
r-devel-windows-x86_64 0.1.0 28.00 57.00 85.00 OK
r-patched-linux-x86_64 0.1.0 7.60 32.81 40.41 OK
r-release-linux-x86_64 0.1.0 8.81 32.76 41.57 OK
r-release-macos-arm64 0.1.0 24.00 NOTE
r-release-macos-x86_64 0.1.0 30.00 NOTE
r-release-windows-x86_64 0.1.0 42.00 59.00 101.00 OK
r-oldrel-macos-arm64 0.1.0 27.00 NOTE
r-oldrel-macos-x86_64 0.1.0 39.00 NOTE
r-oldrel-windows-ix86+x86_64 0.1.0 15.00 57.00 72.00 OK

Check Details

Version: 0.1.0
Check: data for non-ASCII characters
Result: NOTE
     Note: found 133 marked Latin-1 strings
Flavors: r-devel-linux-x86_64-fedora-clang, r-devel-linux-x86_64-fedora-gcc, r-release-macos-arm64, r-release-macos-x86_64, r-oldrel-macos-arm64, r-oldrel-macos-x86_64