Last updated on 2022-06-26 02:51:21 CEST.
Flavor | Version | Tinstall | Tcheck | Ttotal | Status | Flags |
---|---|---|---|---|---|---|
r-devel-linux-x86_64-debian-clang | 0.1.0 | 5.60 | 90.80 | 96.40 | NOTE | |
r-devel-linux-x86_64-debian-gcc | 0.1.0 | 4.72 | 67.91 | 72.63 | NOTE | |
r-devel-linux-x86_64-fedora-clang | 0.1.0 | 123.34 | NOTE | |||
r-devel-linux-x86_64-fedora-gcc | 0.1.0 | 123.86 | NOTE | |||
r-devel-windows-x86_64 | 0.1.0 | 30.00 | 115.00 | 145.00 | NOTE | |
r-patched-linux-x86_64 | 0.1.0 | 5.84 | 85.30 | 91.14 | NOTE | |
r-release-linux-x86_64 | 0.1.0 | 5.45 | 84.67 | 90.12 | NOTE | |
r-release-macos-arm64 | 0.1.0 | 34.00 | NOTE | |||
r-release-macos-x86_64 | 0.1.0 | 51.00 | NOTE | |||
r-release-windows-x86_64 | 0.1.0 | 45.00 | 116.00 | 161.00 | NOTE | |
r-oldrel-macos-arm64 | 0.1.0 | 42.00 | NOTE | |||
r-oldrel-macos-x86_64 | 0.1.0 | 61.00 | NOTE | |||
r-oldrel-windows-ix86+x86_64 | 0.1.0 | 13.00 | 102.00 | 115.00 | NOTE |
Version: 0.1.0
Check: package dependencies
Result: NOTE
Package suggested but not available for checking: 'rnaturalearthhires'
Flavors: r-devel-linux-x86_64-debian-clang, r-devel-linux-x86_64-debian-gcc, r-devel-linux-x86_64-fedora-clang, r-devel-linux-x86_64-fedora-gcc, r-devel-windows-x86_64, r-patched-linux-x86_64, r-release-linux-x86_64, r-release-macos-arm64, r-release-macos-x86_64, r-release-windows-x86_64, r-oldrel-macos-arm64, r-oldrel-macos-x86_64, r-oldrel-windows-ix86+x86_64
Version: 0.1.0
Check: data for non-ASCII characters
Result: NOTE
Note: found 7 marked Latin-1 strings
Flavors: r-devel-linux-x86_64-fedora-clang, r-devel-linux-x86_64-fedora-gcc, r-release-macos-arm64, r-release-macos-x86_64, r-oldrel-macos-arm64, r-oldrel-macos-x86_64