Last updated on 2023-06-07 14:00:47 CEST.
Flavor | Version | Tinstall | Tcheck | Ttotal | Status | Flags |
---|---|---|---|---|---|---|
r-devel-linux-x86_64-debian-clang | 5.2.1-23 | 270.39 | 62.27 | 332.66 | NOTE | |
r-devel-linux-x86_64-debian-gcc | 5.2.1-23 | 221.55 | 46.88 | 268.43 | NOTE | |
r-devel-linux-x86_64-fedora-clang | 5.2.1-23 | 459.82 | NOTE | |||
r-devel-linux-x86_64-fedora-gcc | 5.2.1-23 | 521.33 | NOTE | |||
r-devel-windows-x86_64 | 5.2.1-23 | 255.00 | 101.00 | 356.00 | WARN | |
r-patched-linux-x86_64 | 5.2.1-23 | 227.87 | 57.33 | 285.20 | NOTE | |
r-release-linux-x86_64 | 5.2.1-23 | 217.79 | 56.89 | 274.68 | NOTE | |
r-release-macos-arm64 | 5.2.1-23 | 166.00 | NOTE | |||
r-release-macos-x86_64 | 5.2.1-23 | 282.00 | NOTE | |||
r-release-windows-x86_64 | 5.2.1-23 | 266.00 | 119.00 | 385.00 | WARN | |
r-oldrel-macos-arm64 | 5.2.1-23 | 224.00 | NOTE | |||
r-oldrel-macos-x86_64 | 5.2.1-23 | 181.00 | NOTE | |||
r-oldrel-windows-x86_64 | 5.2.1-23 | 331.00 | 105.00 | 436.00 | NOTE |
Version: 5.2.1-23
Check: for GNU extensions in Makefiles
Result: NOTE
GNU make is a SystemRequirements.
Flavors: r-devel-linux-x86_64-debian-clang, r-devel-linux-x86_64-debian-gcc, r-devel-linux-x86_64-fedora-clang, r-devel-linux-x86_64-fedora-gcc, r-devel-windows-x86_64, r-patched-linux-x86_64, r-release-linux-x86_64, r-release-macos-arm64, r-release-macos-x86_64, r-release-windows-x86_64, r-oldrel-macos-arm64, r-oldrel-macos-x86_64, r-oldrel-windows-x86_64
Version: 5.2.1-23
Check: whether package can be installed
Result: WARN
Found the following significant warnings:
common_stub.c:74:1: warning: function declaration isn't a prototype [-Wstrict-prototypes]
See 'd:/Rcompile/CRANpkg/local/4.4/rmumps.Rcheck/00install.out' for details.
* used C compiler: 'gcc.exe (GCC) 12.2.0'
* used C++ compiler: 'g++.exe (GCC) 12.2.0'
Flavor: r-devel-windows-x86_64
Version: 5.2.1-23
Check: installed package size
Result: NOTE
installed size is 12.8Mb
sub-directories of 1Mb or more:
libs 12.5Mb
Flavors: r-release-macos-arm64, r-release-macos-x86_64, r-oldrel-macos-arm64, r-oldrel-macos-x86_64
Version: 5.2.1-23
Check: whether package can be installed
Result: WARN
Found the following significant warnings:
common_stub.c:74:1: warning: function declaration isn't a prototype [-Wstrict-prototypes]
See 'd:/Rcompile/CRANpkg/local/4.3/rmumps.Rcheck/00install.out' for details.
* used C compiler: 'gcc.exe (GCC) 12.2.0'
* used C++ compiler: 'g++.exe (GCC) 12.2.0'
Flavor: r-release-windows-x86_64