CRAN Package Check Results for Package rmsb

Last updated on 2022-08-19 12:54:47 CEST.

Flavor Version Tinstall Tcheck Ttotal Status Flags
r-devel-linux-x86_64-debian-clang 0.1.0 362.48 190.42 552.90 NOTE
r-devel-linux-x86_64-debian-gcc 0.1.0 340.91 154.44 495.35 NOTE
r-devel-linux-x86_64-fedora-clang 0.1.0 679.00 NOTE
r-devel-linux-x86_64-fedora-gcc 0.1.0 799.39 NOTE
r-devel-windows-x86_64 0.1.0 624.00 253.00 877.00 NOTE
r-patched-linux-x86_64 0.1.0 343.96 199.39 543.35 NOTE
r-release-linux-x86_64 0.1.0 NOTE
r-release-macos-arm64 0.1.0 219.00 NOTE
r-release-macos-x86_64 0.1.0 324.00 NOTE
r-release-windows-x86_64 0.1.0 251.00 250.00 501.00 NOTE
r-oldrel-macos-arm64 0.1.0 171.00 NOTE
r-oldrel-macos-x86_64 0.1.0 245.00 NOTE
r-oldrel-windows-ix86+x86_64 0.1.0 806.00 308.00 1114.00 NOTE

Check Details

Version: 0.1.0
Check: for GNU extensions in Makefiles
Result: NOTE
    GNU make is a SystemRequirements.
Flavors: r-devel-linux-x86_64-debian-clang, r-devel-linux-x86_64-debian-gcc, r-devel-linux-x86_64-fedora-clang, r-devel-linux-x86_64-fedora-gcc, r-devel-windows-x86_64, r-patched-linux-x86_64, r-release-linux-x86_64, r-release-macos-arm64, r-release-macos-x86_64, r-release-windows-x86_64, r-oldrel-macos-arm64, r-oldrel-macos-x86_64, r-oldrel-windows-ix86+x86_64

Version: 0.1.0
Check: dependencies in R code
Result: NOTE
    Namespaces in Imports field not imported from:
     ‘RcppParallel’ ‘rstantools’
     All declared Imports should be used.
Flavors: r-devel-linux-x86_64-fedora-clang, r-devel-linux-x86_64-fedora-gcc, r-release-macos-arm64, r-release-macos-x86_64, r-oldrel-macos-arm64, r-oldrel-macos-x86_64

Version: 0.1.0
Check: Rd cross-references
Result: NOTE
    Undeclared package ‘coda’ in Rd xrefs
Flavor: r-devel-linux-x86_64-fedora-clang

Version: 0.1.0
Check: installed package size
Result: NOTE
     installed size is 53.3Mb
     sub-directories of 1Mb or more:
     libs 52.8Mb
Flavors: r-release-macos-arm64, r-release-macos-x86_64, r-oldrel-macos-arm64, r-oldrel-macos-x86_64, r-oldrel-windows-ix86+x86_64