CRAN Package Check Results for Package rmi

Last updated on 2021-06-25 01:50:00 CEST.

Flavor Version Tinstall Tcheck Ttotal Status Flags
r-devel-linux-x86_64-debian-clang 0.1.1 139.81 38.61 178.42 NOTE
r-devel-linux-x86_64-debian-gcc 0.1.1 90.05 28.44 118.49 NOTE
r-devel-linux-x86_64-fedora-clang 0.1.1 259.67 NOTE
r-devel-linux-x86_64-fedora-gcc 0.1.1 224.19 NOTE
r-devel-windows-x86_64 0.1.1 91.00 54.00 145.00 NOTE
r-devel-windows-x86_64-gcc10-UCRT 0.1.1 NOTE
r-patched-linux-x86_64 0.1.1 110.23 35.87 146.10 NOTE
r-patched-solaris-x86 0.1.1 225.00 NOTE
r-release-linux-x86_64 0.1.1 109.19 36.00 145.19 NOTE
r-release-macos-arm64 0.1.1 NOTE
r-release-macos-x86_64 0.1.1 NOTE
r-release-windows-ix86+x86_64 0.1.1 170.00 70.00 240.00 NOTE
r-oldrel-macos-x86_64 0.1.1 OK
r-oldrel-windows-ix86+x86_64 0.1.1 170.00 93.00 263.00 OK

Check Details

Version: 0.1.1
Check: LazyData
Result: NOTE
     'LazyData' is specified without a 'data' directory
Flavors: r-devel-linux-x86_64-debian-clang, r-devel-linux-x86_64-debian-gcc, r-devel-linux-x86_64-fedora-clang, r-devel-linux-x86_64-fedora-gcc, r-devel-windows-x86_64, r-devel-windows-x86_64-gcc10-UCRT, r-patched-linux-x86_64, r-patched-solaris-x86, r-release-linux-x86_64, r-release-macos-arm64, r-release-macos-x86_64, r-release-windows-ix86+x86_64