CRAN Package Check Results for Package rmgarch

Last updated on 2021-12-03 09:54:05 CET.

Flavor Version Tinstall Tcheck Ttotal Status Flags
r-devel-linux-x86_64-debian-clang 1.3-7 144.31 266.30 410.61 OK
r-devel-linux-x86_64-debian-gcc 1.3-7 115.70 197.48 313.18 OK
r-devel-linux-x86_64-fedora-clang 1.3-7 558.38 NOTE
r-devel-linux-x86_64-fedora-gcc 1.3-7 520.19 OK
r-devel-windows-x86_64-new-UL 1.3-7 225.00 337.00 562.00 OK
r-devel-windows-x86_64-new-TK 1.3-7 OK
r-devel-windows-x86_64-old 1.3-7 194.00 234.00 428.00 OK
r-patched-linux-x86_64 1.3-7 139.65 253.21 392.86 OK
r-patched-solaris-x86 1.3-7 539.70 OK
r-release-linux-x86_64 1.3-7 135.78 253.03 388.81 OK
r-release-macos-arm64 1.3-7 NOTE
r-release-macos-x86_64 1.3-7 NOTE
r-release-windows-ix86+x86_64 1.3-7 318.00 336.00 654.00 NOTE
r-oldrel-macos-x86_64 1.3-7 NOTE
r-oldrel-windows-ix86+x86_64 1.3-7 315.00 333.00 648.00 NOTE

Check Details

Version: 1.3-7
Check: installed package size
Result: NOTE
     installed size is 8.8Mb
     sub-directories of 1Mb or more:
     R 2.1Mb
     libs 5.7Mb
Flavors: r-devel-linux-x86_64-fedora-clang, r-release-macos-arm64, r-release-macos-x86_64, r-release-windows-ix86+x86_64, r-oldrel-macos-x86_64, r-oldrel-windows-ix86+x86_64