CRAN Package Check Results for Package rmd

Last updated on 2019-02-18 01:51:30 CET.

Flavor Version Tinstall Tcheck Ttotal Status Flags
r-devel-linux-x86_64-debian-clang 0.1.4 3.19 36.00 39.19 OK
r-devel-linux-x86_64-debian-gcc 0.1.4 2.18 29.20 31.38 OK
r-devel-linux-x86_64-fedora-clang 0.1.4 49.47 NOTE
r-devel-linux-x86_64-fedora-gcc 0.1.4 45.53 NOTE
r-devel-windows-ix86+x86_64 0.1.4 9.00 50.00 59.00 OK
r-patched-linux-x86_64 0.1.4 2.48 35.01 37.49 OK
r-patched-solaris-x86 0.1.4 70.40 NOTE
r-release-linux-x86_64 0.1.4 OK
r-release-windows-ix86+x86_64 0.1.4 8.00 78.00 86.00 OK
r-release-osx-x86_64 0.1.4 NOTE
r-oldrel-windows-ix86+x86_64 0.1.4 7.00 52.00 59.00 OK
r-oldrel-osx-x86_64 0.1.4 NOTE

Check Details

Version: 0.1.4
Check: dependencies in R code
Result: NOTE
    Namespaces in Imports field not imported from:
     ‘blogdown’ ‘bookdown’ ‘bookdownplus’ ‘citr’ ‘pagedown’ ‘rticles’
     ‘tinytex’ ‘xaringan’
     All declared Imports should be used.
Flavors: r-devel-linux-x86_64-fedora-clang, r-devel-linux-x86_64-fedora-gcc, r-patched-solaris-x86, r-release-osx-x86_64, r-oldrel-osx-x86_64