CRAN Package Check Results for Package rmd

Last updated on 2019-08-19 20:46:24 CEST.

Flavor Version Tinstall Tcheck Ttotal Status Flags
r-devel-linux-x86_64-debian-clang 0.1.4 4.82 35.81 40.63 OK
r-devel-linux-x86_64-debian-gcc 0.1.4 3.68 29.03 32.71 OK
r-devel-linux-x86_64-fedora-clang 0.1.4 49.90 NOTE
r-devel-linux-x86_64-fedora-gcc 0.1.4 49.32 NOTE
r-devel-windows-ix86+x86_64 0.1.4 24.00 65.00 89.00 OK
r-patched-linux-x86_64 0.1.4 4.63 36.33 40.96 OK
r-patched-solaris-x86 0.1.4 76.90 NOTE
r-release-linux-x86_64 0.1.4 3.90 35.96 39.86 OK
r-release-windows-ix86+x86_64 0.1.4 13.00 56.00 69.00 OK
r-release-osx-x86_64 0.1.4 NOTE
r-oldrel-windows-ix86+x86_64 0.1.4 16.00 82.00 98.00 OK
r-oldrel-osx-x86_64 0.1.4 NOTE

Check Details

Version: 0.1.4
Check: dependencies in R code
Result: NOTE
    Namespaces in Imports field not imported from:
     ‘blogdown’ ‘bookdown’ ‘bookdownplus’ ‘citr’ ‘pagedown’ ‘rticles’
     ‘tinytex’ ‘xaringan’
     All declared Imports should be used.
Flavors: r-devel-linux-x86_64-fedora-clang, r-devel-linux-x86_64-fedora-gcc, r-patched-solaris-x86, r-release-osx-x86_64, r-oldrel-osx-x86_64