CRAN Package Check Results for Package rmd

Last updated on 2019-04-24 16:53:16 CEST.

Flavor Version Tinstall Tcheck Ttotal Status Flags
r-devel-linux-x86_64-debian-clang 0.1.4 3.59 36.24 39.83 OK
r-devel-linux-x86_64-debian-gcc 0.1.4 3.09 29.42 32.51 OK
r-devel-linux-x86_64-fedora-clang 0.1.4 50.74 NOTE
r-devel-linux-x86_64-fedora-gcc 0.1.4 48.92 NOTE
r-devel-windows-ix86+x86_64 0.1.4 16.00 51.00 67.00 OK
r-patched-linux-x86_64 0.1.4 4.17 35.88 40.05 OK
r-patched-solaris-x86 0.1.4 78.50 NOTE
r-release-linux-x86_64 0.1.4 2.69 35.18 37.87 OK
r-release-windows-ix86+x86_64 0.1.4 7.00 80.00 87.00 OK
r-release-osx-x86_64 0.1.4 NOTE
r-oldrel-windows-ix86+x86_64 0.1.4 7.00 47.00 54.00 OK
r-oldrel-osx-x86_64 0.1.4 NOTE

Check Details

Version: 0.1.4
Check: dependencies in R code
Result: NOTE
    Namespaces in Imports field not imported from:
     ‘blogdown’ ‘bookdown’ ‘bookdownplus’ ‘citr’ ‘pagedown’ ‘rticles’
     ‘tinytex’ ‘xaringan’
     All declared Imports should be used.
Flavors: r-devel-linux-x86_64-fedora-clang, r-devel-linux-x86_64-fedora-gcc, r-patched-solaris-x86, r-release-osx-x86_64, r-oldrel-osx-x86_64