Last updated on 2023-12-10 06:50:37 CET.
Flavor | Version | Tinstall | Tcheck | Ttotal | Status | Flags |
---|---|---|---|---|---|---|
r-devel-linux-x86_64-debian-clang | 2.25 | 14.59 | 82.38 | 96.97 | NOTE | |
r-devel-linux-x86_64-debian-gcc | 2.25 | 10.59 | 62.12 | 72.71 | NOTE | |
r-devel-linux-x86_64-fedora-clang | 2.25 | 117.99 | NOTE | |||
r-devel-linux-x86_64-fedora-gcc | 2.25 | 123.15 | OK | |||
r-devel-windows-x86_64 | 2.25 | 14.00 | 91.00 | 105.00 | NOTE | |
r-patched-linux-x86_64 | 2.25 | 13.36 | 81.08 | 94.44 | OK | |
r-release-linux-x86_64 | 2.25 | 14.05 | 78.95 | 93.00 | OK | |
r-release-macos-arm64 | 2.25 | 52.00 | NOTE | |||
r-release-macos-x86_64 | 2.25 | 106.00 | NOTE | |||
r-release-windows-x86_64 | 2.25 | 17.00 | 101.00 | 118.00 | NOTE | |
r-oldrel-macos-arm64 | 2.25 | 44.00 | NOTE | |||
r-oldrel-macos-x86_64 | 2.25 | 52.00 | NOTE | |||
r-oldrel-windows-x86_64 | 2.25 | 17.00 | 95.00 | 112.00 | NOTE |
Version: 2.25
Check: Rd files
Result: NOTE
checkRd: (-1) ioslides_presentation.Rd:239: Lost braces in \itemize; meant \describe ?
checkRd: (-1) ioslides_presentation.Rd:240: Lost braces in \itemize; meant \describe ?
checkRd: (-1) ioslides_presentation.Rd:241: Lost braces in \itemize; meant \describe ?
checkRd: (-1) ioslides_presentation.Rd:242: Lost braces in \itemize; meant \describe ?
checkRd: (-1) ioslides_presentation.Rd:243: Lost braces in \itemize; meant \describe ?
Flavors: r-devel-linux-x86_64-debian-clang, r-devel-linux-x86_64-debian-gcc
Version: 2.25
Check: installed package size
Result: NOTE
installed size is 7.3Mb
sub-directories of 1Mb or more:
rmd 6.2Mb
Flavors: r-devel-linux-x86_64-fedora-clang, r-devel-windows-x86_64, r-release-macos-arm64, r-release-macos-x86_64, r-release-windows-x86_64, r-oldrel-macos-arm64, r-oldrel-macos-x86_64, r-oldrel-windows-x86_64