CRAN Package Check Results for Package rmarchingcubes

Last updated on 2023-03-25 00:49:25 CET.

Flavor Version Tinstall Tcheck Ttotal Status Flags
r-devel-linux-x86_64-debian-clang 0.1.3 37.98 51.27 89.25 NOTE
r-devel-linux-x86_64-debian-gcc 0.1.3 31.30 38.83 70.13 NOTE
r-devel-linux-x86_64-fedora-clang 0.1.3 137.20 NOTE
r-devel-linux-x86_64-fedora-gcc 0.1.3 126.57 NOTE
r-patched-linux-x86_64 0.1.3 33.01 50.06 83.07 OK
r-release-linux-x86_64 0.1.3 36.29 50.62 86.91 OK
r-release-macos-arm64 0.1.3 34.00 OK
r-release-macos-x86_64 0.1.3 46.00 OK
r-release-windows-x86_64 0.1.3 107.00 101.00 208.00 OK
r-oldrel-macos-arm64 0.1.3 34.00 OK
r-oldrel-macos-x86_64 0.1.3 45.00 OK
r-oldrel-windows-ix86+x86_64 0.1.3 111.00 133.00 244.00 OK

Check Details

Version: 0.1.3
Check: C++ specification
Result: NOTE
     Specified C++11: please drop specification unless essential
Flavors: r-devel-linux-x86_64-debian-clang, r-devel-linux-x86_64-debian-gcc, r-devel-linux-x86_64-fedora-clang, r-devel-linux-x86_64-fedora-gcc