CRAN Package Check Results for Package rmake

Last updated on 2021-06-23 03:50:47 CEST.

Flavor Version Tinstall Tcheck Ttotal Status Flags
r-devel-linux-x86_64-debian-clang 1.1.0 3.67 44.53 48.20 NOTE
r-devel-linux-x86_64-debian-gcc 1.1.0 3.10 34.54 37.64 NOTE
r-devel-linux-x86_64-fedora-clang 1.1.0 66.85 NOTE
r-devel-linux-x86_64-fedora-gcc 1.1.0 56.17 NOTE
r-devel-windows-x86_64 1.1.0 7.00 66.00 73.00 NOTE
r-devel-windows-x86_64-gcc10-UCRT 1.1.0 NOTE
r-patched-linux-x86_64 1.1.0 3.85 42.11 45.96 NOTE
r-patched-solaris-x86 1.1.0 91.70 NOTE
r-release-linux-x86_64 1.1.0 4.19 42.09 46.28 NOTE
r-release-macos-arm64 1.1.0 NOTE
r-release-macos-x86_64 1.1.0 NOTE
r-release-windows-ix86+x86_64 1.1.0 9.00 56.00 65.00 NOTE
r-oldrel-macos-x86_64 1.1.0 OK

Check Details

Version: 1.1.0
Check: LazyData
Result: NOTE
     'LazyData' is specified without a 'data' directory
Flavors: r-devel-linux-x86_64-debian-clang, r-devel-linux-x86_64-debian-gcc, r-devel-linux-x86_64-fedora-clang, r-devel-linux-x86_64-fedora-gcc, r-devel-windows-x86_64, r-devel-windows-x86_64-gcc10-UCRT, r-patched-linux-x86_64, r-patched-solaris-x86, r-release-linux-x86_64, r-release-macos-arm64, r-release-macos-x86_64, r-release-windows-ix86+x86_64