CRAN Package Check Results for Package rlang

Last updated on 2019-05-21 18:56:41 CEST.

Flavor Version Tinstall Tcheck Ttotal Status Flags
r-devel-linux-x86_64-debian-clang 0.3.4 10.98 82.60 93.58 OK
r-devel-linux-x86_64-debian-gcc 0.3.4 10.09 67.35 77.44 OK
r-devel-linux-x86_64-fedora-clang 0.3.4 120.53 OK
r-devel-linux-x86_64-fedora-gcc 0.3.4 112.46 OK
r-devel-windows-ix86+x86_64 0.3.4 40.00 189.00 229.00 ERROR
r-patched-linux-x86_64 0.3.4 9.72 86.83 96.55 OK
r-patched-solaris-x86 0.3.4 184.30 OK
r-release-linux-x86_64 0.3.4 9.39 86.23 95.62 OK
r-release-windows-ix86+x86_64 0.3.4 32.00 171.00 203.00 OK
r-release-osx-x86_64 0.3.4 OK
r-oldrel-windows-ix86+x86_64 0.3.4 30.00 122.00 152.00 OK
r-oldrel-osx-x86_64 0.3.4 OK

Additional issues

LTO

Check Details

Version: 0.3.4
Check: running tests for arch ‘i386’
Result: ERROR
     Running 'testthat.R' [24s]
    Running the tests in 'tests/testthat.R' failed.
    Complete output:
     > library("testthat")
     > library("rlang")
    
     Attaching package: 'rlang'
    
     The following objects are masked from 'package:testthat':
    
     is_false, is_null, is_true
    
     >
     > test_check("rlang")
     -- 1. Failure: can roundtrip symbols in non-UTF8 locale (@test-encoding.R#4) --
     as_string(sym(get_alien_lang_string())) not identical to get_alien_lang_string().
     1/1 mismatches
     x[1]: "??"
     y[1]: "??"
    
     -- 2. Failure: Unicode escapes are always converted to UTF8 characters in as_lis
     names(list) not identical to get_alien_lang_string().
     1/1 mismatches
     x[1]: "??"
     y[1]: "??"
    
     -- 3. Failure: Unicode escapes are always converted to UTF8 characters with env_
     env_names(env) not identical to get_alien_lang_string().
     1/1 mismatches
     x[1]: "??"
     y[1]: "??"
    
     -- 4. Failure: serialised unicode in `:=` LHS is unserialised (@test-quotation.R
     as_bytes(nms) not identical to as_bytes("?" ).
     Lengths (1, 3) differ (comparison on first 1 components)
     1 element mismatch
    
     == testthat results ===========================================================
     OK: 2449 SKIPPED: 34 WARNINGS: 21 FAILED: 4
     1. Failure: can roundtrip symbols in non-UTF8 locale (@test-encoding.R#4)
     2. Failure: Unicode escapes are always converted to UTF8 characters in as_list() (@test-encoding.R#20)
     3. Failure: Unicode escapes are always converted to UTF8 characters with env_names() (@test-encoding.R#29)
     4. Failure: serialised unicode in `:=` LHS is unserialised (@test-quotation.R#241)
    
     Error: testthat unit tests failed
     Execution halted
Flavor: r-devel-windows-ix86+x86_64

Version: 0.3.4
Check: running tests for arch ‘x64’
Result: ERROR
     Running 'testthat.R' [28s]
    Running the tests in 'tests/testthat.R' failed.
    Complete output:
     > library("testthat")
     > library("rlang")
    
     Attaching package: 'rlang'
    
     The following objects are masked from 'package:testthat':
    
     is_false, is_null, is_true
    
     >
     > test_check("rlang")
     -- 1. Failure: can roundtrip symbols in non-UTF8 locale (@test-encoding.R#4) --
     as_string(sym(get_alien_lang_string())) not identical to get_alien_lang_string().
     1/1 mismatches
     x[1]: "??"
     y[1]: "??"
    
     -- 2. Failure: Unicode escapes are always converted to UTF8 characters in as_lis
     names(list) not identical to get_alien_lang_string().
     1/1 mismatches
     x[1]: "??"
     y[1]: "??"
    
     -- 3. Failure: Unicode escapes are always converted to UTF8 characters with env_
     env_names(env) not identical to get_alien_lang_string().
     1/1 mismatches
     x[1]: "??"
     y[1]: "??"
    
     -- 4. Failure: serialised unicode in `:=` LHS is unserialised (@test-quotation.R
     as_bytes(nms) not identical to as_bytes("?" ).
     Lengths (1, 3) differ (comparison on first 1 components)
     1 element mismatch
    
     == testthat results ===========================================================
     OK: 2449 SKIPPED: 34 WARNINGS: 21 FAILED: 4
     1. Failure: can roundtrip symbols in non-UTF8 locale (@test-encoding.R#4)
     2. Failure: Unicode escapes are always converted to UTF8 characters in as_list() (@test-encoding.R#20)
     3. Failure: Unicode escapes are always converted to UTF8 characters with env_names() (@test-encoding.R#29)
     4. Failure: serialised unicode in `:=` LHS is unserialised (@test-quotation.R#241)
    
     Error: testthat unit tests failed
     Execution halted
Flavor: r-devel-windows-ix86+x86_64