CRAN Package Check Results for Package rlang

Last updated on 2021-06-18 20:48:33 CEST.

Flavor Version Tinstall Tcheck Ttotal Status Flags
r-devel-linux-x86_64-debian-clang 0.4.11 15.15 130.66 145.81 OK
r-devel-linux-x86_64-debian-gcc 0.4.11 11.02 97.04 108.06 OK
r-devel-linux-x86_64-fedora-clang 0.4.11 183.14 OK
r-devel-linux-x86_64-fedora-gcc 0.4.11 173.35 OK
r-devel-windows-x86_64 0.4.11 28.00 172.00 200.00 OK
r-devel-windows-x86_64-gcc10-UCRT 0.4.11 WARN
r-patched-linux-x86_64 0.4.11 19.87 128.45 148.32 OK
r-patched-solaris-x86 0.4.11 221.40 OK
r-release-linux-x86_64 0.4.11 14.84 124.72 139.56 OK
r-release-macos-arm64 0.4.11 FAIL
r-release-macos-x86_64 0.4.11 OK
r-release-windows-ix86+x86_64 0.4.11 50.00 230.00 280.00 OK
r-oldrel-macos-x86_64 0.4.11 OK
r-oldrel-windows-ix86+x86_64 0.4.11 35.00 237.00 272.00 OK

Check Details

Version: 0.4.11
Check: whether package can be installed
Result: WARN
    Found the following significant warnings:
     internal/hash.c:142:16: warning: too many arguments for format [-Wformat-extra-args]
Flavor: r-devel-windows-x86_64-gcc10-UCRT

Version: 0.4.11
Check: Rd cross-references
Result: FAIL
Flavor: r-release-macos-arm64