Last updated on 2025-01-23 16:48:35 CET.
Flavor | Version | Tinstall | Tcheck | Ttotal | Status | Flags |
---|---|---|---|---|---|---|
r-devel-linux-x86_64-debian-clang | 1.1.5 | 18.14 | 251.12 | 269.26 | NOTE | |
r-devel-linux-x86_64-debian-gcc | 1.1.5 | 15.46 | 156.80 | 172.26 | NOTE | |
r-devel-linux-x86_64-fedora-clang | 1.1.5 | 460.34 | NOTE | |||
r-devel-linux-x86_64-fedora-gcc | 1.1.5 | 411.63 | NOTE | |||
r-devel-windows-x86_64 | 1.1.5 | 31.00 | 269.00 | 300.00 | NOTE | |
r-patched-linux-x86_64 | 1.1.5 | 23.95 | 230.58 | 254.53 | OK | |
r-release-linux-x86_64 | 1.1.5 | 19.84 | 232.08 | 251.92 | OK | |
r-release-macos-arm64 | 1.1.4 | 117.00 | OK | |||
r-release-macos-x86_64 | 1.1.5 | 287.00 | OK | |||
r-release-windows-x86_64 | 1.1.5 | 35.00 | 253.00 | 288.00 | OK | |
r-oldrel-macos-arm64 | 1.1.4 | 119.00 | OK | |||
r-oldrel-macos-x86_64 | 1.1.4 | 350.00 | OK | |||
r-oldrel-windows-x86_64 | 1.1.5 | 37.00 | 330.00 | 367.00 | OK |
Version: 1.1.5
Check: compiled code
Result: NOTE
File ‘rlang/libs/rlang.so’:
Found non-API calls to R: ‘ENVFLAGS’, ‘FRAME’, ‘HASHTAB’, ‘LEVELS’,
‘NAMED’, ‘PRENV’, ‘PRVALUE’, ‘RDEBUG’, ‘R_PromiseExpr’,
‘Rf_findVarInFrame3’, ‘SETLENGTH’, ‘SET_BODY’, ‘SET_CLOENV’,
‘SET_ENCLOS’, ‘SET_ENVFLAGS’, ‘SET_FORMALS’, ‘SET_GROWABLE_BIT’,
‘SET_RDEBUG’, ‘SET_TRUELENGTH’, ‘SET_TYPEOF’, ‘STRING_PTR’,
‘XTRUELENGTH’
Compiled code should not call non-API entry points in R.
See ‘Writing portable packages’ in the ‘Writing R Extensions’ manual,
and section ‘Moving into C API compliance’ for issues with the use of
non-API entry points.
Flavors: r-devel-linux-x86_64-debian-clang, r-devel-linux-x86_64-debian-gcc, r-devel-linux-x86_64-fedora-clang, r-devel-linux-x86_64-fedora-gcc
Version: 1.1.5
Check: compiled code
Result: NOTE
File 'rlang/libs/x64/rlang.dll':
Found non-API calls to R: 'ENVFLAGS', 'FRAME', 'HASHTAB', 'LEVELS',
'NAMED', 'PRENV', 'PRVALUE', 'RDEBUG', 'R_PromiseExpr',
'Rf_findVarInFrame3', 'SETLENGTH', 'SET_BODY', 'SET_CLOENV',
'SET_ENCLOS', 'SET_ENVFLAGS', 'SET_FORMALS', 'SET_GROWABLE_BIT',
'SET_RDEBUG', 'SET_TRUELENGTH', 'SET_TYPEOF', 'STRING_PTR',
'XTRUELENGTH'
Compiled code should not call non-API entry points in R.
See 'Writing portable packages' in the 'Writing R Extensions' manual,
and section 'Moving into C API compliance' for issues with the use of
non-API entry points.
Flavor: r-devel-windows-x86_64