Last updated on 2023-10-02 05:06:48 CEST.
Flavor | Version | Tinstall | Tcheck | Ttotal | Status | Flags |
---|---|---|---|---|---|---|
r-devel-linux-x86_64-debian-clang | 1.0.0 | 78.27 | 28.39 | 106.66 | NOTE | |
r-devel-linux-x86_64-debian-gcc | 1.0.0 | 75.18 | 22.19 | 97.37 | NOTE | |
r-devel-linux-x86_64-fedora-clang | 1.0.0 | 146.96 | NOTE | |||
r-devel-linux-x86_64-fedora-gcc | 1.0.0 | 204.45 | NOTE | |||
r-devel-windows-x86_64 | 1.0.0 | 55.00 | 80.00 | 135.00 | NOTE | |
r-patched-linux-x86_64 | 1.0.0 | 87.87 | 27.40 | 115.27 | NOTE | |
r-release-linux-x86_64 | 1.0.0 | 89.82 | 27.56 | 117.38 | NOTE | |
r-release-macos-arm64 | 1.0.0 | 53.00 | NOTE | |||
r-release-macos-x86_64 | 1.0.0 | 79.00 | NOTE | |||
r-release-windows-x86_64 | 1.0.0 | 71.00 | 83.00 | 154.00 | NOTE | |
r-oldrel-macos-arm64 | 1.0.0 | 48.00 | NOTE | |||
r-oldrel-macos-x86_64 | 1.0.0 | 62.00 | NOTE | |||
r-oldrel-windows-x86_64 | 1.0.0 | 84.00 | 82.00 | 166.00 | NOTE |
Version: 1.0.0
Check: C++ specification
Result: NOTE
Specified C++11: please drop specification unless essential
Flavors: r-devel-linux-x86_64-debian-clang, r-devel-linux-x86_64-debian-gcc, r-devel-linux-x86_64-fedora-clang, r-devel-linux-x86_64-fedora-gcc, r-devel-windows-x86_64, r-patched-linux-x86_64, r-release-linux-x86_64, r-release-macos-arm64, r-release-macos-x86_64, r-release-windows-x86_64
Version: 1.0.0
Check: installed package size
Result: NOTE
installed size is 5.9Mb
sub-directories of 1Mb or more:
include 2.9Mb
libs 2.2Mb
Flavors: r-devel-linux-x86_64-fedora-clang, r-devel-windows-x86_64, r-release-macos-arm64, r-release-macos-x86_64, r-release-windows-x86_64, r-oldrel-macos-arm64, r-oldrel-macos-x86_64, r-oldrel-windows-x86_64