CRAN Package Check Results for Package rjpdmp

Last updated on 2021-12-03 03:55:43 CET.

Flavor Version Tinstall Tcheck Ttotal Status Flags
r-devel-linux-x86_64-debian-clang 1.0.0 64.16 56.11 120.27 OK
r-devel-linux-x86_64-debian-gcc 1.0.0 52.68 42.70 95.38 OK
r-devel-linux-x86_64-fedora-clang 1.0.0 171.67 OK
r-devel-linux-x86_64-fedora-gcc 1.0.0 158.34 OK
r-devel-windows-x86_64-new-UL 1.0.0 85.00 121.00 206.00 OK
r-devel-windows-x86_64-new-TK 1.0.0 OK
r-devel-windows-x86_64-old 1.0.0 83.00 82.00 165.00 OK
r-patched-linux-x86_64 1.0.0 58.74 53.83 112.57 OK
r-patched-solaris-x86 1.0.0 159.30 OK
r-release-linux-x86_64 1.0.0 57.73 54.75 112.48 OK
r-release-macos-arm64 1.0.0 NOTE
r-release-macos-x86_64 1.0.0 NOTE
r-release-windows-ix86+x86_64 1.0.0 161.00 141.00 302.00 OK
r-oldrel-macos-x86_64 1.0.0 NOTE
r-oldrel-windows-ix86+x86_64 1.0.0 156.00 133.00 289.00 OK

Check Details

Version: 1.0.0
Check: installed package size
Result: NOTE
     installed size is 7.0Mb
     sub-directories of 1Mb or more:
     libs 6.8Mb
Flavors: r-release-macos-arm64, r-release-macos-x86_64, r-oldrel-macos-x86_64