CRAN Package Check Results for Package rivernet

Last updated on 2022-09-24 21:51:12 CEST.

Flavor Version Tinstall Tcheck Ttotal Status Flags
r-devel-linux-x86_64-debian-clang 1.2.1 4.23 33.01 37.24 NOTE
r-devel-linux-x86_64-debian-gcc 1.2.1 3.34 24.96 28.30 NOTE
r-devel-linux-x86_64-fedora-clang 1.2.1 56.34 NOTE
r-devel-linux-x86_64-fedora-gcc 1.2.1 54.48 NOTE
r-devel-windows-x86_64 1.2.1 20.00 54.00 74.00 NOTE
r-patched-linux-x86_64 1.2.1 4.48 31.33 35.81 NOTE
r-release-linux-x86_64 1.2.1 3.41 31.34 34.75 NOTE
r-release-macos-arm64 1.2.1 15.00 NOTE
r-release-macos-x86_64 1.2.1 29.00 NOTE
r-release-windows-x86_64 1.2.1 10.00 48.00 58.00 NOTE
r-oldrel-macos-arm64 1.2.1 20.00 NOTE
r-oldrel-macos-x86_64 1.2.1 31.00 NOTE
r-oldrel-windows-ix86+x86_64 1.2.1 8.00 32.00 40.00 NOTE

Check Details

Version: 1.2.1
Check: LazyData
Result: NOTE
     'LazyData' is specified without a 'data' directory
Flavors: r-devel-linux-x86_64-debian-clang, r-devel-linux-x86_64-debian-gcc, r-devel-linux-x86_64-fedora-clang, r-devel-linux-x86_64-fedora-gcc, r-devel-windows-x86_64, r-patched-linux-x86_64, r-release-linux-x86_64, r-release-macos-arm64, r-release-macos-x86_64, r-release-windows-x86_64, r-oldrel-macos-arm64, r-oldrel-macos-x86_64, r-oldrel-windows-ix86+x86_64

Version: 1.2.1
Check: Rd cross-references
Result: NOTE
    Undeclared package ‘utility’ in Rd xrefs
Flavor: r-devel-linux-x86_64-fedora-clang

Version: 1.2.1
Check: Rd cross-references
Result: NOTE
    Package unavailable to check Rd xrefs: ‘utility’
Flavor: r-release-macos-x86_64