CRAN Package Check Results for Package riskRegression

Last updated on 2022-09-27 13:50:29 CEST.

Flavor Version Tinstall Tcheck Ttotal Status Flags
r-devel-linux-x86_64-debian-clang 2022.09.23 314.69 404.70 719.39 OK
r-devel-linux-x86_64-debian-gcc 2022.09.23 253.11 280.46 533.57 OK
r-devel-linux-x86_64-fedora-clang 2022.09.23 1006.74 OK
r-devel-linux-x86_64-fedora-gcc 2022.09.23 891.29 OK
r-devel-windows-x86_64 2022.09.13 490.00 443.00 933.00 OK
r-patched-linux-x86_64 2022.09.13 226.04 363.92 589.96 OK
r-release-linux-x86_64 2022.09.13 237.73 361.58 599.31 OK
r-release-macos-arm64 2022.09.23 160.00 NOTE
r-release-macos-x86_64 2022.09.13 277.00 NOTE
r-release-windows-x86_64 2022.09.23 259.00 295.00 554.00 OK
r-oldrel-macos-arm64 2022.09.23 197.00 NOTE
r-oldrel-macos-x86_64 2022.09.13 271.00 NOTE
r-oldrel-windows-ix86+x86_64 2022.09.23 480.00 420.00 900.00 OK

Check Details

Version: 2022.09.23
Check: installed package size
Result: NOTE
     installed size is 11.1Mb
     sub-directories of 1Mb or more:
     R 1.0Mb
     libs 9.6Mb
Flavors: r-release-macos-arm64, r-oldrel-macos-arm64

Version: 2022.09.13
Check: installed package size
Result: NOTE
     installed size is 10.8Mb
     sub-directories of 1Mb or more:
     R 1.0Mb
     libs 9.3Mb
Flavors: r-release-macos-x86_64, r-oldrel-macos-x86_64