Last updated on 2023-01-29 20:51:37 CET.
Flavor | Version | Tinstall | Tcheck | Ttotal | Status | Flags |
---|---|---|---|---|---|---|
r-devel-linux-x86_64-debian-clang | 2022.11.28 | 326.44 | 400.53 | 726.97 | OK | |
r-devel-linux-x86_64-debian-gcc | 2022.11.28 | 248.05 | 277.45 | 525.50 | OK | |
r-devel-linux-x86_64-fedora-clang | 2022.11.28 | 1017.01 | OK | |||
r-devel-linux-x86_64-fedora-gcc | 2022.11.28 | 943.68 | OK | |||
r-devel-windows-x86_64 | 2022.11.28 | 451.00 | 451.00 | 902.00 | NOTE | |
r-patched-linux-x86_64 | 2022.11.28 | 224.00 | 352.42 | 576.42 | OK | |
r-release-linux-x86_64 | 2022.11.28 | 241.73 | 349.93 | 591.66 | OK | |
r-release-macos-arm64 | 2022.11.28 | 194.00 | NOTE | |||
r-release-macos-x86_64 | 2022.11.28 | 261.00 | NOTE | |||
r-release-windows-x86_64 | 2022.11.28 | 511.00 | 413.00 | 924.00 | OK | |
r-oldrel-macos-arm64 | 2022.11.28 | 180.00 | NOTE | |||
r-oldrel-macos-x86_64 | 2022.11.28 | 255.00 | NOTE | |||
r-oldrel-windows-ix86+x86_64 | 2022.11.28 | 720.00 | 611.00 | 1331.00 | OK |
Version: 2022.11.28
Check: C++ specification
Result: NOTE
Specified C++11: please update to current default of C++17
Flavor: r-devel-windows-x86_64
Version: 2022.11.28
Check: installed package size
Result: NOTE
installed size is 10.9Mb
sub-directories of 1Mb or more:
R 1.0Mb
libs 9.4Mb
Flavors: r-release-macos-arm64, r-release-macos-x86_64, r-oldrel-macos-arm64, r-oldrel-macos-x86_64