Last updated on 2023-06-05 19:55:00 CEST.
Flavor | Version | Tinstall | Tcheck | Ttotal | Status | Flags |
---|---|---|---|---|---|---|
r-devel-linux-x86_64-debian-clang | 2023.03.22 | 308.04 | 395.22 | 703.26 | OK | |
r-devel-linux-x86_64-debian-gcc | 2023.03.22 | 239.02 | 279.43 | 518.45 | OK | |
r-devel-linux-x86_64-fedora-clang | 2023.03.22 | 977.73 | OK | |||
r-devel-linux-x86_64-fedora-gcc | 2023.03.22 | 919.77 | OK | |||
r-devel-windows-x86_64 | 2023.03.22 | 223.00 | 305.00 | 528.00 | OK | |
r-patched-linux-x86_64 | 2023.03.22 | 242.73 | 347.91 | 590.64 | OK | |
r-release-linux-x86_64 | 2023.03.22 | 235.04 | 355.03 | 590.07 | OK | |
r-release-macos-arm64 | 2023.03.22 | 217.00 | NOTE | |||
r-release-macos-x86_64 | 2023.03.22 | 376.00 | NOTE | |||
r-release-windows-x86_64 | 2023.03.22 | 291.00 | 389.00 | 680.00 | OK | |
r-oldrel-macos-arm64 | 2023.03.22 | 140.00 | NOTE | |||
r-oldrel-macos-x86_64 | 2023.03.22 | 251.00 | NOTE | |||
r-oldrel-windows-x86_64 | 2023.03.22 | 280.00 | 362.00 | 642.00 | OK |
Version: 2023.03.22
Check: package dependencies
Result: NOTE
Package suggested but not available for checking: ‘randomForestSRC’
Flavor: r-release-macos-arm64
Version: 2023.03.22
Check: installed package size
Result: NOTE
installed size is 10.7Mb
sub-directories of 1Mb or more:
R 1.0Mb
libs 9.2Mb
Flavors: r-release-macos-arm64, r-release-macos-x86_64, r-oldrel-macos-arm64, r-oldrel-macos-x86_64