Last updated on 2022-08-08 16:54:34 CEST.
Flavor | Version | Tinstall | Tcheck | Ttotal | Status | Flags |
---|---|---|---|---|---|---|
r-devel-linux-x86_64-debian-clang | 0.2.2 | 88.41 | 53.76 | 142.17 | OK | |
r-devel-linux-x86_64-debian-gcc | 0.2.2 | 72.20 | 43.59 | 115.79 | OK | |
r-devel-linux-x86_64-fedora-clang | 0.2.2 | 217.40 | NOTE | |||
r-devel-linux-x86_64-fedora-gcc | 0.2.2 | 199.57 | OK | |||
r-devel-windows-x86_64 | 0.2.2 | 160.00 | 99.00 | 259.00 | OK | |
r-patched-linux-x86_64 | 0.2.2 | 58.94 | 55.40 | 114.34 | OK | |
r-release-linux-x86_64 | 0.2.2 | OK | ||||
r-release-macos-arm64 | 0.2.2 | 54.00 | NOTE | |||
r-release-macos-x86_64 | 0.2.2 | 94.00 | NOTE | |||
r-release-windows-x86_64 | 0.2.2 | 209.00 | 106.00 | 315.00 | OK | |
r-oldrel-macos-arm64 | 0.2.2 | 65.00 | NOTE | |||
r-oldrel-macos-x86_64 | 0.2.2 | 71.00 | NOTE | |||
r-oldrel-windows-ix86+x86_64 | 0.2.2 | 209.00 | 117.00 | 326.00 | OK |
Version: 0.2.2
Check: installed package size
Result: NOTE
installed size is 22.5Mb
sub-directories of 1Mb or more:
doc 1.4Mb
libs 20.9Mb
Flavors: r-devel-linux-x86_64-fedora-clang, r-release-macos-arm64, r-release-macos-x86_64, r-oldrel-macos-arm64, r-oldrel-macos-x86_64