CRAN Package Check Results for Package riskParityPortfolio

Last updated on 2024-06-14 00:53:56 CEST.

Flavor Version Tinstall Tcheck Ttotal Status Flags
r-devel-linux-x86_64-debian-clang 0.2.2 107.22 58.62 165.84 NOTE
r-devel-linux-x86_64-debian-gcc 0.2.2 0.33 2.08 2.41 ERROR
r-devel-linux-x86_64-fedora-clang 0.2.2 221.10 NOTE
r-devel-linux-x86_64-fedora-gcc 0.2.2 255.45 NOTE
r-devel-windows-x86_64 0.2.2 76.00 81.00 157.00 NOTE
r-patched-linux-x86_64 0.2.2 74.94 63.04 137.98 NOTE
r-release-linux-x86_64 0.2.2 71.87 63.66 135.53 NOTE
r-release-macos-arm64 0.2.2 57.00 NOTE
r-release-macos-x86_64 0.2.2 74.00 NOTE
r-release-windows-x86_64 0.2.2 72.00 87.00 159.00 NOTE
r-oldrel-macos-arm64 0.2.2 65.00 NOTE
r-oldrel-macos-x86_64 0.2.2 94.00 NOTE
r-oldrel-windows-x86_64 0.2.2 93.00 97.00 190.00 OK

Check Details

Version: 0.2.2
Check: Rd files
Result: NOTE checkRd: (-1) riskParityPortfolio.Rd:163: Lost braces in \itemize; meant \describe ? checkRd: (-1) riskParityPortfolio.Rd:164: Lost braces in \itemize; meant \describe ? checkRd: (-1) riskParityPortfolio.Rd:165: Lost braces in \itemize; meant \describe ? checkRd: (-1) riskParityPortfolio.Rd:166: Lost braces in \itemize; meant \describe ? checkRd: (-1) riskParityPortfolio.Rd:167: Lost braces in \itemize; meant \describe ? checkRd: (-1) riskParityPortfolio.Rd:168: Lost braces in \itemize; meant \describe ? checkRd: (-1) riskParityPortfolio.Rd:169: Lost braces in \itemize; meant \describe ? checkRd: (-1) riskParityPortfolio.Rd:170: Lost braces in \itemize; meant \describe ? Flavors: r-devel-linux-x86_64-debian-clang, r-devel-linux-x86_64-fedora-clang, r-devel-linux-x86_64-fedora-gcc, r-devel-windows-x86_64, r-patched-linux-x86_64, r-release-linux-x86_64, r-release-macos-arm64, r-release-macos-x86_64, r-release-windows-x86_64

Version: 0.2.2
Check: package dependencies
Result: ERROR Package required but not available: ‘nloptr’ Packages suggested but not available for checking: 'ggplot2', 'portfolioBacktest', 'testthat' See section ‘The DESCRIPTION file’ in the ‘Writing R Extensions’ manual. Flavor: r-devel-linux-x86_64-debian-gcc

Version: 0.2.2
Check: installed package size
Result: NOTE installed size is 25.2Mb sub-directories of 1Mb or more: doc 1.4Mb libs 23.7Mb Flavors: r-release-macos-arm64, r-release-macos-x86_64, r-oldrel-macos-arm64, r-oldrel-macos-x86_64

Version: 0.2.2
Check: package dependencies
Result: NOTE Package suggested but not available for checking: ‘portfolioBacktest’ Flavor: r-oldrel-macos-x86_64