CRAN Package Check Results for Package riskCommunicator

Last updated on 2020-10-31 18:47:32 CET.

Flavor Version Tinstall Tcheck Ttotal Status Flags
r-devel-linux-x86_64-debian-clang 0.1.0 6.26 459.94 466.20 OK
r-devel-linux-x86_64-debian-gcc 0.1.0 4.82 334.47 339.29 OK
r-devel-linux-x86_64-fedora-clang 0.1.0 524.75 NOTE
r-devel-linux-x86_64-fedora-gcc 0.1.0 541.03 NOTE
r-devel-windows-ix86+x86_64 0.1.0 13.00 489.00 502.00 OK
r-patched-linux-x86_64 0.1.0 6.10 438.63 444.73 OK
r-patched-solaris-x86 0.1.0 764.40 NOTE
r-release-linux-x86_64 0.1.0 5.73 437.48 443.21 OK
r-release-macos-x86_64 0.1.0 NOTE
r-release-windows-ix86+x86_64 0.1.0 11.00 563.00 574.00 OK
r-oldrel-macos-x86_64 0.1.0 NOTE
r-oldrel-windows-ix86+x86_64 0.1.0 11.00 410.00 421.00 OK

Check Details

Version: 0.1.0
Check: dependencies in R code
Result: NOTE
    Namespace in Imports field not imported from: ‘tidyverse’
     All declared Imports should be used.
Flavors: r-devel-linux-x86_64-fedora-clang, r-devel-linux-x86_64-fedora-gcc, r-patched-solaris-x86, r-release-macos-x86_64, r-oldrel-macos-x86_64