Last updated on 2023-12-10 09:52:51 CET.
Flavor | Version | Tinstall | Tcheck | Ttotal | Status | Flags |
---|---|---|---|---|---|---|
r-devel-linux-x86_64-debian-clang | 0.2.0 | 2.43 | 33.20 | 35.63 | NOTE | |
r-devel-linux-x86_64-debian-gcc | 0.2.0 | 2.66 | 26.01 | 28.67 | NOTE | |
r-devel-linux-x86_64-fedora-clang | 0.2.0 | 47.69 | OK | |||
r-devel-linux-x86_64-fedora-gcc | 0.2.0 | 55.94 | OK | |||
r-devel-windows-x86_64 | 0.2.0 | 5.00 | 50.00 | 55.00 | OK | |
r-patched-linux-x86_64 | 0.2.0 | 2.47 | 32.81 | 35.28 | OK | |
r-release-linux-x86_64 | 0.2.0 | 2.16 | 32.52 | 34.68 | OK | |
r-release-macos-arm64 | 0.2.0 | 49.00 | OK | |||
r-release-macos-x86_64 | 0.2.0 | 76.00 | OK | |||
r-release-windows-x86_64 | 0.2.0 | 5.00 | 51.00 | 56.00 | OK | |
r-oldrel-macos-arm64 | 0.2.0 | 28.00 | OK | |||
r-oldrel-macos-x86_64 | 0.2.0 | 34.00 | OK | |||
r-oldrel-windows-x86_64 | 0.2.0 | 6.00 | 55.00 | 61.00 | OK |
Version: 0.2.0
Check: Rd files
Result: NOTE
checkRd: (-1) ipc_get_analyses.Rd:46: Lost braces; missing escapes or markup?
46 | available on the \strong{analyses/{id}/{period}} advanced API endpoint,
| ^
checkRd: (-1) ipc_get_analyses.Rd:46: Lost braces; missing escapes or markup?
46 | available on the \strong{analyses/{id}/{period}} advanced API endpoint,
| ^
checkRd: (-1) ipc_get_areas.Rd:50: Lost braces; missing escapes or markup?
50 | and period, available on the \strong{areas/{id}/{period}} advanced API endpoint,
| ^
checkRd: (-1) ipc_get_areas.Rd:50: Lost braces; missing escapes or markup?
50 | and period, available on the \strong{areas/{id}/{period}} advanced API endpoint,
| ^
checkRd: (-1) ipc_get_icons.Rd:49: Lost braces; missing escapes or markup?
49 | and period, available on the \strong{types/{id}/{period}} advanced API endpoint,
| ^
checkRd: (-1) ipc_get_icons.Rd:49: Lost braces; missing escapes or markup?
49 | and period, available on the \strong{types/{id}/{period}} advanced API endpoint,
| ^
checkRd: (-1) ipc_get_points.Rd:47: Lost braces; missing escapes or markup?
47 | and period, available on the \strong{types/{id}/{period}} advanced API endpoint,
| ^
checkRd: (-1) ipc_get_points.Rd:47: Lost braces; missing escapes or markup?
47 | and period, available on the \strong{types/{id}/{period}} advanced API endpoint,
| ^
checkRd: (-1) ipc_get_population.Rd:49: Lost braces; missing escapes or markup?
49 | analysis, available on the \strong{types/{id}} advanced API endpoint,
| ^
Flavors: r-devel-linux-x86_64-debian-clang, r-devel-linux-x86_64-debian-gcc