CRAN Package Check Results for Package rio

Last updated on 2019-06-24 11:56:40 CEST.

Flavor Version Tinstall Tcheck Ttotal Status Flags
r-devel-linux-x86_64-debian-clang 0.5.16 5.08 60.66 65.74 NOTE
r-devel-linux-x86_64-debian-gcc 0.5.16 4.22 46.99 51.21 NOTE
r-devel-linux-x86_64-fedora-clang 0.5.16 76.80 NOTE
r-devel-linux-x86_64-fedora-gcc 0.5.16 73.40 NOTE
r-devel-windows-ix86+x86_64 0.5.16 17.00 85.00 102.00 OK
r-patched-linux-x86_64 0.5.16 4.22 59.47 63.69 OK
r-patched-solaris-x86 0.5.16 113.00 OK
r-release-linux-x86_64 0.5.16 5.26 59.81 65.07 OK
r-release-windows-ix86+x86_64 0.5.16 11.00 131.00 142.00 OK
r-release-osx-x86_64 0.5.16 OK
r-oldrel-windows-ix86+x86_64 0.5.16 7.00 85.00 92.00 OK
r-oldrel-osx-x86_64 0.5.16 OK

Check Details

Version: 0.5.16
Check: for non-standard things in the check directory
Result: NOTE
    Found the following files/directories:
     'mtcars.txt'
Flavors: r-devel-linux-x86_64-debian-clang, r-devel-linux-x86_64-debian-gcc, r-devel-linux-x86_64-fedora-clang, r-devel-linux-x86_64-fedora-gcc