Last updated on 2022-05-24 15:52:56 CEST.
Flavor | Version | Tinstall | Tcheck | Ttotal | Status | Flags |
---|---|---|---|---|---|---|
r-devel-linux-x86_64-debian-clang | 0.1.3 | 5.05 | 48.55 | 53.60 | OK | |
r-devel-linux-x86_64-debian-gcc | 0.1.3 | 3.79 | 37.27 | 41.06 | OK | |
r-devel-linux-x86_64-fedora-clang | 0.1.3 | 66.33 | NOTE | |||
r-devel-linux-x86_64-fedora-gcc | 0.1.3 | 51.54 | NOTE | |||
r-devel-windows-x86_64 | 0.1.3 | 17.00 | 64.00 | 81.00 | OK | |
r-patched-linux-x86_64 | 0.1.3 | 3.26 | 45.95 | 49.21 | OK | |
r-release-linux-x86_64 | 0.1.3 | OK | ||||
r-release-macos-arm64 | 0.1.3 | 18.00 | NOTE | |||
r-release-macos-x86_64 | 0.1.3 | 34.00 | NOTE | |||
r-release-windows-x86_64 | 0.1.3 | 16.00 | 64.00 | 80.00 | OK | |
r-oldrel-macos-arm64 | 0.1.3 | 19.00 | NOTE | |||
r-oldrel-macos-x86_64 | 0.1.3 | 26.00 | NOTE | |||
r-oldrel-windows-ix86+x86_64 | 0.1.3 | 11.00 | 60.00 | 71.00 | OK |
Version: 0.1.3
Check: dependencies in R code
Result: NOTE
Namespace in Imports field not imported from: ‘lifecycle’
All declared Imports should be used.
Flavors: r-devel-linux-x86_64-fedora-clang, r-devel-linux-x86_64-fedora-gcc, r-release-macos-arm64, r-release-macos-x86_64, r-oldrel-macos-arm64, r-oldrel-macos-x86_64