CRAN Package Check Results for Package rijkspalette

Last updated on 2019-07-23 08:49:39 CEST.

Flavor Version Tinstall Tcheck Ttotal Status Flags
r-devel-linux-x86_64-debian-clang 1.0.1 1.65 19.23 20.88 OK
r-devel-linux-x86_64-debian-gcc 1.0.1 1.33 15.54 16.87 OK
r-devel-linux-x86_64-fedora-clang 1.0.1 30.19 NOTE
r-devel-linux-x86_64-fedora-gcc 1.0.1 26.13 NOTE
r-devel-windows-ix86+x86_64 1.0.1 5.00 47.00 52.00 OK
r-patched-linux-x86_64 1.0.1 1.75 19.00 20.75 OK
r-patched-solaris-x86 1.0.1 48.80 NOTE
r-release-linux-x86_64 1.0.1 1.56 18.97 20.53 OK
r-release-windows-ix86+x86_64 1.0.1 5.00 34.00 39.00 OK
r-release-osx-x86_64 1.0.1 NOTE
r-oldrel-windows-ix86+x86_64 1.0.1 4.00 30.00 34.00 OK
r-oldrel-osx-x86_64 1.0.1 NOTE

Check Details

Version: 1.0.1
Check: dependencies in R code
Result: NOTE
    Namespace in Imports field not imported from: ‘curl’
     All declared Imports should be used.
Flavors: r-devel-linux-x86_64-fedora-clang, r-devel-linux-x86_64-fedora-gcc, r-patched-solaris-x86, r-release-osx-x86_64, r-oldrel-osx-x86_64