CRAN Package Check Results for Package rijkspalette

Last updated on 2019-05-21 20:47:37 CEST.

Flavor Version Tinstall Tcheck Ttotal Status Flags
r-devel-linux-x86_64-debian-clang 1.0.1 1.51 18.69 20.20 OK
r-devel-linux-x86_64-debian-gcc 1.0.1 1.30 15.38 16.68 OK
r-devel-linux-x86_64-fedora-clang 1.0.1 25.36 NOTE
r-devel-linux-x86_64-fedora-gcc 1.0.1 23.62 NOTE
r-devel-windows-ix86+x86_64 1.0.1 4.00 46.00 50.00 OK
r-patched-linux-x86_64 1.0.1 1.43 18.78 20.21 OK
r-patched-solaris-x86 1.0.1 40.20 NOTE
r-release-linux-x86_64 1.0.1 1.49 18.80 20.29 OK
r-release-windows-ix86+x86_64 1.0.1 8.00 40.00 48.00 OK
r-release-osx-x86_64 1.0.1 NOTE
r-oldrel-windows-ix86+x86_64 1.0.1 2.00 30.00 32.00 OK
r-oldrel-osx-x86_64 1.0.1 NOTE

Check Details

Version: 1.0.1
Check: dependencies in R code
Result: NOTE
    Namespace in Imports field not imported from: ‘curl’
     All declared Imports should be used.
Flavors: r-devel-linux-x86_64-fedora-clang, r-devel-linux-x86_64-fedora-gcc, r-patched-solaris-x86, r-release-osx-x86_64, r-oldrel-osx-x86_64