CRAN Package Check Results for Package riingo

Last updated on 2022-06-27 08:50:10 CEST.

Flavor Version Tinstall Tcheck Ttotal Status Flags
r-devel-linux-x86_64-debian-clang 0.3.1 3.06 36.36 39.42 NOTE
r-devel-linux-x86_64-debian-gcc 0.3.1 3.49 28.50 31.99 NOTE
r-devel-linux-x86_64-fedora-clang 0.3.1 58.99 NOTE
r-devel-linux-x86_64-fedora-gcc 0.3.1 57.84 NOTE
r-devel-windows-x86_64 0.3.1 23.00 67.00 90.00 NOTE
r-patched-linux-x86_64 0.3.1 3.73 35.29 39.02 NOTE
r-release-linux-x86_64 0.3.1 4.39 35.30 39.69 NOTE
r-release-macos-arm64 0.3.1 17.00 NOTE
r-release-macos-x86_64 0.3.1 27.00 NOTE
r-release-windows-x86_64 0.3.1 27.00 67.00 94.00 NOTE
r-oldrel-macos-arm64 0.3.1 23.00 NOTE
r-oldrel-macos-x86_64 0.3.1 26.00 NOTE
r-oldrel-windows-ix86+x86_64 0.3.1 9.00 52.00 61.00 NOTE

Check Details

Version: 0.3.1
Check: LazyData
Result: NOTE
     'LazyData' is specified without a 'data' directory
Flavors: r-devel-linux-x86_64-debian-clang, r-devel-linux-x86_64-debian-gcc, r-devel-linux-x86_64-fedora-clang, r-devel-linux-x86_64-fedora-gcc, r-devel-windows-x86_64, r-patched-linux-x86_64, r-release-linux-x86_64, r-release-macos-arm64, r-release-macos-x86_64, r-release-windows-x86_64, r-oldrel-macos-arm64, r-oldrel-macos-x86_64, r-oldrel-windows-ix86+x86_64