CRAN Package Check Results for Package rigr

Last updated on 2024-02-29 17:22:32 CET.

Flavor Version Tinstall Tcheck Ttotal Status Flags
r-devel-linux-x86_64-debian-clang 1.0.4 9.56 106.05 115.61 NOTE
r-devel-linux-x86_64-debian-gcc 1.0.4 8.90 80.42 89.32 NOTE
r-devel-linux-x86_64-fedora-clang 1.0.4 142.15 NOTE
r-devel-linux-x86_64-fedora-gcc 1.0.4 150.34 NOTE
r-devel-windows-x86_64 1.0.4 10.00 98.00 108.00 OK
r-patched-linux-x86_64 1.0.4 13.89 102.19 116.08 OK
r-release-linux-x86_64 1.0.4 12.15 103.99 116.14 OK
r-release-macos-arm64 1.0.4 50.00 OK
r-release-macos-x86_64 1.0.4 81.00 OK
r-release-windows-x86_64 1.0.4 13.00 123.00 136.00 OK
r-oldrel-macos-arm64 1.0.4 38.00 OK
r-oldrel-windows-x86_64 1.0.4 13.00 119.00 132.00 OK

Check Details

Version: 1.0.4
Check: Rd files
Result: NOTE checkRd: (-1) descrip.Rd:122: Lost braces in \itemize; \value handles \item{}{} directly checkRd: (-1) descrip.Rd:123: Lost braces in \itemize; \value handles \item{}{} directly checkRd: (-1) descrip.Rd:124-125: Lost braces in \itemize; \value handles \item{}{} directly checkRd: (-1) descrip.Rd:126-128: Lost braces in \itemize; \value handles \item{}{} directly checkRd: (-1) descrip.Rd:129-133: Lost braces in \itemize; \value handles \item{}{} directly checkRd: (-1) descrip.Rd:134-135: Lost braces in \itemize; \value handles \item{}{} directly checkRd: (-1) descrip.Rd:136-138: Lost braces in \itemize; \value handles \item{}{} directly checkRd: (-1) descrip.Rd:139-140: Lost braces in \itemize; \value handles \item{}{} directly checkRd: (-1) descrip.Rd:141-144: Lost braces in \itemize; \value handles \item{}{} directly checkRd: (-1) descrip.Rd:145-146: Lost braces in \itemize; \value handles \item{}{} directly checkRd: (-1) descrip.Rd:147: Lost braces in \itemize; \value handles \item{}{} directly checkRd: (-1) descrip.Rd:148: Lost braces in \itemize; \value handles \item{}{} directly checkRd: (-1) descrip.Rd:149: Lost braces in \itemize; \value handles \item{}{} directly Flavors: r-devel-linux-x86_64-debian-clang, r-devel-linux-x86_64-debian-gcc, r-devel-linux-x86_64-fedora-clang, r-devel-linux-x86_64-fedora-gcc