CRAN Package Check Results for Package ridigbio

Last updated on 2021-06-25 01:50:00 CEST.

Flavor Version Tinstall Tcheck Ttotal Status Flags
r-devel-linux-x86_64-debian-clang 0.3.5 2.50 27.35 29.85 NOTE
r-devel-linux-x86_64-debian-gcc 0.3.5 1.93 21.14 23.07 NOTE
r-devel-linux-x86_64-fedora-clang 0.3.5 43.97 NOTE
r-devel-linux-x86_64-fedora-gcc 0.3.5 34.03 NOTE
r-devel-windows-x86_64 0.3.5 4.00 33.00 37.00 NOTE
r-devel-windows-x86_64-gcc10-UCRT 0.3.5 NOTE
r-patched-linux-x86_64 0.3.5 2.57 25.83 28.40 NOTE
r-patched-solaris-x86 0.3.5 51.60 NOTE
r-release-linux-x86_64 0.3.5 1.96 26.17 28.13 NOTE
r-release-macos-arm64 0.3.5 NOTE
r-release-macos-x86_64 0.3.5 NOTE
r-release-windows-ix86+x86_64 0.3.5 4.00 34.00 38.00 NOTE
r-oldrel-macos-x86_64 0.3.5 OK
r-oldrel-windows-ix86+x86_64 0.3.5 5.00 36.00 41.00 OK

Check Details

Version: 0.3.5
Check: LazyData
Result: NOTE
     'LazyData' is specified without a 'data' directory
Flavors: r-devel-linux-x86_64-debian-clang, r-devel-linux-x86_64-debian-gcc, r-devel-linux-x86_64-fedora-clang, r-devel-linux-x86_64-fedora-gcc, r-devel-windows-x86_64, r-devel-windows-x86_64-gcc10-UCRT, r-patched-linux-x86_64, r-patched-solaris-x86, r-release-linux-x86_64, r-release-macos-arm64, r-release-macos-x86_64, r-release-windows-ix86+x86_64