Last updated on 2023-05-30 21:58:52 CEST.
Flavor | Version | Tinstall | Tcheck | Ttotal | Status | Flags |
---|---|---|---|---|---|---|
r-devel-linux-x86_64-debian-clang | 1.0.1 | 54.93 | 489.81 | 544.74 | NOTE | |
r-devel-linux-x86_64-debian-gcc | 1.0.1 | 44.53 | 348.11 | 392.64 | NOTE | |
r-devel-linux-x86_64-fedora-clang | 1.0.1 | 694.34 | NOTE | |||
r-devel-linux-x86_64-fedora-gcc | 1.0.1 | 680.19 | NOTE | |||
r-devel-windows-x86_64 | 1.0.1 | 44.00 | 521.00 | 565.00 | NOTE | |
r-patched-linux-x86_64 | 1.0.1 | 52.03 | 477.34 | 529.37 | NOTE | |
r-release-linux-x86_64 | 1.0.1 | 48.02 | 466.77 | 514.79 | NOTE | |
r-release-macos-arm64 | 1.0.1 | 180.00 | NOTE | |||
r-release-macos-x86_64 | 1.0.1 | 325.00 | NOTE | |||
r-release-windows-x86_64 | 1.0.1 | 56.00 | 552.00 | 608.00 | NOTE | |
r-oldrel-macos-arm64 | 1.0.1 | 153.00 | OK | |||
r-oldrel-macos-x86_64 | 1.0.1 | 221.00 | OK | |||
r-oldrel-windows-x86_64 | 1.0.1 | 55.00 | 540.00 | 595.00 | OK |
Version: 1.0.1
Check: C++ specification
Result: NOTE
Specified C++11: please drop specification unless essential
Flavors: r-devel-linux-x86_64-debian-clang, r-devel-linux-x86_64-debian-gcc, r-devel-linux-x86_64-fedora-clang, r-devel-linux-x86_64-fedora-gcc, r-devel-windows-x86_64, r-patched-linux-x86_64, r-release-linux-x86_64, r-release-macos-arm64, r-release-macos-x86_64, r-release-windows-x86_64