Last updated on 2022-06-28 19:09:08 CEST.
Flavor | Version | Tinstall | Tcheck | Ttotal | Status | Flags |
---|---|---|---|---|---|---|
r-devel-linux-x86_64-debian-clang | 1.1.1 | 8.30 | 60.48 | 68.78 | NOTE | |
r-devel-linux-x86_64-debian-gcc | 1.1.1 | 7.29 | 46.69 | 53.98 | NOTE | |
r-devel-linux-x86_64-fedora-clang | 1.1.1 | 92.07 | NOTE | |||
r-devel-linux-x86_64-fedora-gcc | 1.1.1 | 109.67 | NOTE | |||
r-devel-windows-x86_64 | 1.1.1 | 41.00 | 93.00 | 134.00 | NOTE | |
r-patched-linux-x86_64 | 1.1.1 | 8.20 | 57.58 | 65.78 | NOTE | |
r-release-linux-x86_64 | 1.1.1 | 7.74 | 57.34 | 65.08 | NOTE | |
r-release-macos-arm64 | 1.1.1 | 51.00 | NOTE | |||
r-release-macos-x86_64 | 1.1.1 | 53.00 | NOTE | |||
r-release-windows-x86_64 | 1.1.1 | 37.00 | 92.00 | 129.00 | NOTE | |
r-oldrel-macos-arm64 | 1.1.1 | 43.00 | NOTE | |||
r-oldrel-macos-x86_64 | 1.1.1 | 92.00 | NOTE | |||
r-oldrel-windows-ix86+x86_64 | 1.1.1 | 17.00 | 84.00 | 101.00 | NOTE |
Version: 1.1.1
Check: LazyData
Result: NOTE
'LazyData' is specified without a 'data' directory
Flavors: r-devel-linux-x86_64-debian-clang, r-devel-linux-x86_64-debian-gcc, r-devel-linux-x86_64-fedora-clang, r-devel-linux-x86_64-fedora-gcc, r-devel-windows-x86_64, r-patched-linux-x86_64, r-release-linux-x86_64, r-release-macos-arm64, r-release-macos-x86_64, r-release-windows-x86_64, r-oldrel-macos-arm64, r-oldrel-macos-x86_64, r-oldrel-windows-ix86+x86_64