CRAN Package Check Results for Package rhosp

Last updated on 2022-08-11 03:52:17 CEST.

Flavor Version Tinstall Tcheck Ttotal Status Flags
r-devel-linux-x86_64-debian-clang 1.10 2.99 37.40 40.39 NOTE
r-devel-linux-x86_64-debian-gcc 1.10 3.06 28.48 31.54 NOTE
r-devel-linux-x86_64-fedora-clang 1.10 60.81 NOTE
r-devel-linux-x86_64-fedora-gcc 1.10 58.73 NOTE
r-devel-windows-x86_64 1.10 16.00 72.00 88.00 OK
r-patched-linux-x86_64 1.10 3.65 35.93 39.58 NOTE
r-release-linux-x86_64 1.10 NOTE
r-release-macos-arm64 1.10 18.00 OK
r-release-macos-x86_64 1.10 29.00 OK
r-release-windows-x86_64 1.10 10.00 69.00 79.00 OK
r-oldrel-macos-arm64 1.10 20.00 OK
r-oldrel-macos-x86_64 1.10 38.00 OK
r-oldrel-windows-ix86+x86_64 1.10 7.00 37.00 44.00 OK

Check Details

Version: 1.10
Check: for non-standard things in the check directory
Result: NOTE
    Found the following files/directories:
     'mydata.rda' 'thedata.rda'
Flavors: r-devel-linux-x86_64-debian-clang, r-devel-linux-x86_64-debian-gcc, r-devel-linux-x86_64-fedora-clang, r-devel-linux-x86_64-fedora-gcc, r-patched-linux-x86_64, r-release-linux-x86_64