Last updated on 2023-12-10 19:49:23 CET.
Flavor | Version | Tinstall | Tcheck | Ttotal | Status | Flags |
---|---|---|---|---|---|---|
r-devel-linux-x86_64-debian-clang | 0.9.1 | 5.57 | 46.59 | 52.16 | OK | |
r-devel-linux-x86_64-debian-gcc | 0.9.1 | 4.41 | 35.68 | 40.09 | OK | |
r-devel-linux-x86_64-fedora-clang | 0.9.1 | 64.52 | NOTE | |||
r-devel-linux-x86_64-fedora-gcc | 0.9.1 | 72.71 | NOTE | |||
r-devel-windows-x86_64 | 0.9.1 | 7.00 | 63.00 | 70.00 | OK | |
r-patched-linux-x86_64 | 0.9.1 | 14.01 | 44.52 | 58.53 | OK | |
r-release-linux-x86_64 | 0.9.1 | 3.34 | 44.64 | 47.98 | OK | |
r-release-macos-arm64 | 0.9.1 | 27.00 | OK | |||
r-release-macos-x86_64 | 0.9.1 | 47.00 | OK | |||
r-release-windows-x86_64 | 0.9.1 | 8.00 | 68.00 | 76.00 | OK | |
r-oldrel-macos-arm64 | 0.9.1 | 25.00 | OK | |||
r-oldrel-macos-x86_64 | 0.9.1 | 38.00 | OK | |||
r-oldrel-windows-x86_64 | 0.9.1 | 8.00 | 63.00 | 71.00 | OK |
Version: 0.9.1
Check: dependencies in R code
Result: NOTE
Namespaces in Imports field not imported from:
‘attempt’ ‘curl’ ‘knitr’
All declared Imports should be used.
Flavors: r-devel-linux-x86_64-fedora-clang, r-devel-linux-x86_64-fedora-gcc