CRAN Package Check Results for Package rgl2gltf

Last updated on 2022-08-20 05:01:34 CEST.

Flavor Version Tinstall Tcheck Ttotal Status Flags
r-devel-linux-x86_64-debian-clang 1.0.0 12.41 82.70 95.11 NOTE
r-devel-linux-x86_64-debian-gcc 1.0.0 8.88 61.82 70.70 NOTE
r-devel-linux-x86_64-fedora-clang 1.0.0 124.87 NOTE
r-devel-linux-x86_64-fedora-gcc 1.0.3 136.30 OK
r-devel-windows-x86_64 1.0.0 43.00 117.00 160.00 NOTE
r-patched-linux-x86_64 1.0.0 13.94 80.32 94.26 OK
r-release-linux-x86_64 1.0.0 OK
r-release-macos-arm64 1.0.0 41.00 OK
r-release-macos-x86_64 1.0.0 9.00 ERROR
r-release-windows-x86_64 1.0.0 67.00 121.00 188.00 OK
r-oldrel-macos-arm64 1.0.0 38.00 OK
r-oldrel-macos-x86_64 1.0.0 48.00 OK
r-oldrel-windows-ix86+x86_64 1.0.0 24.00 134.00 158.00 OK

Additional issues

rlibro

Check Details

Version: 1.0.0
Check: HTML version of manual
Result: NOTE
    Found the following HTML validation problems:
    Gltf.html:194:5: Warning: missing </span> before </li>
    Gltf.html:195:5: Warning: inserting implicit <span>
    Gltf.html:195:5: Warning: missing </span> before </li>
    Gltf.html:196:5: Warning: inserting implicit <span>
    Gltf.html:196:5: Warning: missing </span> before </li>
    Gltf.html:197:5: Warning: inserting implicit <span>
    Gltf.html:197:5: Warning: missing </span> before </li>
    Gltf.html:198:5: Warning: inserting implicit <span>
    Gltf.html:198:5: Warning: missing </span> before </li>
    Gltf.html:199:5: Warning: inserting implicit <span>
    Gltf.html:199:5: Warning: missing </span> before </li>
    Gltf.html:200:5: Warning: inserting implicit <span>
    Gltf.html:200:5: Warning: missing </span> before </li>
    Gltf.html:201:5: Warning: inserting implicit <span>
    Gltf.html:201:5: Warning: missing </span> before </li>
    Gltf.html:202:5: Warning: inserting implicit <span>
    Gltf.html:202:5: Warning: missing </span> before </li>
    Gltf.html:203:5: Warning: inserting implicit <span>
    Gltf.html:203:5: Warning: missing </span> before </li>
    Gltf.html:204:5: Warning: inserting implicit <span>
    Gltf.html:204:5: Warning: missing </span> before </li>
    Gltf.html:205:5: Warning: inserting implicit <span>
    Gltf.html:205:5: Warning: missing </span> before </li>
    Gltf.html:206:5: Warning: inserting implicit <span>
    Gltf.html:206:5: Warning: missing </span> before </li>
    Gltf.html:207:5: Warning: inserting implicit <span>
    Gltf.html:207:5: Warning: missing </span> before </li>
    Gltf.html:208:5: Warning: inserting implicit <span>
    Gltf.html:208:5: Warning: missing </span> before </li>
    Gltf.html:209:5: Warning: inserting implicit <span>
    Gltf.html:209:5: Warning: missing </span> before </li>
    Gltf.html:210:5: Warning: inserting implicit <span>
    Gltf.html:210:5: Warning: missing </span> before </li>
    Gltf.html:215:1: Warning: inserting implicit <span>
    Gltf.html:215:1: Warning: missing </span> before <h4>
    Gltf.html:219:5: Warning: inserting implicit <span>
    Gltf.html:223:5: Warning: inserting implicit <span>
    Gltf.html:225:16: Warning: inserting implicit <span>
    Gltf.html:225:16: Warning: missing </span> before <pre>
    Gltf.html:229:5: Warning: inserting implicit <span>
    Gltf.html:232:1: Warning: inserting implicit <span>
    Gltf.html:232:1: Warning: missing </span> before <dl>
    Gltf.html:234:5: Warning: inserting implicit <span>
    Gltf.html:234:31: Warning: inserting implicit <span>
    Gltf.html:234:31: Warning: missing </span> before <p>
    Gltf.html:234:34: Warning: inserting implicit <span>
    Gltf.html:236:5: Warning: inserting implicit <span>
    Gltf.html:236:37: Warning: inserting implicit <span>
    Gltf.html:236:37: Warning: missing </span> before <p>
    Gltf.html:236:40: Warning: inserting implicit <span>
    Gltf.html:244:1: Warning: inserting implicit <span>
    Gltf.html:244:1: Warning: missing </span> before <h4>
    Gltf.html:248:5: Warning: inserting implicit <span>
    Gltf.html:250:4: Warning: inserting implicit <span>
    Gltf.html:252:1: Warning: inserting implicit <span>
    Gltf.html:252:1: Warning: missing </span> before <p>
    Gltf.html:252:4: Warning: inserting implicit <span>
    Gltf.html:258:1: Warning: inserting implicit <span>
    Gltf.html:258:1: Warning: missing </span> before <p>
    Gltf.html:258:4: Warning: inserting implicit <span>
    Gltf.html:263:1: Warning: inserting implicit <span>
    Gltf.html:263:1: Warning: missing </span> before <h5>
    Gltf.html:263:5: Warning: inserting implicit <span>
    Gltf.html:265:16: Warning: inserting implicit <span>
    Gltf.html:265:16: Warning: missing </span> before <pre>
    Gltf.html:269:5: Warning: inserting implicit <span>
    Gltf.html:272:1: Warning: inserting implicit <span>
    Gltf.html:272:1: Warning: missing </span> before <dl>
    Gltf.html:274:5: Warning: inserting implicit <span>
    Gltf.html:274:33: Warning: inserting implicit <span>
    Gltf.html:274:33: Warning: missing </span> before <p>
    Gltf.html:274:36: Warning: inserting implicit <span>
    Gltf.html:276:5: Warning: inserting implicit <span>
    Gltf.html:276:33: Warning: inserting implicit <span>
    Gltf.html:276:33: Warning: missing </span> before <p>
    Gltf.html:276:36: Warning: inserting implicit <span>
    Gltf.html:278:5: Warning: inserting implicit <span>
    Gltf.html:278:32: Warning: inserting implicit <span>
    Gltf.html:278:32: Warning: missing </span> before <p>
    Gltf.html:278:35: Warning: inserting implicit <span>
    Gltf.html:280:5: Warning: inserting implicit <span>
    Gltf.html:280:37: Warning: inserting implicit <span>
    Gltf.html:280:37: Warning: missing </span> before <p>
    Gltf.html:280:40: Warning: inserting implicit <span>
    Gltf.html:289:5: Warning: inserting implicit <span>
    Gltf.html:291:4: Warning: inserting implicit <span>
    Gltf.html:295:1: Warning: inserting implicit <span>
    Gltf.html:295:1: Warning: missing </span> before <hr>
    Gltf.html:296:1: Warning: inserting implicit <span>
    Gltf.html:296:1: Warning: missing </span> before <h4>
    Gltf.html:300:5: Warning: inserting implicit <span>
    Gltf.html:302:4: Warning: inserting implicit <span>
    Gltf.html:306:1: Warning: inserting implicit <span>
    Gltf.html:306:1: Warning: missing </span> before <h5>
    Gltf.html:306:5: Warning: inserting implicit <span>
    Gltf.html:308:16: Warning: inserting implicit <span>
    Gltf.html:308:16: Warning: missing </span> before <pre>
    Gltf.html:312:5: Warning: inserting implicit <span>
    Gltf.html:315:1: Warning: inserting implicit <span>
    Gltf.html:315:1: Warning: missing </span> before <dl>
    Gltf.html:317:5: Warning: inserting implicit <span>
    Gltf.html:317:29: Warning: inserting implicit <span>
    Gltf.html:317:29: Warning: missing </span> before <p>
    Gltf.html:317:32: Warning: inserting implicit <span>
    Gltf.html:325:5: Warning: inserting implicit <span>
    Gltf.html:327:4: Warning: inserting implicit <span>
    Gltf.html:332:1: Warning: inserting implicit <span>
    Gltf.html:332:1: Warning: missing </span> before <hr>
    Gltf.html:333:1: Warning: inserting implicit <span>
    Gltf.html:333:1: Warning: missing </span> before <h4>
    Gltf.html:337:5: Warning: inserting implicit <span>
    Gltf.html:339:4: Warning: inserting implicit <span>
    Gltf.html:343:1: Warning: inserting implicit <span>
    Gltf.html:343:1: Warning: missing </span> before <h5>
    Gltf.html:343:5: Warning: inserting implicit <span>
    Gltf.html:345:16: Warning: inserting implicit <span>
    Gltf.html:345:16: Warning: missing </span> before <pre>
    Gltf.html:349:5: Warning: inserting implicit <span>
    Gltf.html:352:1: Warning: inserting implicit <span>
    Gltf.html:352:1: Warning: missing </span> before <dl>
    Gltf.html:354:5: Warning: inserting implicit <span>
    Gltf.html:354:29: Warning: inserting implicit <span>
    Gltf.html:354:29: Warning: missing </span> before <p>
    Gltf.html:354:32: Warning: inserting implicit <span>
    Gltf.html:356:5: Warning: inserting implicit <span>
    Gltf.html:356:32: Warning: inserting implicit <span>
    Gltf.html:356:32: Warning: missing </span> before <p>
    Gltf.html:356:35: Warning: inserting implicit <span>
    Gltf.html:364:1: Warning: inserting implicit <span>
    Gltf.html:364:1: Warning: missing </span> before <h4>
    Gltf.html:368:5: Warning: inserting implicit <span>
    Gltf.html:370:4: Warning: inserting implicit <span>
    Gltf.html:374:1: Warning: inserting implicit <span>
    Gltf.html:374:1: Warning: missing </span> before <h5>
    Gltf.html:374:5: Warning: inserting implicit <span>
    Gltf.html:376:16: Warning: inserting implicit <span>
    Gltf.html:376:16: Warning: missing </span> before <pre>
    Gltf.html:380:5: Warning: inserting implicit <span>
    Gltf.html:382:4: Warning: inserting implicit <span>
    Gltf.html:386:1: Warning: inserting implicit <span>
    Gltf.html:386:1: Warning: missing </span> before <hr>
    Gltf.html:387:1: Warning: inserting implicit <span>
    Gltf.html:387:1: Warning: missing </span> before <h4>
    Gltf.html:391:5: Warning: inserting implicit <span>
    Gltf.html:393:4: Warning: inserting implicit <span>
    Gltf.html:397:1: Warning: inserting implicit <span>
    Gltf.html:397:1: Warning: missing </span> before <h5>
    Gltf.html:397:5: Warning: inserting implicit <span>
    Gltf.html:399:16: Warning: inserting implicit <span>
    Gltf.html:399:16: Warning: missing </span> before <pre>
    Gltf.html:403:5: Warning: inserting implicit <span>
    Gltf.html:406:1: Warning: inserting implicit <span>
    Gltf.html:406:1: Warning: missing </span> before <dl>
    Gltf.html:408:5: Warning: inserting implicit <span>
    Gltf.html:408:32: Warning: inserting implicit <span>
    Gltf.html:408:32: Warning: missing </span> before <p>
    Gltf.html:408:35: Warning: inserting implicit <span>
    Gltf.html:410:5: Warning: inserting implicit <span>
    Gltf.html:410:31: Warning: inserting implicit <span>
    Gltf.html:410:31: Warning: missing </span> before <p>
    Gltf.html:410:34: Warning: inserting implicit <span>
    Gltf.html:418:1: Warning: inserting implicit <span>
    Gltf.html:418:1: Warning: missing </span> before <h4>
    Gltf.html:422:5: Warning: inserting implicit <span>
    Gltf.html:424:4: Warning: inserting implicit <span>
    Gltf.html:428:1: Warning: inserting implicit <span>
    Gltf.html:428:1: Warning: missing </span> before <h5>
    Gltf.html:428:5: Warning: inserting implicit <span>
    Gltf.html:430:16: Warning: inserting implicit <span>
    Gltf.html:430:16: Warning: missing </span> before <pre>
    Gltf.html:434:5: Warning: inserting implicit <span>
    Gltf.html:436:4: Warning: inserting implicit <span>
    Gltf.html:440:1: Warning: inserting implicit <span>
    Gltf.html:440:1: Warning: missing </span> before <hr>
    Gltf.html:441:1: Warning: inserting implicit <span>
    Gltf.html:441:1: Warning: missing </span> before <h4>
    Gltf.html:445:5: Warning: inserting implicit <span>
    Gltf.html:447:4: Warning: inserting implicit <span>
    Gltf.html:451:1: Warning: inserting implicit <span>
    Gltf.html:451:1: Warning: missing </span> before <h5>
    Gltf.html:451:5: Warning: inserting implicit <span>
    Gltf.html:453:16: Warning: inserting implicit <span>
    Gltf.html:453:16: Warning: missing </span> before <pre>
    Gltf.html:457:5: Warning: inserting implicit <span>
    Gltf.html:460:1: Warning: inserting implicit <span>
    Gltf.html:460:1: Warning: missing </span> before <dl>
    Gltf.html:462:5: Warning: inserting implicit <span>
    Gltf.html:462:28: Warning: inserting implicit <span>
    Gltf.html:462:28: Warning: missing </span> before <p>
    Gltf.html:462:31: Warning: inserting implicit <span>
    Gltf.html:470:5: Warning: inserting implicit <span>
    Gltf.html:472:4: Warning: inserting implicit <span>
    Gltf.html:477:1: Warning: inserting implicit <span>
    Gltf.html:477:1: Warning: missing </span> before <hr>
    Gltf.html:478:1: Warning: inserting implicit <span>
    Gltf.html:478:1: Warning: missing </span> before <h4>
    Gltf.html:482:5: Warning: inserting implicit <span>
    Gltf.html:484:4: Warning: inserting implicit <span>
    Gltf.html:488:1: Warning: inserting implicit <span>
    Gltf.html:488:1: Warning: missing </span> before <h5>
    Gltf.html:488:5: Warning: inserting implicit <span>
    Gltf.html:490:16: Warning: inserting implicit <span>
    Gltf.html:490:16: Warning: missing </span> before <pre>
    Gltf.html:494:5: Warning: inserting implicit <span>
    Gltf.html:497:1: Warning: inserting implicit <span>
    Gltf.html:497:1: Warning: missing </span> before <dl>
    Gltf.html:499:5: Warning: inserting implicit <span>
    Gltf.html:499:28: Warning: inserting implicit <span>
    Gltf.html:499:28: Warning: missing </span> before <p>
    Gltf.html:499:31: Warning: inserting implicit <span>
    Gltf.html:501:5: Warning: inserting implicit <span>
    Gltf.html:501:31: Warning: inserting implicit <span>
    Gltf.html:501:31: Warning: missing </span> before <p>
    Gltf.html:501:34: Warning: inserting implicit <span>
    Gltf.html:509:1: Warning: inserting implicit <span>
    Gltf.html:509:1: Warning: missing </span> before <h4>
    Gltf.html:513:5: Warning: inserting implicit <span>
    Gltf.html:515:4: Warning: inserting implicit <span>
    Gltf.html:519:1: Warning: inserting implicit <span>
    Gltf.html:519:1: Warning: missing </span> before <h5>
    Gltf.html:519:5: Warning: inserting implicit <span>
    Gltf.html:521:16: Warning: inserting implicit <span>
    Gltf.html:521:16: Warning: missing </span> before <pre>
    Gltf.html:525:5: Warning: inserting implicit <span>
    Gltf.html:528:1: Warning: inserting implicit <span>
    Gltf.html:528:1: Warning: missing </span> before <dl>
    Gltf.html:530:5: Warning: inserting implicit <span>
    Gltf.html:530:31: Warning: inserting implicit <span>
    Gltf.html:530:31: Warning: missing </span> before <p>
    Gltf.html:530:34: Warning: inserting implicit <span>
    Gltf.html:532:5: Warning: inserting implicit <span>
    Gltf.html:532:33: Warning: inserting implicit <span>
    Gltf.html:532:33: Warning: missing </span> before <p>
    Gltf.html:532:36: Warning: inserting implicit <span>
    Gltf.html:534:5: Warning: inserting implicit <span>
    Gltf.html:534:33: Warning: inserting implicit <span>
    Gltf.html:534:33: Warning: missing </span> before <p>
    Gltf.html:534:36: Warning: inserting implicit <span>
    Gltf.html:542:5: Warning: inserting implicit <span>
    Gltf.html:544:4: Warning: inserting implicit <span>
    Gltf.html:548:1: Warning: inserting implicit <span>
    Gltf.html:548:1: Warning: missing </span> before <hr>
    Gltf.html:549:1: Warning: inserting implicit <span>
    Gltf.html:549:1: Warning: missing </span> before <h4>
    Gltf.html:553:5: Warning: inserting implicit <span>
    Gltf.html:555:4: Warning: inserting implicit <span>
    Gltf.html:559:1: Warning: inserting implicit <span>
    Gltf.html:559:1: Warning: missing </span> before <h5>
    Gltf.html:559:5: Warning: inserting implicit <span>
    Gltf.html:561:16: Warning: inserting implicit <span>
    Gltf.html:561:16: Warning: missing </span> before <pre>
    Gltf.html:565:5: Warning: inserting implicit <span>
    Gltf.html:568:1: Warning: inserting implicit <span>
    Gltf.html:568:1: Warning: missing </span> before <dl>
    Gltf.html:570:5: Warning: inserting implicit <span>
    Gltf.html:570:33: Warning: inserting implicit <span>
    Gltf.html:570:33: Warning: missing </span> before <p>
    Gltf.html:570:36: Warning: inserting implicit <span>
    Gltf.html:572:5: Warning: inserting implicit <span>
    Gltf.html:572:31: Warning: inserting implicit <span>
    Gltf.html:572:31: Warning: missing </span> before <p>
    Gltf.html:572:34: Warning: inserting implicit <span>
    Gltf.html:580:1: Warning: inserting implicit <span>
    Gltf.html:580:1: Warning: missing </span> before <h4>
    Gltf.html:584:5: Warning: inserting implicit <span>
    Gltf.html:586:4: Warning: inserting implicit <span>
    Gltf.html:590:1: Warning: inserting implicit <span>
    Gltf.html:590:1: Warning: missing </span> before <h5>
    Gltf.html:590:5: Warning: inserting implicit <span>
    Gltf.html:592:16: Warning: inserting implicit <span>
    Gltf.html:592:16: Warning: missing </span> before <pre>
    Gltf.html:596:1: Warning: inserting implicit <span>
    Gltf.html:596:1: Warning: missing </span> before <h4>
    Gltf.html:600:5: Warning: inserting implicit <span>
    Gltf.html:602:4: Warning: inserting implicit <span>
    Gltf.html:606:1: Warning: inserting implicit <span>
    Gltf.html:606:1: Warning: missing </span> before <h5>
    Gltf.html:606:5: Warning: inserting implicit <span>
    Gltf.html:608:16: Warning: inserting implicit <span>
    Gltf.html:608:16: Warning: missing </span> before <pre>
    Gltf.html:612:5: Warning: inserting implicit <span>
    Gltf.html:615:1: Warning: inserting implicit <span>
    Gltf.html:615:1: Warning: missing </span> before <dl>
    Gltf.html:617:5: Warning: inserting implicit <span>
    Gltf.html:617:31: Warning: inserting implicit <span>
    Gltf.html:617:31: Warning: missing </span> before <p>
    Gltf.html:617:34: Warning: inserting implicit <span>
    Gltf.html:625:5: Warning: inserting implicit <span>
    Gltf.html:627:4: Warning: inserting implicit <span>
    Gltf.html:632:1: Warning: inserting implicit <span>
    Gltf.html:632:1: Warning: missing </span> before <hr>
    Gltf.html:633:1: Warning: inserting implicit <span>
    Gltf.html:633:1: Warning: missing </span> before <h4>
    Gltf.html:637:5: Warning: inserting implicit <span>
    Gltf.html:639:4: Warning: inserting implicit <span>
    Gltf.html:643:1: Warning: inserting implicit <span>
    Gltf.html:643:1: Warning: missing </span> before <h5>
    Gltf.html:643:5: Warning: inserting implicit <span>
    Gltf.html:645:16: Warning: inserting implicit <span>
    Gltf.html:645:16: Warning: missing </span> before <pre>
    Gltf.html:649:5: Warning: inserting implicit <span>
    Gltf.html:652:1: Warning: inserting implicit <span>
    Gltf.html:652:1: Warning: missing </span> before <dl>
    Gltf.html:654:5: Warning: inserting implicit <span>
    Gltf.html:654:28: Warning: inserting implicit <span>
    Gltf.html:654:28: Warning: missing </span> before <p>
    Gltf.html:654:31: Warning: inserting implicit <span>
    Gltf.html:656:5: Warning: inserting implicit <span>
    Gltf.html:656:31: Warning: inserting implicit <span>
    Gltf.html:656:31: Warning: missing </span> before <p>
    Gltf.html:656:34: Warning: inserting implicit <span>
    Gltf.html:664:1: Warning: inserting implicit <span>
    Gltf.html:664:1: Warning: missing </span> before <h4>
    Gltf.html:668:5: Warning: inserting implicit <span>
    Gltf.html:670:4: Warning: inserting implicit <span>
    Gltf.html:674:1: Warning: inserting implicit <span>
    Gltf.html:674:1: Warning: missing </span> before <h5>
    Gltf.html:674:5: Warning: inserting implicit <span>
    Gltf.html:676:16: Warning: inserting implicit <span>
    Gltf.html:676:16: Warning: missing </span> before <pre>
    Gltf.html:680:5: Warning: inserting implicit <span>
    Gltf.html:683:1: Warning: inserting implicit <span>
    Gltf.html:683:1: Warning: missing </span> before <dl>
    Gltf.html:685:5: Warning: inserting implicit <span>
    Gltf.html:685:31: Warning: inserting implicit <span>
    Gltf.html:685:31: Warning: missing </span> before <p>
    Gltf.html:685:34: Warning: inserting implicit <span>
    Gltf.html:687:5: Warning: inserting implicit <span>
    Gltf.html:687:30: Warning: inserting implicit <span>
    Gltf.html:687:30: Warning: missing </span> before <p>
    Gltf.html:687:33: Warning: inserting implicit <span>
    Gltf.html:695:5: Warning: inserting implicit <span>
    Gltf.html:697:4: Warning: inserting implicit <span>
    Gltf.html:701:1: Warning: inserting implicit <span>
    Gltf.html:701:1: Warning: missing </span> before <hr>
    Gltf.html:702:1: Warning: inserting implicit <span>
    Gltf.html:702:1: Warning: missing </span> before <h4>
    Gltf.html:706:5: Warning: inserting implicit <span>
    Gltf.html:708:4: Warning: inserting implicit <span>
    Gltf.html:710:1: Warning: inserting implicit <span>
    Gltf.html:710:1: Warning: missing </span> before <p>
    Gltf.html:710:4: Warning: inserting implicit <span>
    Gltf.html:716:1: Warning: inserting implicit <span>
    Gltf.html:716:1: Warning: missing </span> before <h5>
    Gltf.html:716:5: Warning: inserting implicit <span>
    Gltf.html:718:16: Warning: inserting implicit <span>
    Gltf.html:718:16: Warning: missing </span> before <pre>
    Gltf.html:722:5: Warning: inserting implicit <span>
    Gltf.html:725:1: Warning: inserting implicit <span>
    Gltf.html:725:1: Warning: missing </span> before <dl>
    Gltf.html:727:5: Warning: inserting implicit <span>
    Gltf.html:727:31: Warning: inserting implicit <span>
    Gltf.html:727:31: Warning: missing </span> before <p>
    Gltf.html:727:34: Warning: inserting implicit <span>
    Gltf.html:735:5: Warning: inserting implicit <span>
    Gltf.html:737:4: Warning: inserting implicit <span>
    Gltf.html:741:1: Warning: inserting implicit <span>
    Gltf.html:741:1: Warning: missing </span> before <hr>
    Gltf.html:742:1: Warning: inserting implicit <span>
    Gltf.html:742:1: Warning: missing </span> before <h4>
    Gltf.html:746:5: Warning: inserting implicit <span>
    Gltf.html:748:4: Warning: inserting implicit <span>
    Gltf.html:750:1: Warning: inserting implicit <span>
    Gltf.html:750:1: Warning: missing </span> before <p>
    Gltf.html:750:4: Warning: inserting implicit <span>
    Gltf.html:755:1: Warning: inserting implicit <span>
    Gltf.html:755:1: Warning: missing </span> before <h5>
    Gltf.html:755:5: Warning: inserting implicit <span>
    Gltf.html:757:16: Warning: inserting implicit <span>
    Gltf.html:757:16: Warning: missing </span> before <pre>
    Gltf.html:761:5: Warning: inserting implicit <span>
    Gltf.html:764:1: Warning: inserting implicit <span>
    Gltf.html:764:1: Warning: missing </span> before <dl>
    Gltf.html:766:5: Warning: inserting implicit <span>
    Gltf.html:766:31: Warning: inserting implicit <span>
    Gltf.html:766:31: Warning: missing </span> before <p>
    Gltf.html:766:34: Warning: inserting implicit <span>
    Gltf.html:774:5: Warning: inserting implicit <span>
    Gltf.html:776:4: Warning: inserting implicit <span>
    Gltf.html:780:1: Warning: inserting implicit <span>
    Gltf.html:780:1: Warning: missing </span> before <hr>
    Gltf.html:781:1: Warning: inserting implicit <span>
    Gltf.html:781:1: Warning: missing </span> before <h4>
    Gltf.html:785:5: Warning: inserting implicit <span>
    Gltf.html:787:4: Warning: inserting implicit <span>
    Gltf.html:791:1: Warning: inserting implicit <span>
    Gltf.html:791:1: Warning: missing </span> before <h5>
    Gltf.html:791:5: Warning: inserting implicit <span>
    Gltf.html:793:16: Warning: inserting implicit <span>
    Gltf.html:793:16: Warning: missing </span> before <pre>
    Gltf.html:797:5: Warning: inserting implicit <span>
    Gltf.html:800:1: Warning: inserting implicit <span>
    Gltf.html:800:1: Warning: missing </span> before <dl>
    Gltf.html:802:5: Warning: inserting implicit <span>
    Gltf.html:802:30: Warning: inserting implicit <span>
    Gltf.html:802:30: Warning: missing </span> before <p>
    Gltf.html:802:33: Warning: inserting implicit <span>
    Gltf.html:810:5: Warning: inserting implicit <span>
    Gltf.html:812:4: Warning: inserting implicit <span>
    Gltf.html:817:1: Warning: inserting implicit <span>
    Gltf.html:817:1: Warning: missing </span> before <hr>
    Gltf.html:818:1: Warning: inserting implicit <span>
    Gltf.html:818:1: Warning: missing </span> before <h4>
    Gltf.html:822:5: Warning: inserting implicit <span>
    Gltf.html:824:4: Warning: inserting implicit <span>
    Gltf.html:828:1: Warning: inserting implicit <span>
    Gltf.html:828:1: Warning: missing </span> before <h5>
    Gltf.html:828:5: Warning: inserting implicit <span>
    Gltf.html:830:16: Warning: inserting implicit <span>
    Gltf.html:830:16: Warning: missing </span> before <pre>
    Gltf.html:834:5: Warning: inserting implicit <span>
    Gltf.html:836:4: Warning: inserting implicit <span>
    Gltf.html:840:1: Warning: inserting implicit <span>
    Gltf.html:840:1: Warning: missing </span> before <hr>
    Gltf.html:841:1: Warning: inserting implicit <span>
    Gltf.html:841:1: Warning: missing </span> before <h4>
    Gltf.html:845:5: Warning: inserting implicit <span>
    Gltf.html:847:4: Warning: inserting implicit <span>
    Gltf.html:851:1: Warning: inserting implicit <span>
    Gltf.html:851:1: Warning: missing </span> before <h5>
    Gltf.html:851:5: Warning: inserting implicit <span>
    Gltf.html:853:16: Warning: inserting implicit <span>
    Gltf.html:853:16: Warning: missing </span> before <pre>
    Gltf.html:857:5: Warning: inserting implicit <span>
    Gltf.html:860:1: Warning: inserting implicit <span>
    Gltf.html:860:1: Warning: missing </span> before <dl>
    Gltf.html:862:5: Warning: inserting implicit <span>
    Gltf.html:862:33: Warning: inserting implicit <span>
    Gltf.html:862:33: Warning: missing </span> before <p>
    Gltf.html:862:36: Warning: inserting implicit <span>
    Gltf.html:870:1: Warning: inserting implicit <span>
    Gltf.html:870:1: Warning: missing </span> before <h4>
    Gltf.html:874:5: Warning: inserting implicit <span>
    Gltf.html:876:4: Warning: inserting implicit <span>
    Gltf.html:880:1: Warning: inserting implicit <span>
    Gltf.html:880:1: Warning: missing </span> before <h5>
    Gltf.html:880:5: Warning: inserting implicit <span>
    Gltf.html:882:16: Warning: inserting implicit <span>
    Gltf.html:882:16: Warning: missing </span> before <pre>
    Gltf.html:886:5: Warning: inserting implicit <span>
    Gltf.html:889:1: Warning: inserting implicit <span>
    Gltf.html:889:1: Warning: missing </span> before <dl>
    Gltf.html:891:5: Warning: inserting implicit <span>
    Gltf.html:891:28: Warning: inserting implicit <span>
    Gltf.html:891:28: Warning: missing </span> before <p>
    Gltf.html:891:31: Warning: inserting implicit <span>
    Gltf.html:899:5: Warning: inserting implicit <span>
    Gltf.html:901:4: Warning: inserting implicit <span>
    Gltf.html:906:1: Warning: inserting implicit <span>
    Gltf.html:906:1: Warning: missing </span> before <hr>
    Gltf.html:907:1: Warning: inserting implicit <span>
    Gltf.html:907:1: Warning: missing </span> before <h4>
    Gltf.html:911:5: Warning: inserting implicit <span>
    Gltf.html:913:4: Warning: inserting implicit <span>
    Gltf.html:917:1: Warning: inserting implicit <span>
    Gltf.html:917:1: Warning: missing </span> before <h5>
    Gltf.html:917:5: Warning: inserting implicit <span>
    Gltf.html:919:16: Warning: inserting implicit <span>
    Gltf.html:919:16: Warning: missing </span> before <pre>
    Gltf.html:923:5: Warning: inserting implicit <span>
    Gltf.html:926:1: Warning: inserting implicit <span>
    Gltf.html:926:1: Warning: missing </span> before <dl>
    Gltf.html:928:5: Warning: inserting implicit <span>
    Gltf.html:928:28: Warning: inserting implicit <span>
    Gltf.html:928:28: Warning: missing </span> before <p>
    Gltf.html:928:31: Warning: inserting implicit <span>
    Gltf.html:930:5: Warning: inserting implicit <span>
    Gltf.html:930:31: Warning: inserting implicit <span>
    Gltf.html:930:31: Warning: missing </span> before <p>
    Gltf.html:930:34: Warning: inserting implicit <span>
    Gltf.html:938:1: Warning: inserting implicit <span>
    Gltf.html:938:1: Warning: missing </span> before <h4>
    Gltf.html:942:5: Warning: inserting implicit <span>
    Gltf.html:944:4: Warning: inserting implicit <span>
    Gltf.html:948:1: Warning: inserting implicit <span>
    Gltf.html:948:1: Warning: missing </span> before <h5>
    Gltf.html:948:5: Warning: inserting implicit <span>
    Gltf.html:950:16: Warning: inserting implicit <span>
    Gltf.html:950:16: Warning: missing </span> before <pre>
    Gltf.html:954:5: Warning: inserting implicit <span>
    Gltf.html:957:1: Warning: inserting implicit <span>
    Gltf.html:957:1: Warning: missing </span> before <dl>
    Gltf.html:959:5: Warning: inserting implicit <span>
    Gltf.html:959:37: Warning: inserting implicit <span>
    Gltf.html:959:37: Warning: missing </span> before <p>
    Gltf.html:959:40: Warning: inserting implicit <span>
    Gltf.html:967:5: Warning: inserting implicit <span>
    Gltf.html:969:4: Warning: inserting implicit <span>
    Gltf.html:973:1: Warning: inserting implicit <span>
    Gltf.html:973:1: Warning: missing </span> before <hr>
    Gltf.html:974:1: Warning: inserting implicit <span>
    Gltf.html:974:1: Warning: missing </span> before <h4>
    Gltf.html:978:5: Warning: inserting implicit <span>
    Gltf.html:980:4: Warning: inserting implicit <span>
    Gltf.html:984:1: Warning: inserting implicit <span>
    Gltf.html:984:1: Warning: missing </span> before <h5>
    Gltf.html:984:5: Warning: inserting implicit <span>
    Gltf.html:986:16: Warning: inserting implicit <span>
    Gltf.html:986:16: Warning: missing </span> before <pre>
    Gltf.html:990:5: Warning: inserting implicit <span>
    Gltf.html:993:1: Warning: inserting implicit <span>
    Gltf.html:993:1: Warning: missing </span> before <dl>
    Gltf.html:995:5: Warning: inserting implicit <span>
    Gltf.html:995:28: Warning: inserting implicit <span>
    Gltf.html:995:28: Warning: missing </span> before <p>
    Gltf.html:995:31: Warning: inserting implicit <span>
    Gltf.html:1003:5: Warning: inserting implicit <span>
    Gltf.html:1005:4: Warning: inserting implicit <span>
    Gltf.html:1010:1: Warning: inserting implicit <span>
    Gltf.html:1010:1: Warning: missing </span> before <hr>
    Gltf.html:1011:1: Warning: inserting implicit <span>
    Gltf.html:1011:1: Warning: missing </span> before <h4>
    Gltf.html:1015:5: Warning: inserting implicit <span>
    Gltf.html:1017:4: Warning: inserting implicit <span>
    Gltf.html:1021:1: Warning: inserting implicit <span>
    Gltf.html:1021:1: Warning: missing </span> before <h5>
    Gltf.html:1021:5: Warning: inserting implicit <span>
    Gltf.html:1023:16: Warning: inserting implicit <span>
    Gltf.html:1023:16: Warning: missing </span> before <pre>
    Gltf.html:1027:5: Warning: inserting implicit <span>
    Gltf.html:1030:1: Warning: inserting implicit <span>
    Gltf.html:1030:1: Warning: missing </span> before <dl>
    Gltf.html:1032:5: Warning: inserting implicit <span>
    Gltf.html:1032:30: Warning: inserting implicit <span>
    Gltf.html:1032:30: Warning: missing </span> before <p>
    Gltf.html:1032:33: Warning: inserting implicit <span>
    Gltf.html:1040:5: Warning: inserting implicit <span>
    Gltf.html:1042:4: Warning: inserting implicit <span>
    Gltf.html:1047:1: Warning: inserting implicit <span>
    Gltf.html:1047:1: Warning: missing </span> before <hr>
    Gltf.html:1048:1: Warning: inserting implicit <span>
    Gltf.html:1048:1: Warning: missing </span> before <h4>
    Gltf.html:1052:5: Warning: inserting implicit <span>
    Gltf.html:1054:4: Warning: inserting implicit <span>
    Gltf.html:1058:1: Warning: inserting implicit <span>
    Gltf.html:1058:1: Warning: missing </span> before <h5>
    Gltf.html:1058:5: Warning: inserting implicit <span>
    Gltf.html:1060:16: Warning: inserting implicit <span>
    Gltf.html:1060:16: Warning: missing </span> before <pre>
    Gltf.html:1064:5: Warning: inserting implicit <span>
    Gltf.html:1067:1: Warning: inserting implicit <span>
    Gltf.html:1067:1: Warning: missing </span> before <dl>
    Gltf.html:1069:5: Warning: inserting implicit <span>
    Gltf.html:1069:29: Warning: inserting implicit <span>
    Gltf.html:1069:29: Warning: missing </span> before <p>
    Gltf.html:1069:32: Warning: inserting implicit <span>
    Gltf.html:1077:5: Warning: inserting implicit <span>
    Gltf.html:1079:4: Warning: inserting implicit <span>
    Gltf.html:1084:1: Warning: inserting implicit <span>
    Gltf.html:1084:1: Warning: missing </span> before <hr>
    Gltf.html:1085:1: Warning: inserting implicit <span>
    Gltf.html:1085:1: Warning: missing </span> before <h4>
    Gltf.html:1089:5: Warning: inserting implicit <span>
    Gltf.html:1091:4: Warning: inserting implicit <span>
    Gltf.html:1093:1: Warning: inserting implicit <span>
    Gltf.html:1093:1: Warning: missing </span> before <p>
    Gltf.html:1093:4: Warning: inserting implicit <span>
    Gltf.html:1097:1: Warning: inserting implicit <span>
    Gltf.html:1097:1: Warning: missing </span> before <h5>
    Gltf.html:1097:5: Warning: inserting implicit <span>
    Gltf.html:1099:16: Warning: inserting implicit <span>
    Gltf.html:1099:16: Warning: missing </span> before <pre>
    Gltf.html:1103:5: Warning: inserting implicit <span>
    Gltf.html:1106:1: Warning: inserting implicit <span>
    Gltf.html:1106:1: Warning: missing </span> before <dl>
    Gltf.html:1108:5: Warning: inserting implicit <span>
    Gltf.html:1108:30: Warning: inserting implicit <span>
    Gltf.html:1108:30: Warning: missing </span> before <p>
    Gltf.html:1108:33: Warning: inserting implicit <span>
    Gltf.html:1110:5: Warning: inserting implicit <span>
    Gltf.html:1110:42: Warning: inserting implicit <span>
    Gltf.html:1110:42: Warning: missing </span> before <p>
    Gltf.html:1110:45: Warning: inserting implicit <span>
    Gltf.html:1118:5: Warning: inserting implicit <span>
    Gltf.html:1120:4: Warning: inserting implicit <span>
    Gltf.html:1124:1: Warning: inserting implicit <span>
    Gltf.html:1124:1: Warning: missing </span> before <hr>
    Gltf.html:1125:1: Warning: inserting implicit <span>
    Gltf.html:1125:1: Warning: missing </span> before <h4>
    Gltf.html:1129:5: Warning: inserting implicit <span>
    Gltf.html:1131:4: Warning: inserting implicit <span>
    Gltf.html:1135:1: Warning: inserting implicit <span>
    Gltf.html:1135:1: Warning: missing </span> before <h5>
    Gltf.html:1135:5: Warning: inserting implicit <span>
    Gltf.html:1137:16: Warning: inserting implicit <span>
    Gltf.html:1137:16: Warning: missing </span> before <pre>
    Gltf.html:1141:5: Warning: inserting implicit <span>
    Gltf.html:1144:1: Warning: inserting implicit <span>
    Gltf.html:1144:1: Warning: missing </span> before <dl>
    Gltf.html:1146:5: Warning: inserting implicit <span>
    Gltf.html:1146:30: Warning: inserting implicit <span>
    Gltf.html:1146:30: Warning: missing </span> before <p>
    Gltf.html:1146:33: Warning: inserting implicit <span>
    Gltf.html:1154:5: Warning: inserting implicit <span>
    Gltf.html:1156:4: Warning: inserting implicit <span>
    Gltf.html:1160:1: Warning: inserting implicit <span>
    Gltf.html:1160:1: Warning: missing </span> before <hr>
    Gltf.html:1161:1: Warning: inserting implicit <span>
    Gltf.html:1161:1: Warning: missing </span> before <h4>
    Gltf.html:1165:5: Warning: inserting implicit <span>
    Gltf.html:1167:4: Warning: inserting implicit <span>
    Gltf.html:1171:1: Warning: inserting implicit <span>
    Gltf.html:1171:1: Warning: missing </span> before <h5>
    Gltf.html:1171:5: Warning: inserting implicit <span>
    Gltf.html:1173:16: Warning: inserting implicit <span>
    Gltf.html:1173:16: Warning: missing </span> before <pre>
    Gltf.html:1177:5: Warning: inserting implicit <span>
    Gltf.html:1180:1: Warning: inserting implicit <span>
    Gltf.html:1180:1: Warning: missing </span> before <dl>
    Gltf.html:1182:5: Warning: inserting implicit <span>
    Gltf.html:1182:30: Warning: inserting implicit <span>
    Gltf.html:1182:30: Warning: missing </span> before <p>
    Gltf.html:1182:33: Warning: inserting implicit <span>
    Gltf.html:1190:5: Warning: inserting implicit <span>
    Gltf.html:1192:4: Warning: inserting implicit <span>
    Gltf.html:1196:1: Warning: inserting implicit <span>
    Gltf.html:1196:1: Warning: missing </span> before <hr>
    Gltf.html:1197:1: Warning: inserting implicit <span>
    Gltf.html:1197:1: Warning: missing </span> before <h4>
    Gltf.html:1201:5: Warning: inserting implicit <span>
    Gltf.html:1203:4: Warning: inserting implicit <span>
    Gltf.html:1207:1: Warning: inserting implicit <span>
    Gltf.html:1207:1: Warning: missing </span> before <h5>
    Gltf.html:1207:5: Warning: inserting implicit <span>
    Gltf.html:1209:16: Warning: inserting implicit <span>
    Gltf.html:1209:16: Warning: missing </span> before <pre>
    Gltf.html:1213:5: Warning: inserting implicit <span>
    Gltf.html:1216:1: Warning: inserting implicit <span>
    Gltf.html:1216:1: Warning: missing </span> before <dl>
    Gltf.html:1218:5: Warning: inserting implicit <span>
    Gltf.html:1218:30: Warning: inserting implicit <span>
    Gltf.html:1218:30: Warning: missing </span> before <p>
    Gltf.html:1218:33: Warning: inserting implicit <span>
    Gltf.html:1226:5: Warning: inserting implicit <span>
    Gltf.html:1228:4: Warning: inserting implicit <span>
    Gltf.html:1232:1: Warning: inserting implicit <span>
    Gltf.html:1232:1: Warning: missing </span> before <hr>
    Gltf.html:1233:1: Warning: inserting implicit <span>
    Gltf.html:1233:1: Warning: missing </span> before <h4>
    Gltf.html:1237:5: Warning: inserting implicit <span>
    Gltf.html:1239:4: Warning: inserting implicit <span>
    Gltf.html:1243:1: Warning: inserting implicit <span>
    Gltf.html:1243:1: Warning: missing </span> before <h5>
    Gltf.html:1243:5: Warning: inserting implicit <span>
    Gltf.html:1245:16: Warning: inserting implicit <span>
    Gltf.html:1245:16: Warning: missing </span> before <pre>
    Gltf.html:1249:5: Warning: inserting implicit <span>
    Gltf.html:1252:1: Warning: inserting implicit <span>
    Gltf.html:1252:1: Warning: missing </span> before <dl>
    Gltf.html:1254:5: Warning: inserting implicit <span>
    Gltf.html:1254:35: Warning: inserting implicit <span>
    Gltf.html:1254:35: Warning: missing </span> before <p>
    Gltf.html:1254:38: Warning: inserting implicit <span>
    Gltf.html:1262:5: Warning: inserting implicit <span>
    Gltf.html:1264:4: Warning: inserting implicit <span>
    Gltf.html:1268:1: Warning: inserting implicit <span>
    Gltf.html:1268:1: Warning: missing </span> before <hr>
    Gltf.html:1269:1: Warning: inserting implicit <span>
    Gltf.html:1269:1: Warning: missing </span> before <h4>
    Gltf.html:1273:5: Warning: inserting implicit <span>
    Gltf.html:1275:4: Warning: inserting implicit <span>
    Gltf.html:1279:1: Warning: inserting implicit <span>
    Gltf.html:1279:1: Warning: missing </span> before <h5>
    Gltf.html:1279:5: Warning: inserting implicit <span>
    Gltf.html:1281:16: Warning: inserting implicit <span>
    Gltf.html:1281:16: Warning: missing </span> before <pre>
    Gltf.html:1290:5: Warning: inserting implicit <span>
    Gltf.html:1293:1: Warning: inserting implicit <span>
    Gltf.html:1293:1: Warning: missing </span> before <dl>
    Gltf.html:1295:5: Warning: inserting implicit <span>
    Gltf.html:1295:33: Warning: inserting implicit <span>
    Gltf.html:1295:33: Warning: missing </span> before <p>
    Gltf.html:1295:36: Warning: inserting implicit <span>
    Gltf.html:1297:5: Warning: inserting implicit <span>
    Gltf.html:1297:33: Warning: inserting implicit <span>
    Gltf.html:1297:33: Warning: missing </span> before <p>
    Gltf.html:1297:36: Warning: inserting implicit <span>
    Gltf.html:1299:5: Warning: inserting implicit <span>
    Gltf.html:1299:32: Warning: inserting implicit <span>
    Gltf.html:1299:32: Warning: missing </span> before <p>
    Gltf.html:1299:35: Warning: inserting implicit <span>
    Gltf.html:1301:5: Warning: inserting implicit <span>
    Gltf.html:1301:37: Warning: inserting implicit <span>
    Gltf.html:1301:37: Warning: missing </span> before <p>
    Gltf.html:1301:40: Warning: inserting implicit <span>
    Gltf.html:1309:5: Warning: inserting implicit <span>
    Gltf.html:1311:4: Warning: inserting implicit <span>
    Gltf.html:1315:1: Warning: inserting implicit <span>
    Gltf.html:1315:1: Warning: missing </span> before <hr>
    Gltf.html:1316:1: Warning: inserting implicit <span>
    Gltf.html:1316:1: Warning: missing </span> before <h4>
    Gltf.html:1320:5: Warning: inserting implicit <span>
    Gltf.html:1322:4: Warning: inserting implicit <span>
    Gltf.html:1326:1: Warning: inserting implicit <span>
    Gltf.html:1326:1: Warning: missing </span> before <h5>
    Gltf.html:1326:5: Warning: inserting implicit <span>
    Gltf.html:1328:16: Warning: inserting implicit <span>
    Gltf.html:1328:16: Warning: missing </span> before <pre>
    Gltf.html:1332:5: Warning: inserting implicit <span>
    Gltf.html:1335:1: Warning: inserting implicit <span>
    Gltf.html:1335:1: Warning: missing </span> before <dl>
    Gltf.html:1337:5: Warning: inserting implicit <span>
    Gltf.html:1337:31: Warning: inserting implicit <span>
    Gltf.html:1337:31: Warning: missing </span> before <p>
    Gltf.html:1337:34: Warning: inserting implicit <span>
    Gltf.html:1339:5: Warning: inserting implicit <span>
    Gltf.html:1339:31: Warning: inserting implicit <span>
    Gltf.html:1339:31: Warning: missing </span> before <p>
    Gltf.html:1339:34: Warning: inserting implicit <span>
    Gltf.html:1341:5: Warning: inserting implicit <span>
    Gltf.html:1341:37: Warning: inserting implicit <span>
    Gltf.html:1341:37: Warning: missing </span> before <p>
    Gltf.html:1341:40: Warning: inserting implicit <span>
    Gltf.html:1343:5: Warning: inserting implicit <span>
    Gltf.html:1343:33: Warning: inserting implicit <span>
    Gltf.html:1343:33: Warning: missing </span> before <p>
    Gltf.html:1343:36: Warning: inserting implicit <span>
    Gltf.html:1351:5: Warning: inserting implicit <span>
    Gltf.html:1353:4: Warning: inserting implicit <span>
    Gltf.html:1358:1: Warning: inserting implicit <span>
    Gltf.html:1358:1: Warning: missing </span> before <hr>
    Gltf.html:1359:1: Warning: inserting implicit <span>
    Gltf.html:1359:1: Warning: missing </span> before <h4>
    Gltf.html:1363:5: Warning: inserting implicit <span>
    Gltf.html:1365:4: Warning: inserting implicit <span>
    Gltf.html:1369:1: Warning: inserting implicit <span>
    Gltf.html:1369:1: Warning: missing </span> before <h5>
    Gltf.html:1369:5: Warning: inserting implicit <span>
    Gltf.html:1371:16: Warning: inserting implicit <span>
    Gltf.html:1371:16: Warning: missing </span> before <pre>
    Gltf.html:1375:5: Warning: inserting implicit <span>
    Gltf.html:1377:4: Warning: inserting implicit <span>
    Gltf.html:1382:1: Warning: inserting implicit <span>
    Gltf.html:1382:1: Warning: missing </span> before <hr>
    Gltf.html:1383:1: Warning: inserting implicit <span>
    Gltf.html:1383:1: Warning: missing </span> before <h4>
    Gltf.html:1387:5: Warning: inserting implicit <span>
    Gltf.html:1389:4: Warning: inserting implicit <span>
    Gltf.html:1393:1: Warning: inserting implicit <span>
    Gltf.html:1393:1: Warning: missing </span> before <h5>
    Gltf.html:1393:5: Warning: inserting implicit <span>
    Gltf.html:1395:16: Warning: inserting implicit <span>
    Gltf.html:1395:16: Warning: missing </span> before <pre>
    Gltf.html:1399:5: Warning: inserting implicit <span>
    Gltf.html:1402:1: Warning: inserting implicit <span>
    Gltf.html:1402:1: Warning: missing </span> before <dl>
    Gltf.html:1404:5: Warning: inserting implicit <span>
    Gltf.html:1404:34: Warning: inserting implicit <span>
    Gltf.html:1404:34: Warning: missing </span> before <p>
    Gltf.html:1404:37: Warning: inserting implicit <span>
    Gltf.html:1406:5: Warning: inserting implicit <span>
    Gltf.html:1406:36: Warning: inserting implicit <span>
    Gltf.html:1406:36: Warning: missing </span> before <p>
    Gltf.html:1406:39: Warning: inserting implicit <span>
    Gltf.html:1414:1: Warning: inserting implicit <span>
    Gltf.html:1414:1: Warning: missing </span> before <h4>
    Gltf.html:1418:5: Warning: inserting implicit <span>
    Gltf.html:1420:4: Warning: inserting implicit <span>
    Gltf.html:1424:1: Warning: inserting implicit <span>
    Gltf.html:1424:1: Warning: missing </span> before <h5>
    Gltf.html:1424:5: Warning: inserting implicit <span>
    Gltf.html:1426:16: Warning: inserting implicit <span>
    Gltf.html:1426:16: Warning: missing </span> before <pre>
    Gltf.html:1430:5: Warning: inserting implicit <span>
    Gltf.html:1433:1: Warning: inserting implicit <span>
    Gltf.html:1433:1: Warning: missing </span> before <dl>
    Gltf.html:1435:5: Warning: inserting implicit <span>
    Gltf.html:1435:28: Warning: inserting implicit <span>
    Gltf.html:1435:28: Warning: missing </span> before <p>
    Gltf.html:1435:31: Warning: inserting implicit <span>
    Gltf.html:1443:5: Warning: inserting implicit <span>
    Gltf.html:1445:4: Warning: inserting implicit <span>
    Gltf.html:1449:1: Warning: inserting implicit <span>
    Gltf.html:1449:1: Warning: missing </span> before <hr>
    Gltf.html:1450:1: Warning: inserting implicit <span>
    Gltf.html:1450:1: Warning: missing </span> before <h4>
    Gltf.html:1454:5: Warning: inserting implicit <span>
    Gltf.html:1456:4: Warning: inserting implicit <span>
    Gltf.html:1460:1: Warning: inserting implicit <span>
    Gltf.html:1460:1: Warning: missing </span> before <h5>
    Gltf.html:1460:5: Warning: inserting implicit <span>
    Gltf.html:1462:16: Warning: inserting implicit <span>
    Gltf.html:1462:16: Warning: missing </span> before <pre>
    Gltf.html:1466:5: Warning: inserting implicit <span>
    Gltf.html:1469:1: Warning: inserting implicit <span>
    Gltf.html:1469:1: Warning: missing </span> before <dl>
    Gltf.html:1471:5: Warning: inserting implicit <span>
    Gltf.html:1471:28: Warning: inserting implicit <span>
    Gltf.html:1471:28: Warning: missing </span> before <p>
    Gltf.html:1471:31: Warning: inserting implicit <span>
    Gltf.html:1479:5: Warning: inserting implicit <span>
    Gltf.html:1481:4: Warning: inserting implicit <span>
    Gltf.html:1485:1: Warning: inserting implicit <span>
    Gltf.html:1485:1: Warning: missing </span> before <hr>
    Gltf.html:1486:1: Warning: inserting implicit <span>
    Gltf.html:1486:1: Warning: missing </span> before <h4>
    Gltf.html:1490:5: Warning: inserting implicit <span>
    Gltf.html:1492:4: Warning: inserting implicit <span>
    Gltf.html:1496:1: Warning: inserting implicit <span>
    Gltf.html:1496:1: Warning: missing </span> before <h5>
    Gltf.html:1496:5: Warning: inserting implicit <span>
    Gltf.html:1498:16: Warning: inserting implicit <span>
    Gltf.html:1498:16: Warning: missing </span> before <pre>
    Gltf.html:1502:5: Warning: inserting implicit <span>
    Gltf.html:1505:1: Warning: inserting implicit <span>
    Gltf.html:1505:1: Warning: missing </span> before <dl>
    Gltf.html:1507:5: Warning: inserting implicit <span>
    Gltf.html:1507:30: Warning: inserting implicit <span>
    Gltf.html:1507:30: Warning: missing </span> before <p>
    Gltf.html:1507:33: Warning: inserting implicit <span>
    Gltf.html:1515:5: Warning: inserting implicit <span>
    Gltf.html:1517:4: Warning: inserting implicit <span>
    Gltf.html:1522:1: Warning: inserting implicit <span>
    Gltf.html:1522:1: Warning: missing </span> before <hr>
    Gltf.html:1523:1: Warning: inserting implicit <span>
    Gltf.html:1523:1: Warning: missing </span> before <h4>
    Gltf.html:1527:5: Warning: inserting implicit <span>
    Gltf.html:1529:4: Warning: inserting implicit <span>
    Gltf.html:1533:1: Warning: inserting implicit <span>
    Gltf.html:1533:1: Warning: missing </span> before <h5>
    Gltf.html:1533:5: Warning: inserting implicit <span>
    Gltf.html:1535:16: Warning: inserting implicit <span>
    Gltf.html:1535:16: Warning: missing </span> before <pre>
    Gltf.html:1539:5: Warning: inserting implicit <span>
    Gltf.html:1542:1: Warning: inserting implicit <span>
    Gltf.html:1542:1: Warning: missing </span> before <dl>
    Gltf.html:1544:5: Warning: inserting implicit <span>
    Gltf.html:1544:30: Warning: inserting implicit <span>
    Gltf.html:1544:30: Warning: missing </span> before <p>
    Gltf.html:1544:33: Warning: inserting implicit <span>
    Gltf.html:1546:5: Warning: inserting implicit <span>
    Gltf.html:1546:36: Warning: inserting implicit <span>
    Gltf.html:1546:36: Warning: missing </span> before <p>
    Gltf.html:1546:39: Warning: inserting implicit <span>
    Gltf.html:1554:1: Warning: inserting implicit <span>
    Gltf.html:1554:1: Warning: missing </span> before <h4>
    Gltf.html:1558:5: Warning: inserting implicit <span>
    Gltf.html:1560:4: Warning: inserting implicit <span>
    Gltf.html:1564:1: Warning: inserting implicit <span>
    Gltf.html:1564:1: Warning: missing </span> before <h5>
    Gltf.html:1564:5: Warning: inserting implicit <span>
    Gltf.html:1566:16: Warning: inserting implicit <span>
    Gltf.html:1566:16: Warning: missing </span> before <pre>
    Gltf.html:1570:5: Warning: inserting implicit <span>
    Gltf.html:1573:1: Warning: inserting implicit <span>
    Gltf.html:1573:1: Warning: missing </span> before <dl>
    Gltf.html:1575:5: Warning: inserting implicit <span>
    Gltf.html:1575:30: Warning: inserting implicit <span>
    Gltf.html:1575:30: Warning: missing </span> before <p>
    Gltf.html:1575:33: Warning: inserting implicit <span>
    Gltf.html:1583:5: Warning: inserting implicit <span>
    Gltf.html:1585:4: Warning: inserting implicit <span>
    Gltf.html:1589:1: Warning: inserting implicit <span>
    Gltf.html:1589:1: Warning: missing </span> before <hr>
    Gltf.html:1590:1: Warning: inserting implicit <span>
    Gltf.html:1590:1: Warning: missing </span> before <h4>
    Gltf.html:1594:5: Warning: inserting implicit <span>
    Gltf.html:1596:4: Warning: inserting implicit <span>
    Gltf.html:1598:1: Warning: inserting implicit <span>
    Gltf.html:1598:1: Warning: missing </span> before <p>
    Gltf.html:1598:4: Warning: inserting implicit <span>
    Gltf.html:1603:1: Warning: inserting implicit <span>
    Gltf.html:1603:1: Warning: missing </span> before <h5>
    Gltf.html:1603:5: Warning: inserting implicit <span>
    Gltf.html:1605:16: Warning: inserting implicit <span>
    Gltf.html:1605:16: Warning: missing </span> before <pre>
    Gltf.html:1609:5: Warning: inserting implicit <span>
    Gltf.html:1612:1: Warning: inserting implicit <span>
    Gltf.html:1612:1: Warning: missing </span> before <dl>
    Gltf.html:1614:5: Warning: inserting implicit <span>
    Gltf.html:1614:30: Warning: inserting implicit <span>
    Gltf.html:1614:30: Warning: missing </span> before <p>
    Gltf.html:1614:33: Warning: inserting implicit <span>
    Gltf.html:1622:5: Warning: inserting implicit <span>
    Gltf.html:1624:4: Warning: inserting implicit <span>
    Gltf.html:1628:1: Warning: inserting implicit <span>
    Gltf.html:1628:1: Warning: missing </span> before <hr>
    Gltf.html:1629:1: Warning: inserting implicit <span>
    Gltf.html:1629:1: Warning: missing </span> before <h4>
    Gltf.html:1633:5: Warning: inserting implicit <span>
    Gltf.html:1635:4: Warning: inserting implicit <span>
    Gltf.html:1637:1: Warning: inserting implicit <span>
    Gltf.html:1637:1: Warning: missing </span> before <p>
    Gltf.html:1637:4: Warning: inserting implicit <span>
    Gltf.html:1642:1: Warning: inserting implicit <span>
    Gltf.html:1642:1: Warning: missing </span> before <h5>
    Gltf.html:1642:5: Warning: inserting implicit <span>
    Gltf.html:1644:16: Warning: inserting implicit <span>
    Gltf.html:1644:16: Warning: missing </span> before <pre>
    Gltf.html:1648:5: Warning: inserting implicit <span>
    Gltf.html:1651:1: Warning: inserting implicit <span>
    Gltf.html:1651:1: Warning: missing </span> before <dl>
    Gltf.html:1653:5: Warning: inserting implicit <span>
    Gltf.html:1653:31: Warning: inserting implicit <span>
    Gltf.html:1653:31: Warning: missing </span> before <p>
    Gltf.html:1653:34: Warning: inserting implicit <span>
    Gltf.html:1655:5: Warning: inserting implicit <span>
    Gltf.html:1655:30: Warning: inserting implicit <span>
    Gltf.html:1655:30: Warning: missing </span> before <p>
    Gltf.html:1655:33: Warning: inserting implicit <span>
    Gltf.html:1663:5: Warning: inserting implicit <span>
    Gltf.html:1665:4: Warning: inserting implicit <span>
    Gltf.html:1669:1: Warning: inserting implicit <span>
    Gltf.html:1669:1: Warning: missing </span> before <hr>
    Gltf.html:1670:1: Warning: inserting implicit <span>
    Gltf.html:1670:1: Warning: missing </span> before <h4>
    Gltf.html:1674:5: Warning: inserting implicit <span>
    Gltf.html:1676:4: Warning: inserting implicit <span>
    Gltf.html:1680:1: Warning: inserting implicit <span>
    Gltf.html:1680:1: Warning: missing </span> before <h5>
    Gltf.html:1680:5: Warning: inserting implicit <span>
    Gltf.html:1682:16: Warning: inserting implicit <span>
    Gltf.html:1682:16: Warning: missing </span> before <pre>
    Gltf.html:1686:5: Warning: inserting implicit <span>
    Gltf.html:1689:1: Warning: inserting implicit <span>
    Gltf.html:1689:1: Warning: missing </span> before <dl>
    Gltf.html:1691:5: Warning: inserting implicit <span>
    Gltf.html:1691:34: Warning: inserting implicit <span>
    Gltf.html:1691:34: Warning: missing </span> before <p>
    Gltf.html:1691:37: Warning: inserting implicit <span>
    Gltf.html:1694:5: Warning: inserting implicit <span>
    Gltf.html:1694:32: Warning: inserting implicit <span>
    Gltf.html:1694:32: Warning: missing </span> before <p>
    Gltf.html:1694:35: Warning: inserting implicit <span>
    Gltf.html:1696:5: Warning: inserting implicit <span>
    Gltf.html:1696:37: Warning: inserting implicit <span>
    Gltf.html:1696:37: Warning: missing </span> before <p>
    Gltf.html:1696:40: Warning: inserting implicit <span>
    Gltf.html:1698:5: Warning: inserting implicit <span>
    Gltf.html:1698:30: Warning: inserting implicit <span>
    Gltf.html:1698:30: Warning: missing </span> before <p>
    Gltf.html:1698:33: Warning: inserting implicit <span>
    Gltf.html:1706:5: Warning: inserting implicit <span>
    Gltf.html:1709:1: Warning: inserting implicit <span>
    Gltf.html:1709:1: Warning: missing </span> before <pre>
    Gltf.html:1719:1: Warning: inserting implicit <span>
    Gltf.html:1719:1: Warning: missing </span> before <h4>
    Gltf.html:1723:5: Warning: inserting implicit <span>
    Gltf.html:1725:4: Warning: inserting implicit <span>
    Gltf.html:1729:1: Warning: inserting implicit <span>
    Gltf.html:1729:1: Warning: missing </span> before <h5>
    Gltf.html:1729:5: Warning: inserting implicit <span>
    Gltf.html:1731:16: Warning: inserting implicit <span>
    Gltf.html:1731:16: Warning: missing </span> before <pre>
    Gltf.html:1735:5: Warning: inserting implicit <span>
    Gltf.html:1738:1: Warning: inserting implicit <span>
    Gltf.html:1738:1: Warning: missing </span> before <dl>
    Gltf.html:1740:5: Warning: inserting implicit <span>
    Gltf.html:1740:31: Warning: inserting implicit <span>
    Gltf.html:1740:31: Warning: missing </span> before <p>
    Gltf.html:1740:34: Warning: inserting implicit <span>
    Gltf.html:1748:1: Warning: inserting implicit <span>
    Gltf.html:1748:1: Warning: missing </span> before <h4>
    Gltf.html:1752:5: Warning: inserting implicit <span>
    Gltf.html:1754:4: Warning: inserting implicit <span>
    Gltf.html:1758:1: Warning: inserting implicit <span>
    Gltf.html:1758:1: Warning: missing </span> before <h5>
    Gltf.html:1758:5: Warning: inserting implicit <span>
    Gltf.html:1760:16: Warning: inserting implicit <span>
    Gltf.html:1760:16: Warning: missing </span> before <pre>
    Gltf.html:1764:5: Warning: inserting implicit <span>
    Gltf.html:1767:1: Warning: inserting implicit <span>
    Gltf.html:1767:1: Warning: missing </span> before <dl>
    Gltf.html:1769:5: Warning: inserting implicit <span>
    Gltf.html:1769:31: Warning: inserting implicit <span>
    Gltf.html:1769:31: Warning: missing </span> before <p>
    Gltf.html:1769:34: Warning: inserting implicit <span>
    Gltf.html:1778:5: Warning: inserting implicit <span>
Flavors: r-devel-linux-x86_64-debian-clang, r-devel-linux-x86_64-debian-gcc, r-devel-linux-x86_64-fedora-clang

Version: 1.0.0
Check: HTML version of manual
Result: NOTE
    Found the following HTML validation problems:
    Gltf.html:194:5: Warning: missing </span> before </li>
    
    
    Gltf.html:195:5: Warning: inserting implicit <span>
    
    
    Gltf.html:195:5: Warning: missing </span> before </li>
    
    
    Gltf.html:196:5: Warning: inserting implicit <span>
    
    
    Gltf.html:196:5: Warning: missing </span> before </li>
    
    
    Gltf.html:197:5: Warning: inserting implicit <span>
    
    
    Gltf.html:197:5: Warning: missing </span> before </li>
    
    
    Gltf.html:198:5: Warning: inserting implicit <span>
    
    
    Gltf.html:198:5: Warning: missing </span> before </li>
    
    
    Gltf.html:199:5: Warning: inserting implicit <span>
    
    
    Gltf.html:199:5: Warning: missing </span> before </li>
    
    
    Gltf.html:200:5: Warning: inserting implicit <span>
    
    
    Gltf.html:200:5: Warning: missing </span> before </li>
    
    
    Gltf.html:201:5: Warning: inserting implicit <span>
    
    
    Gltf.html:201:5: Warning: missing </span> before </li>
    
    
    Gltf.html:202:5: Warning: inserting implicit <span>
    
    
    Gltf.html:202:5: Warning: missing </span> before </li>
    
    
    Gltf.html:203:5: Warning: inserting implicit <span>
    
    
    Gltf.html:203:5: Warning: missing </span> before </li>
    
    
    Gltf.html:204:5: Warning: inserting implicit <span>
    
    
    Gltf.html:204:5: Warning: missing </span> before </li>
    
    
    Gltf.html:205:5: Warning: inserting implicit <span>
    
    
    Gltf.html:205:5: Warning: missing </span> before </li>
    
    
    Gltf.html:206:5: Warning: inserting implicit <span>
    
    
    Gltf.html:206:5: Warning: missing </span> before </li>
    
    
    Gltf.html:207:5: Warning: inserting implicit <span>
    
    
    Gltf.html:207:5: Warning: missing </span> before </li>
    
    
    Gltf.html:208:5: Warning: inserting implicit <span>
    
    
    Gltf.html:208:5: Warning: missing </span> before </li>
    
    
    Gltf.html:209:5: Warning: inserting implicit <span>
    
    
    Gltf.html:209:5: Warning: missing </span> before </li>
    
    
    Gltf.html:210:5: Warning: inserting implicit <span>
    
    
    Gltf.html:210:5: Warning: missing </span> before </li>
    
    
    Gltf.html:215:1: Warning: inserting implicit <span>
    
    
    Gltf.html:215:1: Warning: missing </span> before <h4>
    
    
    Gltf.html:219:5: Warning: inserting implicit <span>
    
    
    Gltf.html:223:5: Warning: inserting implicit <span>
    
    
    Gltf.html:225:16: Warning: inserting implicit <span>
    
    
    Gltf.html:225:16: Warning: missing </span> before <pre>
    
    
    Gltf.html:229:5: Warning: inserting implicit <span>
    
    
    Gltf.html:232:1: Warning: inserting implicit <span>
    
    
    Gltf.html:232:1: Warning: missing </span> before <dl>
    
    
    Gltf.html:234:5: Warning: inserting implicit <span>
    
    
    Gltf.html:234:31: Warning: inserting implicit <span>
    
    
    Gltf.html:234:31: Warning: missing </span> before <p>
    
    
    Gltf.html:234:34: Warning: inserting implicit <span>
    
    
    Gltf.html:236:5: Warning: inserting implicit <span>
    
    
    Gltf.html:236:37: Warning: inserting implicit <span>
    
    
    Gltf.html:236:37: Warning: missing </span> before <p>
    
    
    Gltf.html:236:40: Warning: inserting implicit <span>
    
    
    Gltf.html:244:1: Warning: inserting implicit <span>
    
    
    Gltf.html:244:1: Warning: missing </span> before <h4>
    
    
    Gltf.html:248:5: Warning: inserting implicit <span>
    
    
    Gltf.html:250:4: Warning: inserting implicit <span>
    
    
    Gltf.html:252:1: Warning: inserting implicit <span>
    
    
    Gltf.html:252:1: Warning: missing </span> before <p>
    
    
    Gltf.html:252:4: Warning: inserting implicit <span>
    
    
    Gltf.html:258:1: Warning: inserting implicit <span>
    
    
    Gltf.html:258:1: Warning: missing </span> before <p>
    
    
    Gltf.html:258:4: Warning: inserting implicit <span>
    
    
    Gltf.html:263:1: Warning: inserting implicit <span>
    
    
    Gltf.html:263:1: Warning: missing </span> before <h5>
    
    
    Gltf.html:263:5: Warning: inserting implicit <span>
    
    
    Gltf.html:265:16: Warning: inserting implicit <span>
    
    
    Gltf.html:265:16: Warning: missing </span> before <pre>
    
    
    Gltf.html:269:5: Warning: inserting implicit <span>
    
    
    Gltf.html:272:1: Warning: inserting implicit <span>
    
    
    Gltf.html:272:1: Warning: missing </span> before <dl>
    
    
    Gltf.html:274:5: Warning: inserting implicit <span>
    
    
    Gltf.html:274:33: Warning: inserting implicit <span>
    
    
    Gltf.html:274:33: Warning: missing </span> before <p>
    
    
    Gltf.html:274:36: Warning: inserting implicit <span>
    
    
    Gltf.html:276:5: Warning: inserting implicit <span>
    
    
    Gltf.html:276:33: Warning: inserting implicit <span>
    
    
    Gltf.html:276:33: Warning: missing </span> before <p>
    
    
    Gltf.html:276:36: Warning: inserting implicit <span>
    
    
    Gltf.html:278:5: Warning: inserting implicit <span>
    
    
    Gltf.html:278:32: Warning: inserting implicit <span>
    
    
    Gltf.html:278:32: Warning: missing </span> before <p>
    
    
    Gltf.html:278:35: Warning: inserting implicit <span>
    
    
    Gltf.html:280:5: Warning: inserting implicit <span>
    
    
    Gltf.html:280:37: Warning: inserting implicit <span>
    
    
    Gltf.html:280:37: Warning: missing </span> before <p>
    
    
    Gltf.html:280:40: Warning: inserting implicit <span>
    
    
    Gltf.html:289:5: Warning: inserting implicit <span>
    
    
    Gltf.html:291:4: Warning: inserting implicit <span>
    
    
    Gltf.html:295:1: Warning: inserting implicit <span>
    
    
    Gltf.html:295:1: Warning: missing </span> before <hr>
    
    
    Gltf.html:296:1: Warning: inserting implicit <span>
    
    
    Gltf.html:296:1: Warning: missing </span> before <h4>
    
    
    Gltf.html:300:5: Warning: inserting implicit <span>
    
    
    Gltf.html:302:4: Warning: inserting implicit <span>
    
    
    Gltf.html:306:1: Warning: inserting implicit <span>
    
    
    Gltf.html:306:1: Warning: missing </span> before <h5>
    
    
    Gltf.html:306:5: Warning: inserting implicit <span>
    
    
    Gltf.html:308:16: Warning: inserting implicit <span>
    
    
    Gltf.html:308:16: Warning: missing </span> before <pre>
    
    
    Gltf.html:312:5: Warning: inserting implicit <span>
    
    
    Gltf.html:315:1: Warning: inserting implicit <span>
    
    
    Gltf.html:315:1: Warning: missing </span> before <dl>
    
    
    Gltf.html:317:5: Warning: inserting implicit <span>
    
    
    Gltf.html:317:29: Warning: inserting implicit <span>
    
    
    Gltf.html:317:29: Warning: missing </span> before <p>
    
    
    Gltf.html:317:32: Warning: inserting implicit <span>
    
    
    Gltf.html:325:5: Warning: inserting implicit <span>
    
    
    Gltf.html:327:4: Warning: inserting implicit <span>
    
    
    Gltf.html:332:1: Warning: inserting implicit <span>
    
    
    Gltf.html:332:1: Warning: missing </span> before <hr>
    
    
    Gltf.html:333:1: Warning: inserting implicit <span>
    
    
    Gltf.html:333:1: Warning: missing </span> before <h4>
    
    
    Gltf.html:337:5: Warning: inserting implicit <span>
    
    
    Gltf.html:339:4: Warning: inserting implicit <span>
    
    
    Gltf.html:343:1: Warning: inserting implicit <span>
    
    
    Gltf.html:343:1: Warning: missing </span> before <h5>
    
    
    Gltf.html:343:5: Warning: inserting implicit <span>
    
    
    Gltf.html:345:16: Warning: inserting implicit <span>
    
    
    Gltf.html:345:16: Warning: missing </span> before <pre>
    
    
    Gltf.html:349:5: Warning: inserting implicit <span>
    
    
    Gltf.html:352:1: Warning: inserting implicit <span>
    
    
    Gltf.html:352:1: Warning: missing </span> before <dl>
    
    
    Gltf.html:354:5: Warning: inserting implicit <span>
    
    
    Gltf.html:354:29: Warning: inserting implicit <span>
    
    
    Gltf.html:354:29: Warning: missing </span> before <p>
    
    
    Gltf.html:354:32: Warning: inserting implicit <span>
    
    
    Gltf.html:356:5: Warning: inserting implicit <span>
    
    
    Gltf.html:356:32: Warning: inserting implicit <span>
    
    
    Gltf.html:356:32: Warning: missing </span> before <p>
    
    
    Gltf.html:356:35: Warning: inserting implicit <span>
    
    
    Gltf.html:364:1: Warning: inserting implicit <span>
    
    
    Gltf.html:364:1: Warning: missing </span> before <h4>
    
    
    Gltf.html:368:5: Warning: inserting implicit <span>
    
    
    Gltf.html:370:4: Warning: inserting implicit <span>
    
    
    Gltf.html:374:1: Warning: inserting implicit <span>
    
    
    Gltf.html:374:1: Warning: missing </span> before <h5>
    
    
    Gltf.html:374:5: Warning: inserting implicit <span>
    
    
    Gltf.html:376:16: Warning: inserting implicit <span>
    
    
    Gltf.html:376:16: Warning: missing </span> before <pre>
    
    
    Gltf.html:380:5: Warning: inserting implicit <span>
    
    
    Gltf.html:382:4: Warning: inserting implicit <span>
    
    
    Gltf.html:386:1: Warning: inserting implicit <span>
    
    
    Gltf.html:386:1: Warning: missing </span> before <hr>
    
    
    Gltf.html:387:1: Warning: inserting implicit <span>
    
    
    Gltf.html:387:1: Warning: missing </span> before <h4>
    
    
    Gltf.html:391:5: Warning: inserting implicit <span>
    
    
    Gltf.html:393:4: Warning: inserting implicit <span>
    
    
    Gltf.html:397:1: Warning: inserting implicit <span>
    
    
    Gltf.html:397:1: Warning: missing </span> before <h5>
    
    
    Gltf.html:397:5: Warning: inserting implicit <span>
    
    
    Gltf.html:399:16: Warning: inserting implicit <span>
    
    
    Gltf.html:399:16: Warning: missing </span> before <pre>
    
    
    Gltf.html:403:5: Warning: inserting implicit <span>
    
    
    Gltf.html:406:1: Warning: inserting implicit <span>
    
    
    Gltf.html:406:1: Warning: missing </span> before <dl>
    
    
    Gltf.html:408:5: Warning: inserting implicit <span>
    
    
    Gltf.html:408:32: Warning: inserting implicit <span>
    
    
    Gltf.html:408:32: Warning: missing </span> before <p>
    
    
    Gltf.html:408:35: Warning: inserting implicit <span>
    
    
    Gltf.html:410:5: Warning: inserting implicit <span>
    
    
    Gltf.html:410:31: Warning: inserting implicit <span>
    
    
    Gltf.html:410:31: Warning: missing </span> before <p>
    
    
    Gltf.html:410:34: Warning: inserting implicit <span>
    
    
    Gltf.html:418:1: Warning: inserting implicit <span>
    
    
    Gltf.html:418:1: Warning: missing </span> before <h4>
    
    
    Gltf.html:422:5: Warning: inserting implicit <span>
    
    
    Gltf.html:424:4: Warning: inserting implicit <span>
    
    
    Gltf.html:428:1: Warning: inserting implicit <span>
    
    
    Gltf.html:428:1: Warning: missing </span> before <h5>
    
    
    Gltf.html:428:5: Warning: inserting implicit <span>
    
    
    Gltf.html:430:16: Warning: inserting implicit <span>
    
    
    Gltf.html:430:16: Warning: missing </span> before <pre>
    
    
    Gltf.html:434:5: Warning: inserting implicit <span>
    
    
    Gltf.html:436:4: Warning: inserting implicit <span>
    
    
    Gltf.html:440:1: Warning: inserting implicit <span>
    
    
    Gltf.html:440:1: Warning: missing </span> before <hr>
    
    
    Gltf.html:441:1: Warning: inserting implicit <span>
    
    
    Gltf.html:441:1: Warning: missing </span> before <h4>
    
    
    Gltf.html:445:5: Warning: inserting implicit <span>
    
    
    Gltf.html:447:4: Warning: inserting implicit <span>
    
    
    Gltf.html:451:1: Warning: inserting implicit <span>
    
    
    Gltf.html:451:1: Warning: missing </span> before <h5>
    
    
    Gltf.html:451:5: Warning: inserting implicit <span>
    
    
    Gltf.html:453:16: Warning: inserting implicit <span>
    
    
    Gltf.html:453:16: Warning: missing </span> before <pre>
    
    
    Gltf.html:457:5: Warning: inserting implicit <span>
    
    
    Gltf.html:460:1: Warning: inserting implicit <span>
    
    
    Gltf.html:460:1: Warning: missing </span> before <dl>
    
    
    Gltf.html:462:5: Warning: inserting implicit <span>
    
    
    Gltf.html:462:28: Warning: inserting implicit <span>
    
    
    Gltf.html:462:28: Warning: missing </span> before <p>
    
    
    Gltf.html:462:31: Warning: inserting implicit <span>
    
    
    Gltf.html:470:5: Warning: inserting implicit <span>
    
    
    Gltf.html:472:4: Warning: inserting implicit <span>
    
    
    Gltf.html:477:1: Warning: inserting implicit <span>
    
    
    Gltf.html:477:1: Warning: missing </span> before <hr>
    
    
    Gltf.html:478:1: Warning: inserting implicit <span>
    
    
    Gltf.html:478:1: Warning: missing </span> before <h4>
    
    
    Gltf.html:482:5: Warning: inserting implicit <span>
    
    
    Gltf.html:484:4: Warning: inserting implicit <span>
    
    
    Gltf.html:488:1: Warning: inserting implicit <span>
    
    
    Gltf.html:488:1: Warning: missing </span> before <h5>
    
    
    Gltf.html:488:5: Warning: inserting implicit <span>
    
    
    Gltf.html:490:16: Warning: inserting implicit <span>
    
    
    Gltf.html:490:16: Warning: missing </span> before <pre>
    
    
    Gltf.html:494:5: Warning: inserting implicit <span>
    
    
    Gltf.html:497:1: Warning: inserting implicit <span>
    
    
    Gltf.html:497:1: Warning: missing </span> before <dl>
    
    
    Gltf.html:499:5: Warning: inserting implicit <span>
    
    
    Gltf.html:499:28: Warning: inserting implicit <span>
    
    
    Gltf.html:499:28: Warning: missing </span> before <p>
    
    
    Gltf.html:499:31: Warning: inserting implicit <span>
    
    
    Gltf.html:501:5: Warning: inserting implicit <span>
    
    
    Gltf.html:501:31: Warning: inserting implicit <span>
    
    
    Gltf.html:501:31: Warning: missing </span> before <p>
    
    
    Gltf.html:501:34: Warning: inserting implicit <span>
    
    
    Gltf.html:509:1: Warning: inserting implicit <span>
    
    
    Gltf.html:509:1: Warning: missing </span> before <h4>
    
    
    Gltf.html:513:5: Warning: inserting implicit <span>
    
    
    Gltf.html:515:4: Warning: inserting implicit <span>
    
    
    Gltf.html:519:1: Warning: inserting implicit <span>
    
    
    Gltf.html:519:1: Warning: missing </span> before <h5>
    
    
    Gltf.html:519:5: Warning: inserting implicit <span>
    
    
    Gltf.html:521:16: Warning: inserting implicit <span>
    
    
    Gltf.html:521:16: Warning: missing </span> before <pre>
    
    
    Gltf.html:525:5: Warning: inserting implicit <span>
    
    
    Gltf.html:528:1: Warning: inserting implicit <span>
    
    
    Gltf.html:528:1: Warning: missing </span> before <dl>
    
    
    Gltf.html:530:5: Warning: inserting implicit <span>
    
    
    Gltf.html:530:31: Warning: inserting implicit <span>
    
    
    Gltf.html:530:31: Warning: missing </span> before <p>
    
    
    Gltf.html:530:34: Warning: inserting implicit <span>
    
    
    Gltf.html:532:5: Warning: inserting implicit <span>
    
    
    Gltf.html:532:33: Warning: inserting implicit <span>
    
    
    Gltf.html:532:33: Warning: missing </span> before <p>
    
    
    Gltf.html:532:36: Warning: inserting implicit <span>
    
    
    Gltf.html:534:5: Warning: inserting implicit <span>
    
    
    Gltf.html:534:33: Warning: inserting implicit <span>
    
    
    Gltf.html:534:33: Warning: missing </span> before <p>
    
    
    Gltf.html:534:36: Warning: inserting implicit <span>
    
    
    Gltf.html:542:5: Warning: inserting implicit <span>
    
    
    Gltf.html:544:4: Warning: inserting implicit <span>
    
    
    Gltf.html:548:1: Warning: inserting implicit <span>
    
    
    Gltf.html:548:1: Warning: missing </span> before <hr>
    
    
    Gltf.html:549:1: Warning: inserting implicit <span>
    
    
    Gltf.html:549:1: Warning: missing </span> before <h4>
    
    
    Gltf.html:553:5: Warning: inserting implicit <span>
    
    
    Gltf.html:555:4: Warning: inserting implicit <span>
    
    
    Gltf.html:559:1: Warning: inserting implicit <span>
    
    
    Gltf.html:559:1: Warning: missing </span> before <h5>
    
    
    Gltf.html:559:5: Warning: inserting implicit <span>
    
    
    Gltf.html:561:16: Warning: inserting implicit <span>
    
    
    Gltf.html:561:16: Warning: missing </span> before <pre>
    
    
    Gltf.html:565:5: Warning: inserting implicit <span>
    
    
    Gltf.html:568:1: Warning: inserting implicit <span>
    
    
    Gltf.html:568:1: Warning: missing </span> before <dl>
    
    
    Gltf.html:570:5: Warning: inserting implicit <span>
    
    
    Gltf.html:570:33: Warning: inserting implicit <span>
    
    
    Gltf.html:570:33: Warning: missing </span> before <p>
    
    
    Gltf.html:570:36: Warning: inserting implicit <span>
    
    
    Gltf.html:572:5: Warning: inserting implicit <span>
    
    
    Gltf.html:572:31: Warning: inserting implicit <span>
    
    
    Gltf.html:572:31: Warning: missing </span> before <p>
    
    
    Gltf.html:572:34: Warning: inserting implicit <span>
    
    
    Gltf.html:580:1: Warning: inserting implicit <span>
    
    
    Gltf.html:580:1: Warning: missing </span> before <h4>
    
    
    Gltf.html:584:5: Warning: inserting implicit <span>
    
    
    Gltf.html:586:4: Warning: inserting implicit <span>
    
    
    Gltf.html:590:1: Warning: inserting implicit <span>
    
    
    Gltf.html:590:1: Warning: missing </span> before <h5>
    
    
    Gltf.html:590:5: Warning: inserting implicit <span>
    
    
    Gltf.html:592:16: Warning: inserting implicit <span>
    
    
    Gltf.html:592:16: Warning: missing </span> before <pre>
    
    
    Gltf.html:596:1: Warning: inserting implicit <span>
    
    
    Gltf.html:596:1: Warning: missing </span> before <h4>
    
    
    Gltf.html:600:5: Warning: inserting implicit <span>
    
    
    Gltf.html:602:4: Warning: inserting implicit <span>
    
    
    Gltf.html:606:1: Warning: inserting implicit <span>
    
    
    Gltf.html:606:1: Warning: missing </span> before <h5>
    
    
    Gltf.html:606:5: Warning: inserting implicit <span>
    
    
    Gltf.html:608:16: Warning: inserting implicit <span>
    
    
    Gltf.html:608:16: Warning: missing </span> before <pre>
    
    
    Gltf.html:612:5: Warning: inserting implicit <span>
    
    
    Gltf.html:615:1: Warning: inserting implicit <span>
    
    
    Gltf.html:615:1: Warning: missing </span> before <dl>
    
    
    Gltf.html:617:5: Warning: inserting implicit <span>
    
    
    Gltf.html:617:31: Warning: inserting implicit <span>
    
    
    Gltf.html:617:31: Warning: missing </span> before <p>
    
    
    Gltf.html:617:34: Warning: inserting implicit <span>
    
    
    Gltf.html:625:5: Warning: inserting implicit <span>
    
    
    Gltf.html:627:4: Warning: inserting implicit <span>
    
    
    Gltf.html:632:1: Warning: inserting implicit <span>
    
    
    Gltf.html:632:1: Warning: missing </span> before <hr>
    
    
    Gltf.html:633:1: Warning: inserting implicit <span>
    
    
    Gltf.html:633:1: Warning: missing </span> before <h4>
    
    
    Gltf.html:637:5: Warning: inserting implicit <span>
    
    
    Gltf.html:639:4: Warning: inserting implicit <span>
    
    
    Gltf.html:643:1: Warning: inserting implicit <span>
    
    
    Gltf.html:643:1: Warning: missing </span> before <h5>
    
    
    Gltf.html:643:5: Warning: inserting implicit <span>
    
    
    Gltf.html:645:16: Warning: inserting implicit <span>
    
    
    Gltf.html:645:16: Warning: missing </span> before <pre>
    
    
    Gltf.html:649:5: Warning: inserting implicit <span>
    
    
    Gltf.html:652:1: Warning: inserting implicit <span>
    
    
    Gltf.html:652:1: Warning: missing </span> before <dl>
    
    
    Gltf.html:654:5: Warning: inserting implicit <span>
    
    
    Gltf.html:654:28: Warning: inserting implicit <span>
    
    
    Gltf.html:654:28: Warning: missing </span> before <p>
    
    
    Gltf.html:654:31: Warning: inserting implicit <span>
    
    
    Gltf.html:656:5: Warning: inserting implicit <span>
    
    
    Gltf.html:656:31: Warning: inserting implicit <span>
    
    
    Gltf.html:656:31: Warning: missing </span> before <p>
    
    
    Gltf.html:656:34: Warning: inserting implicit <span>
    
    
    Gltf.html:664:1: Warning: inserting implicit <span>
    
    
    Gltf.html:664:1: Warning: missing </span> before <h4>
    
    
    Gltf.html:668:5: Warning: inserting implicit <span>
    
    
    Gltf.html:670:4: Warning: inserting implicit <span>
    
    
    Gltf.html:674:1: Warning: inserting implicit <span>
    
    
    Gltf.html:674:1: Warning: missing </span> before <h5>
    
    
    Gltf.html:674:5: Warning: inserting implicit <span>
    
    
    Gltf.html:676:16: Warning: inserting implicit <span>
    
    
    Gltf.html:676:16: Warning: missing </span> before <pre>
    
    
    Gltf.html:680:5: Warning: inserting implicit <span>
    
    
    Gltf.html:683:1: Warning: inserting implicit <span>
    
    
    Gltf.html:683:1: Warning: missing </span> before <dl>
    
    
    Gltf.html:685:5: Warning: inserting implicit <span>
    
    
    Gltf.html:685:31: Warning: inserting implicit <span>
    
    
    Gltf.html:685:31: Warning: missing </span> before <p>
    
    
    Gltf.html:685:34: Warning: inserting implicit <span>
    
    
    Gltf.html:687:5: Warning: inserting implicit <span>
    
    
    Gltf.html:687:30: Warning: inserting implicit <span>
    
    
    Gltf.html:687:30: Warning: missing </span> before <p>
    
    
    Gltf.html:687:33: Warning: inserting implicit <span>
    
    
    Gltf.html:695:5: Warning: inserting implicit <span>
    
    
    Gltf.html:697:4: Warning: inserting implicit <span>
    
    
    Gltf.html:701:1: Warning: inserting implicit <span>
    
    
    Gltf.html:701:1: Warning: missing </span> before <hr>
    
    
    Gltf.html:702:1: Warning: inserting implicit <span>
    
    
    Gltf.html:702:1: Warning: missing </span> before <h4>
    
    
    Gltf.html:706:5: Warning: inserting implicit <span>
    
    
    Gltf.html:708:4: Warning: inserting implicit <span>
    
    
    Gltf.html:710:1: Warning: inserting implicit <span>
    
    
    Gltf.html:710:1: Warning: missing </span> before <p>
    
    
    Gltf.html:710:4: Warning: inserting implicit <span>
    
    
    Gltf.html:716:1: Warning: inserting implicit <span>
    
    
    Gltf.html:716:1: Warning: missing </span> before <h5>
    
    
    Gltf.html:716:5: Warning: inserting implicit <span>
    
    
    Gltf.html:718:16: Warning: inserting implicit <span>
    
    
    Gltf.html:718:16: Warning: missing </span> before <pre>
    
    
    Gltf.html:722:5: Warning: inserting implicit <span>
    
    
    Gltf.html:725:1: Warning: inserting implicit <span>
    
    
    Gltf.html:725:1: Warning: missing </span> before <dl>
    
    
    Gltf.html:727:5: Warning: inserting implicit <span>
    
    
    Gltf.html:727:31: Warning: inserting implicit <span>
    
    
    Gltf.html:727:31: Warning: missing </span> before <p>
    
    
    Gltf.html:727:34: Warning: inserting implicit <span>
    
    
    Gltf.html:735:5: Warning: inserting implicit <span>
    
    
    Gltf.html:737:4: Warning: inserting implicit <span>
    
    
    Gltf.html:741:1: Warning: inserting implicit <span>
    
    
    Gltf.html:741:1: Warning: missing </span> before <hr>
    
    
    Gltf.html:742:1: Warning: inserting implicit <span>
    
    
    Gltf.html:742:1: Warning: missing </span> before <h4>
    
    
    Gltf.html:746:5: Warning: inserting implicit <span>
    
    
    Gltf.html:748:4: Warning: inserting implicit <span>
    
    
    Gltf.html:750:1: Warning: inserting implicit <span>
    
    
    Gltf.html:750:1: Warning: missing </span> before <p>
    
    
    Gltf.html:750:4: Warning: inserting implicit <span>
    
    
    Gltf.html:755:1: Warning: inserting implicit <span>
    
    
    Gltf.html:755:1: Warning: missing </span> before <h5>
    
    
    Gltf.html:755:5: Warning: inserting implicit <span>
    
    
    Gltf.html:757:16: Warning: inserting implicit <span>
    
    
    Gltf.html:757:16: Warning: missing </span> before <pre>
    
    
    Gltf.html:761:5: Warning: inserting implicit <span>
    
    
    Gltf.html:764:1: Warning: inserting implicit <span>
    
    
    Gltf.html:764:1: Warning: missing </span> before <dl>
    
    
    Gltf.html:766:5: Warning: inserting implicit <span>
    
    
    Gltf.html:766:31: Warning: inserting implicit <span>
    
    
    Gltf.html:766:31: Warning: missing </span> before <p>
    
    
    Gltf.html:766:34: Warning: inserting implicit <span>
    
    
    Gltf.html:774:5: Warning: inserting implicit <span>
    
    
    Gltf.html:776:4: Warning: inserting implicit <span>
    
    
    Gltf.html:780:1: Warning: inserting implicit <span>
    
    
    Gltf.html:780:1: Warning: missing </span> before <hr>
    
    
    Gltf.html:781:1: Warning: inserting implicit <span>
    
    
    Gltf.html:781:1: Warning: missing </span> before <h4>
    
    
    Gltf.html:785:5: Warning: inserting implicit <span>
    
    
    Gltf.html:787:4: Warning: inserting implicit <span>
    
    
    Gltf.html:791:1: Warning: inserting implicit <span>
    
    
    Gltf.html:791:1: Warning: missing </span> before <h5>
    
    
    Gltf.html:791:5: Warning: inserting implicit <span>
    
    
    Gltf.html:793:16: Warning: inserting implicit <span>
    
    
    Gltf.html:793:16: Warning: missing </span> before <pre>
    
    
    Gltf.html:797:5: Warning: inserting implicit <span>
    
    
    Gltf.html:800:1: Warning: inserting implicit <span>
    
    
    Gltf.html:800:1: Warning: missing </span> before <dl>
    
    
    Gltf.html:802:5: Warning: inserting implicit <span>
    
    
    Gltf.html:802:30: Warning: inserting implicit <span>
    
    
    Gltf.html:802:30: Warning: missing </span> before <p>
    
    
    Gltf.html:802:33: Warning: inserting implicit <span>
    
    
    Gltf.html:810:5: Warning: inserting implicit <span>
    
    
    Gltf.html:812:4: Warning: inserting implicit <span>
    
    
    Gltf.html:817:1: Warning: inserting implicit <span>
    
    
    Gltf.html:817:1: Warning: missing </span> before <hr>
    
    
    Gltf.html:818:1: Warning: inserting implicit <span>
    
    
    Gltf.html:818:1: Warning: missing </span> before <h4>
    
    
    Gltf.html:822:5: Warning: inserting implicit <span>
    
    
    Gltf.html:824:4: Warning: inserting implicit <span>
    
    
    Gltf.html:828:1: Warning: inserting implicit <span>
    
    
    Gltf.html:828:1: Warning: missing </span> before <h5>
    
    
    Gltf.html:828:5: Warning: inserting implicit <span>
    
    
    Gltf.html:830:16: Warning: inserting implicit <span>
    
    
    Gltf.html:830:16: Warning: missing </span> before <pre>
    
    
    Gltf.html:834:5: Warning: inserting implicit <span>
    
    
    Gltf.html:836:4: Warning: inserting implicit <span>
    
    
    Gltf.html:840:1: Warning: inserting implicit <span>
    
    
    Gltf.html:840:1: Warning: missing </span> before <hr>
    
    
    Gltf.html:841:1: Warning: inserting implicit <span>
    
    
    Gltf.html:841:1: Warning: missing </span> before <h4>
    
    
    Gltf.html:845:5: Warning: inserting implicit <span>
    
    
    Gltf.html:847:4: Warning: inserting implicit <span>
    
    
    Gltf.html:851:1: Warning: inserting implicit <span>
    
    
    Gltf.html:851:1: Warning: missing </span> before <h5>
    
    
    Gltf.html:851:5: Warning: inserting implicit <span>
    
    
    Gltf.html:853:16: Warning: inserting implicit <span>
    
    
    Gltf.html:853:16: Warning: missing </span> before <pre>
    
    
    Gltf.html:857:5: Warning: inserting implicit <span>
    
    
    Gltf.html:860:1: Warning: inserting implicit <span>
    
    
    Gltf.html:860:1: Warning: missing </span> before <dl>
    
    
    Gltf.html:862:5: Warning: inserting implicit <span>
    
    
    Gltf.html:862:33: Warning: inserting implicit <span>
    
    
    Gltf.html:862:33: Warning: missing </span> before <p>
    
    
    Gltf.html:862:36: Warning: inserting implicit <span>
    
    
    Gltf.html:870:1: Warning: inserting implicit <span>
    
    
    Gltf.html:870:1: Warning: missing </span> before <h4>
    
    
    Gltf.html:874:5: Warning: inserting implicit <span>
    
    
    Gltf.html:876:4: Warning: inserting implicit <span>
    
    
    Gltf.html:880:1: Warning: inserting implicit <span>
    
    
    Gltf.html:880:1: Warning: missing </span> before <h5>
    
    
    Gltf.html:880:5: Warning: inserting implicit <span>
    
    
    Gltf.html:882:16: Warning: inserting implicit <span>
    
    
    Gltf.html:882:16: Warning: missing </span> before <pre>
    
    
    Gltf.html:886:5: Warning: inserting implicit <span>
    
    
    Gltf.html:889:1: Warning: inserting implicit <span>
    
    
    Gltf.html:889:1: Warning: missing </span> before <dl>
    
    
    Gltf.html:891:5: Warning: inserting implicit <span>
    
    
    Gltf.html:891:28: Warning: inserting implicit <span>
    
    
    Gltf.html:891:28: Warning: missing </span> before <p>
    
    
    Gltf.html:891:31: Warning: inserting implicit <span>
    
    
    Gltf.html:899:5: Warning: inserting implicit <span>
    
    
    Gltf.html:901:4: Warning: inserting implicit <span>
    
    
    Gltf.html:906:1: Warning: inserting implicit <span>
    
    
    Gltf.html:906:1: Warning: missing </span> before <hr>
    
    
    Gltf.html:907:1: Warning: inserting implicit <span>
    
    
    Gltf.html:907:1: Warning: missing </span> before <h4>
    
    
    Gltf.html:911:5: Warning: inserting implicit <span>
    
    
    Gltf.html:913:4: Warning: inserting implicit <span>
    
    
    Gltf.html:917:1: Warning: inserting implicit <span>
    
    
    Gltf.html:917:1: Warning: missing </span> before <h5>
    
    
    Gltf.html:917:5: Warning: inserting implicit <span>
    
    
    Gltf.html:919:16: Warning: inserting implicit <span>
    
    
    Gltf.html:919:16: Warning: missing </span> before <pre>
    
    
    Gltf.html:923:5: Warning: inserting implicit <span>
    
    
    Gltf.html:926:1: Warning: inserting implicit <span>
    
    
    Gltf.html:926:1: Warning: missing </span> before <dl>
    
    
    Gltf.html:928:5: Warning: inserting implicit <span>
    
    
    Gltf.html:928:28: Warning: inserting implicit <span>
    
    
    Gltf.html:928:28: Warning: missing </span> before <p>
    
    
    Gltf.html:928:31: Warning: inserting implicit <span>
    
    
    Gltf.html:930:5: Warning: inserting implicit <span>
    
    
    Gltf.html:930:31: Warning: inserting implicit <span>
    
    
    Gltf.html:930:31: Warning: missing </span> before <p>
    
    
    Gltf.html:930:34: Warning: inserting implicit <span>
    
    
    Gltf.html:938:1: Warning: inserting implicit <span>
    
    
    Gltf.html:938:1: Warning: missing </span> before <h4>
    
    
    Gltf.html:942:5: Warning: inserting implicit <span>
    
    
    Gltf.html:944:4: Warning: inserting implicit <span>
    
    
    Gltf.html:948:1: Warning: inserting implicit <span>
    
    
    Gltf.html:948:1: Warning: missing </span> before <h5>
    
    
    Gltf.html:948:5: Warning: inserting implicit <span>
    
    
    Gltf.html:950:16: Warning: inserting implicit <span>
    
    
    Gltf.html:950:16: Warning: missing </span> before <pre>
    
    
    Gltf.html:954:5: Warning: inserting implicit <span>
    
    
    Gltf.html:957:1: Warning: inserting implicit <span>
    
    
    Gltf.html:957:1: Warning: missing </span> before <dl>
    
    
    Gltf.html:959:5: Warning: inserting implicit <span>
    
    
    Gltf.html:959:37: Warning: inserting implicit <span>
    
    
    Gltf.html:959:37: Warning: missing </span> before <p>
    
    
    Gltf.html:959:40: Warning: inserting implicit <span>
    
    
    Gltf.html:967:5: Warning: inserting implicit <span>
    
    
    Gltf.html:969:4: Warning: inserting implicit <span>
    
    
    Gltf.html:973:1: Warning: inserting implicit <span>
    
    
    Gltf.html:973:1: Warning: missing </span> before <hr>
    
    
    Gltf.html:974:1: Warning: inserting implicit <span>
    
    
    Gltf.html:974:1: Warning: missing </span> before <h4>
    
    
    Gltf.html:978:5: Warning: inserting implicit <span>
    
    
    Gltf.html:980:4: Warning: inserting implicit <span>
    
    
    Gltf.html:984:1: Warning: inserting implicit <span>
    
    
    Gltf.html:984:1: Warning: missing </span> before <h5>
    
    
    Gltf.html:984:5: Warning: inserting implicit <span>
    
    
    Gltf.html:986:16: Warning: inserting implicit <span>
    
    
    Gltf.html:986:16: Warning: missing </span> before <pre>
    
    
    Gltf.html:990:5: Warning: inserting implicit <span>
    
    
    Gltf.html:993:1: Warning: inserting implicit <span>
    
    
    Gltf.html:993:1: Warning: missing </span> before <dl>
    
    
    Gltf.html:995:5: Warning: inserting implicit <span>
    
    
    Gltf.html:995:28: Warning: inserting implicit <span>
    
    
    Gltf.html:995:28: Warning: missing </span> before <p>
    
    
    Gltf.html:995:31: Warning: inserting implicit <span>
    
    
    Gltf.html:1003:5: Warning: inserting implicit <span>
    
    
    Gltf.html:1005:4: Warning: inserting implicit <span>
    
    
    Gltf.html:1010:1: Warning: inserting implicit <span>
    
    
    Gltf.html:1010:1: Warning: missing </span> before <hr>
    
    
    Gltf.html:1011:1: Warning: inserting implicit <span>
    
    
    Gltf.html:1011:1: Warning: missing </span> before <h4>
    
    
    Gltf.html:1015:5: Warning: inserting implicit <span>
    
    
    Gltf.html:1017:4: Warning: inserting implicit <span>
    
    
    Gltf.html:1021:1: Warning: inserting implicit <span>
    
    
    Gltf.html:1021:1: Warning: missing </span> before <h5>
    
    
    Gltf.html:1021:5: Warning: inserting implicit <span>
    
    
    Gltf.html:1023:16: Warning: inserting implicit <span>
    
    
    Gltf.html:1023:16: Warning: missing </span> before <pre>
    
    
    Gltf.html:1027:5: Warning: inserting implicit <span>
    
    
    Gltf.html:1030:1: Warning: inserting implicit <span>
    
    
    Gltf.html:1030:1: Warning: missing </span> before <dl>
    
    
    Gltf.html:1032:5: Warning: inserting implicit <span>
    
    
    Gltf.html:1032:30: Warning: inserting implicit <span>
    
    
    Gltf.html:1032:30: Warning: missing </span> before <p>
    
    
    Gltf.html:1032:33: Warning: inserting implicit <span>
    
    
    Gltf.html:1040:5: Warning: inserting implicit <span>
    
    
    Gltf.html:1042:4: Warning: inserting implicit <span>
    
    
    Gltf.html:1047:1: Warning: inserting implicit <span>
    
    
    Gltf.html:1047:1: Warning: missing </span> before <hr>
    
    
    Gltf.html:1048:1: Warning: inserting implicit <span>
    
    
    Gltf.html:1048:1: Warning: missing </span> before <h4>
    
    
    Gltf.html:1052:5: Warning: inserting implicit <span>
    
    
    Gltf.html:1054:4: Warning: inserting implicit <span>
    
    
    Gltf.html:1058:1: Warning: inserting implicit <span>
    
    
    Gltf.html:1058:1: Warning: missing </span> before <h5>
    
    
    Gltf.html:1058:5: Warning: inserting implicit <span>
    
    
    Gltf.html:1060:16: Warning: inserting implicit <span>
    
    
    Gltf.html:1060:16: Warning: missing </span> before <pre>
    
    
    Gltf.html:1064:5: Warning: inserting implicit <span>
    
    
    Gltf.html:1067:1: Warning: inserting implicit <span>
    
    
    Gltf.html:1067:1: Warning: missing </span> before <dl>
    
    
    Gltf.html:1069:5: Warning: inserting implicit <span>
    
    
    Gltf.html:1069:29: Warning: inserting implicit <span>
    
    
    Gltf.html:1069:29: Warning: missing </span> before <p>
    
    
    Gltf.html:1069:32: Warning: inserting implicit <span>
    
    
    Gltf.html:1077:5: Warning: inserting implicit <span>
    
    
    Gltf.html:1079:4: Warning: inserting implicit <span>
    
    
    Gltf.html:1084:1: Warning: inserting implicit <span>
    
    
    Gltf.html:1084:1: Warning: missing </span> before <hr>
    
    
    Gltf.html:1085:1: Warning: inserting implicit <span>
    
    
    Gltf.html:1085:1: Warning: missing </span> before <h4>
    
    
    Gltf.html:1089:5: Warning: inserting implicit <span>
    
    
    Gltf.html:1091:4: Warning: inserting implicit <span>
    
    
    Gltf.html:1093:1: Warning: inserting implicit <span>
    
    
    Gltf.html:1093:1: Warning: missing </span> before <p>
    
    
    Gltf.html:1093:4: Warning: inserting implicit <span>
    
    
    Gltf.html:1097:1: Warning: inserting implicit <span>
    
    
    Gltf.html:1097:1: Warning: missing </span> before <h5>
    
    
    Gltf.html:1097:5: Warning: inserting implicit <span>
    
    
    Gltf.html:1099:16: Warning: inserting implicit <span>
    
    
    Gltf.html:1099:16: Warning: missing </span> before <pre>
    
    
    Gltf.html:1103:5: Warning: inserting implicit <span>
    
    
    Gltf.html:1106:1: Warning: inserting implicit <span>
    
    
    Gltf.html:1106:1: Warning: missing </span> before <dl>
    
    
    Gltf.html:1108:5: Warning: inserting implicit <span>
    
    
    Gltf.html:1108:30: Warning: inserting implicit <span>
    
    
    Gltf.html:1108:30: Warning: missing </span> before <p>
    
    
    Gltf.html:1108:33: Warning: inserting implicit <span>
    
    
    Gltf.html:1110:5: Warning: inserting implicit <span>
    
    
    Gltf.html:1110:42: Warning: inserting implicit <span>
    
    
    Gltf.html:1110:42: Warning: missing </span> before <p>
    
    
    Gltf.html:1110:45: Warning: inserting implicit <span>
    
    
    Gltf.html:1118:5: Warning: inserting implicit <span>
    
    
    Gltf.html:1120:4: Warning: inserting implicit <span>
    
    
    Gltf.html:1124:1: Warning: inserting implicit <span>
    
    
    Gltf.html:1124:1: Warning: missing </span> before <hr>
    
    
    Gltf.html:1125:1: Warning: inserting implicit <span>
    
    
    Gltf.html:1125:1: Warning: missing </span> before <h4>
    
    
    Gltf.html:1129:5: Warning: inserting implicit <span>
    
    
    Gltf.html:1131:4: Warning: inserting implicit <span>
    
    
    Gltf.html:1135:1: Warning: inserting implicit <span>
    
    
    Gltf.html:1135:1: Warning: missing </span> before <h5>
    
    
    Gltf.html:1135:5: Warning: inserting implicit <span>
    
    
    Gltf.html:1137:16: Warning: inserting implicit <span>
    
    
    Gltf.html:1137:16: Warning: missing </span> before <pre>
    
    
    Gltf.html:1141:5: Warning: inserting implicit <span>
    
    
    Gltf.html:1144:1: Warning: inserting implicit <span>
    
    
    Gltf.html:1144:1: Warning: missing </span> before <dl>
    
    
    Gltf.html:1146:5: Warning: inserting implicit <span>
    
    
    Gltf.html:1146:30: Warning: inserting implicit <span>
    
    
    Gltf.html:1146:30: Warning: missing </span> before <p>
    
    
    Gltf.html:1146:33: Warning: inserting implicit <span>
    
    
    Gltf.html:1154:5: Warning: inserting implicit <span>
    
    
    Gltf.html:1156:4: Warning: inserting implicit <span>
    
    
    Gltf.html:1160:1: Warning: inserting implicit <span>
    
    
    Gltf.html:1160:1: Warning: missing </span> before <hr>
    
    
    Gltf.html:1161:1: Warning: inserting implicit <span>
    
    
    Gltf.html:1161:1: Warning: missing </span> before <h4>
    
    
    Gltf.html:1165:5: Warning: inserting implicit <span>
    
    
    Gltf.html:1167:4: Warning: inserting implicit <span>
    
    
    Gltf.html:1171:1: Warning: inserting implicit <span>
    
    
    Gltf.html:1171:1: Warning: missing </span> before <h5>
    
    
    Gltf.html:1171:5: Warning: inserting implicit <span>
    
    
    Gltf.html:1173:16: Warning: inserting implicit <span>
    
    
    Gltf.html:1173:16: Warning: missing </span> before <pre>
    
    
    Gltf.html:1177:5: Warning: inserting implicit <span>
    
    
    Gltf.html:1180:1: Warning: inserting implicit <span>
    
    
    Gltf.html:1180:1: Warning: missing </span> before <dl>
    
    
    Gltf.html:1182:5: Warning: inserting implicit <span>
    
    
    Gltf.html:1182:30: Warning: inserting implicit <span>
    
    
    Gltf.html:1182:30: Warning: missing </span> before <p>
    
    
    Gltf.html:1182:33: Warning: inserting implicit <span>
    
    
    Gltf.html:1190:5: Warning: inserting implicit <span>
    
    
    Gltf.html:1192:4: Warning: inserting implicit <span>
    
    
    Gltf.html:1196:1: Warning: inserting implicit <span>
    
    
    Gltf.html:1196:1: Warning: missing </span> before <hr>
    
    
    Gltf.html:1197:1: Warning: inserting implicit <span>
    
    
    Gltf.html:1197:1: Warning: missing </span> before <h4>
    
    
    Gltf.html:1201:5: Warning: inserting implicit <span>
    
    
    Gltf.html:1203:4: Warning: inserting implicit <span>
    
    
    Gltf.html:1207:1: Warning: inserting implicit <span>
    
    
    Gltf.html:1207:1: Warning: missing </span> before <h5>
    
    
    Gltf.html:1207:5: Warning: inserting implicit <span>
    
    
    Gltf.html:1209:16: Warning: inserting implicit <span>
    
    
    Gltf.html:1209:16: Warning: missing </span> before <pre>
    
    
    Gltf.html:1213:5: Warning: inserting implicit <span>
    
    
    Gltf.html:1216:1: Warning: inserting implicit <span>
    
    
    Gltf.html:1216:1: Warning: missing </span> before <dl>
    
    
    Gltf.html:1218:5: Warning: inserting implicit <span>
    
    
    Gltf.html:1218:30: Warning: inserting implicit <span>
    
    
    Gltf.html:1218:30: Warning: missing </span> before <p>
    
    
    Gltf.html:1218:33: Warning: inserting implicit <span>
    
    
    Gltf.html:1226:5: Warning: inserting implicit <span>
    
    
    Gltf.html:1228:4: Warning: inserting implicit <span>
    
    
    Gltf.html:1232:1: Warning: inserting implicit <span>
    
    
    Gltf.html:1232:1: Warning: missing </span> before <hr>
    
    
    Gltf.html:1233:1: Warning: inserting implicit <span>
    
    
    Gltf.html:1233:1: Warning: missing </span> before <h4>
    
    
    Gltf.html:1237:5: Warning: inserting implicit <span>
    
    
    Gltf.html:1239:4: Warning: inserting implicit <span>
    
    
    Gltf.html:1243:1: Warning: inserting implicit <span>
    
    
    Gltf.html:1243:1: Warning: missing </span> before <h5>
    
    
    Gltf.html:1243:5: Warning: inserting implicit <span>
    
    
    Gltf.html:1245:16: Warning: inserting implicit <span>
    
    
    Gltf.html:1245:16: Warning: missing </span> before <pre>
    
    
    Gltf.html:1249:5: Warning: inserting implicit <span>
    
    
    Gltf.html:1252:1: Warning: inserting implicit <span>
    
    
    Gltf.html:1252:1: Warning: missing </span> before <dl>
    
    
    Gltf.html:1254:5: Warning: inserting implicit <span>
    
    
    Gltf.html:1254:35: Warning: inserting implicit <span>
    
    
    Gltf.html:1254:35: Warning: missing </span> before <p>
    
    
    Gltf.html:1254:38: Warning: inserting implicit <span>
    
    
    Gltf.html:1262:5: Warning: inserting implicit <span>
    
    
    Gltf.html:1264:4: Warning: inserting implicit <span>
    
    
    Gltf.html:1268:1: Warning: inserting implicit <span>
    
    
    Gltf.html:1268:1: Warning: missing </span> before <hr>
    
    
    Gltf.html:1269:1: Warning: inserting implicit <span>
    
    
    Gltf.html:1269:1: Warning: missing </span> before <h4>
    
    
    Gltf.html:1273:5: Warning: inserting implicit <span>
    
    
    Gltf.html:1275:4: Warning: inserting implicit <span>
    
    
    Gltf.html:1279:1: Warning: inserting implicit <span>
    
    
    Gltf.html:1279:1: Warning: missing </span> before <h5>
    
    
    Gltf.html:1279:5: Warning: inserting implicit <span>
    
    
    Gltf.html:1281:16: Warning: inserting implicit <span>
    
    
    Gltf.html:1281:16: Warning: missing </span> before <pre>
    
    
    Gltf.html:1290:5: Warning: inserting implicit <span>
    
    
    Gltf.html:1293:1: Warning: inserting implicit <span>
    
    
    Gltf.html:1293:1: Warning: missing </span> before <dl>
    
    
    Gltf.html:1295:5: Warning: inserting implicit <span>
    
    
    Gltf.html:1295:33: Warning: inserting implicit <span>
    
    
    Gltf.html:1295:33: Warning: missing </span> before <p>
    
    
    Gltf.html:1295:36: Warning: inserting implicit <span>
    
    
    Gltf.html:1297:5: Warning: inserting implicit <span>
    
    
    Gltf.html:1297:33: Warning: inserting implicit <span>
    
    
    Gltf.html:1297:33: Warning: missing </span> before <p>
    
    
    Gltf.html:1297:36: Warning: inserting implicit <span>
    
    
    Gltf.html:1299:5: Warning: inserting implicit <span>
    
    
    Gltf.html:1299:32: Warning: inserting implicit <span>
    
    
    Gltf.html:1299:32: Warning: missing </span> before <p>
    
    
    Gltf.html:1299:35: Warning: inserting implicit <span>
    
    
    Gltf.html:1301:5: Warning: inserting implicit <span>
    
    
    Gltf.html:1301:37: Warning: inserting implicit <span>
    
    
    Gltf.html:1301:37: Warning: missing </span> before <p>
    
    
    Gltf.html:1301:40: Warning: inserting implicit <span>
    
    
    Gltf.html:1309:5: Warning: inserting implicit <span>
    
    
    Gltf.html:1311:4: Warning: inserting implicit <span>
    
    
    Gltf.html:1315:1: Warning: inserting implicit <span>
    
    
    Gltf.html:1315:1: Warning: missing </span> before <hr>
    
    
    Gltf.html:1316:1: Warning: inserting implicit <span>
    
    
    Gltf.html:1316:1: Warning: missing </span> before <h4>
    
    
    Gltf.html:1320:5: Warning: inserting implicit <span>
    
    
    Gltf.html:1322:4: Warning: inserting implicit <span>
    
    
    Gltf.html:1326:1: Warning: inserting implicit <span>
    
    
    Gltf.html:1326:1: Warning: missing </span> before <h5>
    
    
    Gltf.html:1326:5: Warning: inserting implicit <span>
    
    
    Gltf.html:1328:16: Warning: inserting implicit <span>
    
    
    Gltf.html:1328:16: Warning: missing </span> before <pre>
    
    
    Gltf.html:1332:5: Warning: inserting implicit <span>
    
    
    Gltf.html:1335:1: Warning: inserting implicit <span>
    
    
    Gltf.html:1335:1: Warning: missing </span> before <dl>
    
    
    Gltf.html:1337:5: Warning: inserting implicit <span>
    
    
    Gltf.html:1337:31: Warning: inserting implicit <span>
    
    
    Gltf.html:1337:31: Warning: missing </span> before <p>
    
    
    Gltf.html:1337:34: Warning: inserting implicit <span>
    
    
    Gltf.html:1339:5: Warning: inserting implicit <span>
    
    
    Gltf.html:1339:31: Warning: inserting implicit <span>
    
    
    Gltf.html:1339:31: Warning: missing </span> before <p>
    
    
    Gltf.html:1339:34: Warning: inserting implicit <span>
    
    
    Gltf.html:1341:5: Warning: inserting implicit <span>
    
    
    Gltf.html:1341:37: Warning: inserting implicit <span>
    
    
    Gltf.html:1341:37: Warning: missing </span> before <p>
    
    
    Gltf.html:1341:40: Warning: inserting implicit <span>
    
    
    Gltf.html:1343:5: Warning: inserting implicit <span>
    
    
    Gltf.html:1343:33: Warning: inserting implicit <span>
    
    
    Gltf.html:1343:33: Warning: missing </span> before <p>
    
    
    Gltf.html:1343:36: Warning: inserting implicit <span>
    
    
    Gltf.html:1351:5: Warning: inserting implicit <span>
    
    
    Gltf.html:1353:4: Warning: inserting implicit <span>
    
    
    Gltf.html:1358:1: Warning: inserting implicit <span>
    
    
    Gltf.html:1358:1: Warning: missing </span> before <hr>
    
    
    Gltf.html:1359:1: Warning: inserting implicit <span>
    
    
    Gltf.html:1359:1: Warning: missing </span> before <h4>
    
    
    Gltf.html:1363:5: Warning: inserting implicit <span>
    
    
    Gltf.html:1365:4: Warning: inserting implicit <span>
    
    
    Gltf.html:1369:1: Warning: inserting implicit <span>
    
    
    Gltf.html:1369:1: Warning: missing </span> before <h5>
    
    
    Gltf.html:1369:5: Warning: inserting implicit <span>
    
    
    Gltf.html:1371:16: Warning: inserting implicit <span>
    
    
    Gltf.html:1371:16: Warning: missing </span> before <pre>
    
    
    Gltf.html:1375:5: Warning: inserting implicit <span>
    
    
    Gltf.html:1377:4: Warning: inserting implicit <span>
    
    
    Gltf.html:1382:1: Warning: inserting implicit <span>
    
    
    Gltf.html:1382:1: Warning: missing </span> before <hr>
    
    
    Gltf.html:1383:1: Warning: inserting implicit <span>
    
    
    Gltf.html:1383:1: Warning: missing </span> before <h4>
    
    
    Gltf.html:1387:5: Warning: inserting implicit <span>
    
    
    Gltf.html:1389:4: Warning: inserting implicit <span>
    
    
    Gltf.html:1393:1: Warning: inserting implicit <span>
    
    
    Gltf.html:1393:1: Warning: missing </span> before <h5>
    
    
    Gltf.html:1393:5: Warning: inserting implicit <span>
    
    
    Gltf.html:1395:16: Warning: inserting implicit <span>
    
    
    Gltf.html:1395:16: Warning: missing </span> before <pre>
    
    
    Gltf.html:1399:5: Warning: inserting implicit <span>
    
    
    Gltf.html:1402:1: Warning: inserting implicit <span>
    
    
    Gltf.html:1402:1: Warning: missing </span> before <dl>
    
    
    Gltf.html:1404:5: Warning: inserting implicit <span>
    
    
    Gltf.html:1404:34: Warning: inserting implicit <span>
    
    
    Gltf.html:1404:34: Warning: missing </span> before <p>
    
    
    Gltf.html:1404:37: Warning: inserting implicit <span>
    
    
    Gltf.html:1406:5: Warning: inserting implicit <span>
    
    
    Gltf.html:1406:36: Warning: inserting implicit <span>
    
    
    Gltf.html:1406:36: Warning: missing </span> before <p>
    
    
    Gltf.html:1406:39: Warning: inserting implicit <span>
    
    
    Gltf.html:1414:1: Warning: inserting implicit <span>
    
    
    Gltf.html:1414:1: Warning: missing </span> before <h4>
    
    
    Gltf.html:1418:5: Warning: inserting implicit <span>
    
    
    Gltf.html:1420:4: Warning: inserting implicit <span>
    
    
    Gltf.html:1424:1: Warning: inserting implicit <span>
    
    
    Gltf.html:1424:1: Warning: missing </span> before <h5>
    
    
    Gltf.html:1424:5: Warning: inserting implicit <span>
    
    
    Gltf.html:1426:16: Warning: inserting implicit <span>
    
    
    Gltf.html:1426:16: Warning: missing </span> before <pre>
    
    
    Gltf.html:1430:5: Warning: inserting implicit <span>
    
    
    Gltf.html:1433:1: Warning: inserting implicit <span>
    
    
    Gltf.html:1433:1: Warning: missing </span> before <dl>
    
    
    Gltf.html:1435:5: Warning: inserting implicit <span>
    
    
    Gltf.html:1435:28: Warning: inserting implicit <span>
    
    
    Gltf.html:1435:28: Warning: missing </span> before <p>
    
    
    Gltf.html:1435:31: Warning: inserting implicit <span>
    
    
    Gltf.html:1443:5: Warning: inserting implicit <span>
    
    
    Gltf.html:1445:4: Warning: inserting implicit <span>
    
    
    Gltf.html:1449:1: Warning: inserting implicit <span>
    
    
    Gltf.html:1449:1: Warning: missing </span> before <hr>
    
    
    Gltf.html:1450:1: Warning: inserting implicit <span>
    
    
    Gltf.html:1450:1: Warning: missing </span> before <h4>
    
    
    Gltf.html:1454:5: Warning: inserting implicit <span>
    
    
    Gltf.html:1456:4: Warning: inserting implicit <span>
    
    
    Gltf.html:1460:1: Warning: inserting implicit <span>
    
    
    Gltf.html:1460:1: Warning: missing </span> before <h5>
    
    
    Gltf.html:1460:5: Warning: inserting implicit <span>
    
    
    Gltf.html:1462:16: Warning: inserting implicit <span>
    
    
    Gltf.html:1462:16: Warning: missing </span> before <pre>
    
    
    Gltf.html:1466:5: Warning: inserting implicit <span>
    
    
    Gltf.html:1469:1: Warning: inserting implicit <span>
    
    
    Gltf.html:1469:1: Warning: missing </span> before <dl>
    
    
    Gltf.html:1471:5: Warning: inserting implicit <span>
    
    
    Gltf.html:1471:28: Warning: inserting implicit <span>
    
    
    Gltf.html:1471:28: Warning: missing </span> before <p>
    
    
    Gltf.html:1471:31: Warning: inserting implicit <span>
    
    
    Gltf.html:1479:5: Warning: inserting implicit <span>
    
    
    Gltf.html:1481:4: Warning: inserting implicit <span>
    
    
    Gltf.html:1485:1: Warning: inserting implicit <span>
    
    
    Gltf.html:1485:1: Warning: missing </span> before <hr>
    
    
    Gltf.html:1486:1: Warning: inserting implicit <span>
    
    
    Gltf.html:1486:1: Warning: missing </span> before <h4>
    
    
    Gltf.html:1490:5: Warning: inserting implicit <span>
    
    
    Gltf.html:1492:4: Warning: inserting implicit <span>
    
    
    Gltf.html:1496:1: Warning: inserting implicit <span>
    
    
    Gltf.html:1496:1: Warning: missing </span> before <h5>
    
    
    Gltf.html:1496:5: Warning: inserting implicit <span>
    
    
    Gltf.html:1498:16: Warning: inserting implicit <span>
    
    
    Gltf.html:1498:16: Warning: missing </span> before <pre>
    
    
    Gltf.html:1502:5: Warning: inserting implicit <span>
    
    
    Gltf.html:1505:1: Warning: inserting implicit <span>
    
    
    Gltf.html:1505:1: Warning: missing </span> before <dl>
    
    
    Gltf.html:1507:5: Warning: inserting implicit <span>
    
    
    Gltf.html:1507:30: Warning: inserting implicit <span>
    
    
    Gltf.html:1507:30: Warning: missing </span> before <p>
    
    
    Gltf.html:1507:33: Warning: inserting implicit <span>
    
    
    Gltf.html:1515:5: Warning: inserting implicit <span>
    
    
    Gltf.html:1517:4: Warning: inserting implicit <span>
    
    
    Gltf.html:1522:1: Warning: inserting implicit <span>
    
    
    Gltf.html:1522:1: Warning: missing </span> before <hr>
    
    
    Gltf.html:1523:1: Warning: inserting implicit <span>
    
    
    Gltf.html:1523:1: Warning: missing </span> before <h4>
    
    
    Gltf.html:1527:5: Warning: inserting implicit <span>
    
    
    Gltf.html:1529:4: Warning: inserting implicit <span>
    
    
    Gltf.html:1533:1: Warning: inserting implicit <span>
    
    
    Gltf.html:1533:1: Warning: missing </span> before <h5>
    
    
    Gltf.html:1533:5: Warning: inserting implicit <span>
    
    
    Gltf.html:1535:16: Warning: inserting implicit <span>
    
    
    Gltf.html:1535:16: Warning: missing </span> before <pre>
    
    
    Gltf.html:1539:5: Warning: inserting implicit <span>
    
    
    Gltf.html:1542:1: Warning: inserting implicit <span>
    
    
    Gltf.html:1542:1: Warning: missing </span> before <dl>
    
    
    Gltf.html:1544:5: Warning: inserting implicit <span>
    
    
    Gltf.html:1544:30: Warning: inserting implicit <span>
    
    
    Gltf.html:1544:30: Warning: missing </span> before <p>
    
    
    Gltf.html:1544:33: Warning: inserting implicit <span>
    
    
    Gltf.html:1546:5: Warning: inserting implicit <span>
    
    
    Gltf.html:1546:36: Warning: inserting implicit <span>
    
    
    Gltf.html:1546:36: Warning: missing </span> before <p>
    
    
    Gltf.html:1546:39: Warning: inserting implicit <span>
    
    
    Gltf.html:1554:1: Warning: inserting implicit <span>
    
    
    Gltf.html:1554:1: Warning: missing </span> before <h4>
    
    
    Gltf.html:1558:5: Warning: inserting implicit <span>
    
    
    Gltf.html:1560:4: Warning: inserting implicit <span>
    
    
    Gltf.html:1564:1: Warning: inserting implicit <span>
    
    
    Gltf.html:1564:1: Warning: missing </span> before <h5>
    
    
    Gltf.html:1564:5: Warning: inserting implicit <span>
    
    
    Gltf.html:1566:16: Warning: inserting implicit <span>
    
    
    Gltf.html:1566:16: Warning: missing </span> before <pre>
    
    
    Gltf.html:1570:5: Warning: inserting implicit <span>
    
    
    Gltf.html:1573:1: Warning: inserting implicit <span>
    
    
    Gltf.html:1573:1: Warning: missing </span> before <dl>
    
    
    Gltf.html:1575:5: Warning: inserting implicit <span>
    
    
    Gltf.html:1575:30: Warning: inserting implicit <span>
    
    
    Gltf.html:1575:30: Warning: missing </span> before <p>
    
    
    Gltf.html:1575:33: Warning: inserting implicit <span>
    
    
    Gltf.html:1583:5: Warning: inserting implicit <span>
    
    
    Gltf.html:1585:4: Warning: inserting implicit <span>
    
    
    Gltf.html:1589:1: Warning: inserting implicit <span>
    
    
    Gltf.html:1589:1: Warning: missing </span> before <hr>
    
    
    Gltf.html:1590:1: Warning: inserting implicit <span>
    
    
    Gltf.html:1590:1: Warning: missing </span> before <h4>
    
    
    Gltf.html:1594:5: Warning: inserting implicit <span>
    
    
    Gltf.html:1596:4: Warning: inserting implicit <span>
    
    
    Gltf.html:1598:1: Warning: inserting implicit <span>
    
    
    Gltf.html:1598:1: Warning: missing </span> before <p>
    
    
    Gltf.html:1598:4: Warning: inserting implicit <span>
    
    
    Gltf.html:1603:1: Warning: inserting implicit <span>
    
    
    Gltf.html:1603:1: Warning: missing </span> before <h5>
    
    
    Gltf.html:1603:5: Warning: inserting implicit <span>
    
    
    Gltf.html:1605:16: Warning: inserting implicit <span>
    
    
    Gltf.html:1605:16: Warning: missing </span> before <pre>
    
    
    Gltf.html:1609:5: Warning: inserting implicit <span>
    
    
    Gltf.html:1612:1: Warning: inserting implicit <span>
    
    
    Gltf.html:1612:1: Warning: missing </span> before <dl>
    
    
    Gltf.html:1614:5: Warning: inserting implicit <span>
    
    
    Gltf.html:1614:30: Warning: inserting implicit <span>
    
    
    Gltf.html:1614:30: Warning: missing </span> before <p>
    
    
    Gltf.html:1614:33: Warning: inserting implicit <span>
    
    
    Gltf.html:1622:5: Warning: inserting implicit <span>
    
    
    Gltf.html:1624:4: Warning: inserting implicit <span>
    
    
    Gltf.html:1628:1: Warning: inserting implicit <span>
    
    
    Gltf.html:1628:1: Warning: missing </span> before <hr>
    
    
    Gltf.html:1629:1: Warning: inserting implicit <span>
    
    
    Gltf.html:1629:1: Warning: missing </span> before <h4>
    
    
    Gltf.html:1633:5: Warning: inserting implicit <span>
    
    
    Gltf.html:1635:4: Warning: inserting implicit <span>
    
    
    Gltf.html:1637:1: Warning: inserting implicit <span>
    
    
    Gltf.html:1637:1: Warning: missing </span> before <p>
    
    
    Gltf.html:1637:4: Warning: inserting implicit <span>
    
    
    Gltf.html:1642:1: Warning: inserting implicit <span>
    
    
    Gltf.html:1642:1: Warning: missing </span> before <h5>
    
    
    Gltf.html:1642:5: Warning: inserting implicit <span>
    
    
    Gltf.html:1644:16: Warning: inserting implicit <span>
    
    
    Gltf.html:1644:16: Warning: missing </span> before <pre>
    
    
    Gltf.html:1648:5: Warning: inserting implicit <span>
    
    
    Gltf.html:1651:1: Warning: inserting implicit <span>
    
    
    Gltf.html:1651:1: Warning: missing </span> before <dl>
    
    
    Gltf.html:1653:5: Warning: inserting implicit <span>
    
    
    Gltf.html:1653:31: Warning: inserting implicit <span>
    
    
    Gltf.html:1653:31: Warning: missing </span> before <p>
    
    
    Gltf.html:1653:34: Warning: inserting implicit <span>
    
    
    Gltf.html:1655:5: Warning: inserting implicit <span>
    
    
    Gltf.html:1655:30: Warning: inserting implicit <span>
    
    
    Gltf.html:1655:30: Warning: missing </span> before <p>
    
    
    Gltf.html:1655:33: Warning: inserting implicit <span>
    
    
    Gltf.html:1663:5: Warning: inserting implicit <span>
    
    
    Gltf.html:1665:4: Warning: inserting implicit <span>
    
    
    Gltf.html:1669:1: Warning: inserting implicit <span>
    
    
    Gltf.html:1669:1: Warning: missing </span> before <hr>
    
    
    Gltf.html:1670:1: Warning: inserting implicit <span>
    
    
    Gltf.html:1670:1: Warning: missing </span> before <h4>
    
    
    Gltf.html:1674:5: Warning: inserting implicit <span>
    
    
    Gltf.html:1676:4: Warning: inserting implicit <span>
    
    
    Gltf.html:1680:1: Warning: inserting implicit <span>
    
    
    Gltf.html:1680:1: Warning: missing </span> before <h5>
    
    
    Gltf.html:1680:5: Warning: inserting implicit <span>
    
    
    Gltf.html:1682:16: Warning: inserting implicit <span>
    
    
    Gltf.html:1682:16: Warning: missing </span> before <pre>
    
    
    Gltf.html:1686:5: Warning: inserting implicit <span>
    
    
    Gltf.html:1689:1: Warning: inserting implicit <span>
    
    
    Gltf.html:1689:1: Warning: missing </span> before <dl>
    
    
    Gltf.html:1691:5: Warning: inserting implicit <span>
    
    
    Gltf.html:1691:34: Warning: inserting implicit <span>
    
    
    Gltf.html:1691:34: Warning: missing </span> before <p>
    
    
    Gltf.html:1691:37: Warning: inserting implicit <span>
    
    
    Gltf.html:1694:5: Warning: inserting implicit <span>
    
    
    Gltf.html:1694:32: Warning: inserting implicit <span>
    
    
    Gltf.html:1694:32: Warning: missing </span> before <p>
    
    
    Gltf.html:1694:35: Warning: inserting implicit <span>
    
    
    Gltf.html:1696:5: Warning: inserting implicit <span>
    
    
    Gltf.html:1696:37: Warning: inserting implicit <span>
    
    
    Gltf.html:1696:37: Warning: missing </span> before <p>
    
    
    Gltf.html:1696:40: Warning: inserting implicit <span>
    
    
    Gltf.html:1698:5: Warning: inserting implicit <span>
    
    
    Gltf.html:1698:30: Warning: inserting implicit <span>
    
    
    Gltf.html:1698:30: Warning: missing </span> before <p>
    
    
    Gltf.html:1698:33: Warning: inserting implicit <span>
    
    
    Gltf.html:1706:5: Warning: inserting implicit <span>
    
    
    Gltf.html:1709:1: Warning: inserting implicit <span>
    
    
    Gltf.html:1709:1: Warning: missing </span> before <pre>
    
    
    Gltf.html:1719:1: Warning: inserting implicit <span>
    
    
    Gltf.html:1719:1: Warning: missing </span> before <h4>
    
    
    Gltf.html:1723:5: Warning: inserting implicit <span>
    
    
    Gltf.html:1725:4: Warning: inserting implicit <span>
    
    
    Gltf.html:1729:1: Warning: inserting implicit <span>
    
    
    Gltf.html:1729:1: Warning: missing </span> before <h5>
    
    
    Gltf.html:1729:5: Warning: inserting implicit <span>
    
    
    Gltf.html:1731:16: Warning: inserting implicit <span>
    
    
    Gltf.html:1731:16: Warning: missing </span> before <pre>
    
    
    Gltf.html:1735:5: Warning: inserting implicit <span>
    
    
    Gltf.html:1738:1: Warning: inserting implicit <span>
    
    
    Gltf.html:1738:1: Warning: missing </span> before <dl>
    
    
    Gltf.html:1740:5: Warning: inserting implicit <span>
    
    
    Gltf.html:1740:31: Warning: inserting implicit <span>
    
    
    Gltf.html:1740:31: Warning: missing </span> before <p>
    
    
    Gltf.html:1740:34: Warning: inserting implicit <span>
    
    
    Gltf.html:1748:1: Warning: inserting implicit <span>
    
    
    Gltf.html:1748:1: Warning: missing </span> before <h4>
    
    
    Gltf.html:1752:5: Warning: inserting implicit <span>
    
    
    Gltf.html:1754:4: Warning: inserting implicit <span>
    
    
    Gltf.html:1758:1: Warning: inserting implicit <span>
    
    
    Gltf.html:1758:1: Warning: missing </span> before <h5>
    
    
    Gltf.html:1758:5: Warning: inserting implicit <span>
    
    
    Gltf.html:1760:16: Warning: inserting implicit <span>
    
    
    Gltf.html:1760:16: Warning: missing </span> before <pre>
    
    
    Gltf.html:1764:5: Warning: inserting implicit <span>
    
    
    Gltf.html:1767:1: Warning: inserting implicit <span>
    
    
    Gltf.html:1767:1: Warning: missing </span> before <dl>
    
    
    Gltf.html:1769:5: Warning: inserting implicit <span>
    
    
    Gltf.html:1769:31: Warning: inserting implicit <span>
    
    
    Gltf.html:1769:31: Warning: missing </span> before <p>
    
    
    Gltf.html:1769:34: Warning: inserting implicit <span>
    
    
    Gltf.html:1778:5: Warning: inserting implicit <span>
Flavor: r-devel-windows-x86_64

Version: 1.0.0
Check: package dependencies
Result: ERROR
    Package required and available but unsuitable version: ‘rgl’
    
    See section ‘The DESCRIPTION file’ in the ‘Writing R Extensions’
    manual.
Flavor: r-release-macos-x86_64