CRAN Package Check Results for Package rgho

Last updated on 2021-06-16 23:49:34 CEST.

Flavor Version Tinstall Tcheck Ttotal Status Flags
r-devel-linux-x86_64-debian-clang 2.0.1 5.59 78.22 83.81 NOTE
r-devel-linux-x86_64-debian-gcc 2.0.1 3.81 63.00 66.81 NOTE
r-devel-linux-x86_64-fedora-clang 2.0.1 114.65 NOTE
r-devel-linux-x86_64-fedora-gcc 2.0.1 103.58 NOTE
r-devel-windows-x86_64 2.0.1 10.00 101.00 111.00 NOTE
r-devel-windows-x86_64-gcc10-UCRT 2.0.1 NOTE
r-patched-linux-x86_64 2.0.1 4.52 79.26 83.78 NOTE
r-patched-solaris-x86 2.0.1 121.30 NOTE
r-release-linux-x86_64 2.0.1 4.07 79.76 83.83 NOTE
r-release-macos-arm64 2.0.1 NOTE
r-release-macos-x86_64 2.0.1 NOTE
r-release-windows-ix86+x86_64 2.0.1 13.00 167.00 180.00 NOTE
r-oldrel-macos-x86_64 2.0.1 OK
r-oldrel-windows-ix86+x86_64 2.0.1 9.00 105.00 114.00 OK

Check Details

Version: 2.0.1
Check: LazyData
Result: NOTE
     'LazyData' is specified without a 'data' directory
Flavors: r-devel-linux-x86_64-debian-clang, r-devel-linux-x86_64-debian-gcc, r-devel-linux-x86_64-fedora-clang, r-devel-linux-x86_64-fedora-gcc, r-devel-windows-x86_64, r-devel-windows-x86_64-gcc10-UCRT, r-patched-linux-x86_64, r-patched-solaris-x86, r-release-linux-x86_64, r-release-macos-arm64, r-release-macos-x86_64, r-release-windows-ix86+x86_64