Last updated on 2022-07-02 14:52:12 CEST.
Flavor | Version | Tinstall | Tcheck | Ttotal | Status | Flags |
---|---|---|---|---|---|---|
r-devel-linux-x86_64-debian-clang | 0.5-9 | 19.26 | 72.38 | 91.64 | OK | |
r-devel-linux-x86_64-debian-gcc | 0.5-9 | 13.76 | 55.72 | 69.48 | OK | |
r-devel-linux-x86_64-fedora-clang | 0.5-9 | 117.97 | OK | |||
r-devel-linux-x86_64-fedora-gcc | 0.5-9 | 118.24 | OK | |||
r-devel-windows-x86_64 | 0.5-9 | 85.00 | 144.00 | 229.00 | OK | |
r-patched-linux-x86_64 | 0.5-9 | 18.75 | 69.12 | 87.87 | OK | |
r-release-linux-x86_64 | 0.5-9 | 16.24 | 69.13 | 85.37 | OK | |
r-release-macos-arm64 | 0.5-9 | 42.00 | NOTE | |||
r-release-macos-x86_64 | 0.5-9 | 54.00 | OK | |||
r-release-windows-x86_64 | 0.5-9 | 140.00 | 148.00 | 288.00 | OK | |
r-oldrel-macos-arm64 | 0.5-9 | 48.00 | NOTE | |||
r-oldrel-macos-x86_64 | 0.5-9 | 57.00 | NOTE | |||
r-oldrel-windows-ix86+x86_64 | 0.5-9 | 80.00 | 153.00 | 233.00 | NOTE |
Version: 0.5-9
Check: installed package size
Result: NOTE
installed size is 34.3Mb
sub-directories of 1Mb or more:
libs 33.3Mb
Flavors: r-release-macos-arm64, r-oldrel-macos-arm64, r-oldrel-macos-x86_64, r-oldrel-windows-ix86+x86_64