CRAN Package Check Results for Package rgeoda

Last updated on 2022-08-20 07:08:07 CEST.

Flavor Version Tinstall Tcheck Ttotal Status Flags
r-devel-linux-x86_64-debian-clang 0.0.9 304.41 54.78 359.19 OK
r-devel-linux-x86_64-debian-gcc 0.0.9 252.66 45.31 297.97 OK
r-devel-linux-x86_64-fedora-clang 0.0.9 515.96 OK
r-devel-linux-x86_64-fedora-gcc 0.0.9 475.82 OK
r-devel-windows-x86_64 0.0.9 502.00 138.00 640.00 OK
r-patched-linux-x86_64 0.0.9 251.94 57.01 308.95 OK
r-release-linux-x86_64 0.0.9 OK
r-release-macos-arm64 0.0.9 99.00 NOTE
r-release-macos-x86_64 0.0.9 156.00 NOTE
r-release-windows-x86_64 0.0.9 495.00 126.00 621.00 OK
r-oldrel-macos-arm64 0.0.9 98.00 NOTE
r-oldrel-macos-x86_64 0.0.9 155.00 NOTE
r-oldrel-windows-ix86+x86_64 0.0.9 691.00 128.00 819.00 NOTE

Check Details

Version: 0.0.9
Check: installed package size
Result: NOTE
     installed size is 29.4Mb
     sub-directories of 1Mb or more:
     libs 28.1Mb
Flavors: r-release-macos-arm64, r-release-macos-x86_64, r-oldrel-macos-arm64, r-oldrel-macos-x86_64, r-oldrel-windows-ix86+x86_64