CRAN Package Check Results for Package rgdal

Last updated on 2023-03-22 12:53:59 CET.

Flavor Version Tinstall Tcheck Ttotal Status Flags
r-devel-linux-x86_64-debian-clang 1.6-5 37.40 122.29 159.69 OK
r-devel-linux-x86_64-debian-gcc 1.6-5 25.74 94.81 120.55 OK
r-devel-linux-x86_64-fedora-clang 1.6-5 221.71 NOTE
r-devel-linux-x86_64-fedora-gcc 1.6-5 201.98 OK
r-patched-linux-x86_64 1.6-5 33.13 117.71 150.84 OK
r-release-linux-x86_64 1.6-5 32.96 118.41 151.37 OK
r-release-macos-arm64 1.6-5 100.00 NOTE
r-release-macos-x86_64 1.6-5 142.00 NOTE
r-release-windows-x86_64 1.6-5 193.00 705.00 898.00 ERROR
r-oldrel-macos-arm64 1.6-5 95.00 NOTE
r-oldrel-macos-x86_64 1.6-5 145.00 NOTE
r-oldrel-windows-ix86+x86_64 1.6-5 201.00 577.00 778.00 WARN

Check Details

Version: 1.6-5
Check: installed package size
Result: NOTE
     installed size is 7.9Mb
     sub-directories of 1Mb or more:
     doc 3.7Mb
     pictures 1.3Mb
Flavors: r-devel-linux-x86_64-fedora-clang, r-release-macos-arm64, r-release-macos-x86_64, r-release-windows-x86_64, r-oldrel-macos-arm64, r-oldrel-macos-x86_64, r-oldrel-windows-ix86+x86_64

Version: 1.6-5
Check: re-building of vignette outputs
Result: ERROR
    Error(s) in re-building vignettes:
    --- re-building 'CRS_projections_transformations.Rmd' using rmarkdown
    Quitting from lines 330-331 (CRS_projections_transformations.Rmd)
    Error: processing vignette 'CRS_projections_transformations.Rmd' failed with diagnostics:
    failure in points 1
    --- failed re-building 'CRS_projections_transformations.Rmd'
    
    --- re-building 'PROJ6_GDAL3.Rmd' using rmarkdown
    hgridshift: could not find required grid(s).
    pipeline: Pipeline: Bad step definition: proj=hgridshift (File not found or invalid)
    hgridshift: could not find required grid(s).
    pipeline: Pipeline: Bad step definition: proj=hgridshift (File not found or invalid)
    hgridshift: could not find required grid(s).
    pipeline: Pipeline: Bad step definition: proj=hgridshift (File not found or invalid)
    hgridshift: could not find required grid(s).
    pipeline: Pipeline: Bad step definition: proj=hgridshift (File not found or invalid)
    hgridshift: could not find required grid(s).
    pipeline: Pipeline: Bad step definition: proj=hgridshift (File not found or invalid)
    hgridshift: could not find required grid(s).
    pipeline: Pipeline: Bad step definition: proj=hgridshift (File not found or invalid)
    hgridshift: could not find required grid(s).
    pipeline: Pipeline: Bad step definition: proj=hgridshift (File not found or invalid)
    hgridshift: could not find required grid(s).
    pipeline: Pipeline: Bad step definition: proj=hgridshift (File not found or invalid)
    --- finished re-building 'PROJ6_GDAL3.Rmd'
    
    --- re-building 'OGR_shape_encoding.Rnw' using Sweave
    Loading required package: sp
    Please note that rgdal will be retired during 2023,
    plan transition to sf/stars/terra functions using GDAL and PROJ
    at your earliest convenience.
    See https://r-spatial.org/r/2022/04/12/evolution.html and https://github.com/r-spatial/evolution
    rgdal: version: 1.6-5, (SVN revision 1199)
    Geospatial Data Abstraction Library extensions to R successfully loaded
    Loaded GDAL runtime: GDAL 3.5.2, released 2022/09/02
    Path to GDAL shared files: D:/RCompile/CRANpkg/lib/4.2/rgdal/gdal
    GDAL binary built with GEOS: TRUE
    Loaded PROJ runtime: Rel. 8.2.1, January 1st, 2022, [PJ_VERSION: 821]
    Path to PROJ shared files: D:/RCompile/CRANpkg/lib/4.2/rgdal/proj
    PROJ CDN enabled: FALSE
    Linking to sp version:1.6-0
    To mute warnings of possible GDAL/OSR exportToProj4() degradation,
    use options("rgdal_show_exportToProj4_warnings"="none") before loading sp or rgdal.
    Warning: OGR support is provided by the sf and terra packages among others
    Warning: OGR support is provided by the sf and terra packages among others
    Warning: OGR support is provided by the sf and terra packages among others
    Warning: OGR support is provided by the sf and terra packages among others
    Read 1 item
    --- finished re-building 'OGR_shape_encoding.Rnw'
    
    SUMMARY: processing the following file failed:
     'CRS_projections_transformations.Rmd'
    
    Error: Vignette re-building failed.
    Execution halted
Flavor: r-release-windows-x86_64

Version: 1.6-5
Check: re-building of vignette outputs
Result: WARN
    Error(s) in re-building vignettes:
    --- re-building 'CRS_projections_transformations.Rmd' using rmarkdown
    Quitting from lines 330-331 (CRS_projections_transformations.Rmd)
    Error: processing vignette 'CRS_projections_transformations.Rmd' failed with diagnostics:
    failure in points 1
    --- failed re-building 'CRS_projections_transformations.Rmd'
    
    --- re-building 'PROJ6_GDAL3.Rmd' using rmarkdown
    --- finished re-building 'PROJ6_GDAL3.Rmd'
    
    --- re-building 'OGR_shape_encoding.Rnw' using Sweave
    Loading required package: sp
    Please note that rgdal will be retired during 2023,
    plan transition to sf/stars/terra functions using GDAL and PROJ
    at your earliest convenience.
    See https://r-spatial.org/r/2022/04/12/evolution.html and https://github.com/r-spatial/evolution
    rgdal: version: 1.6-5, (SVN revision 1199)
    Geospatial Data Abstraction Library extensions to R successfully loaded
    Loaded GDAL runtime: GDAL 3.4.1, released 2021/12/27
    Path to GDAL shared files: D:/temp/RtmpK6tNkC/RLIBS_135e41b823b2/rgdal/gdal
    GDAL binary built with GEOS: TRUE
    Loaded PROJ runtime: Rel. 7.2.1, January 1st, 2021, [PJ_VERSION: 721]
    Path to PROJ shared files: D:/temp/RtmpK6tNkC/RLIBS_135e41b823b2/rgdal/proj
    PROJ CDN enabled: FALSE
    Linking to sp version:1.6-0
    To mute warnings of possible GDAL/OSR exportToProj4() degradation,
    use options("rgdal_show_exportToProj4_warnings"="none") before loading sp or rgdal.
    Warning: OGR support is provided by the sf and terra packages among others
    Warning: OGR support is provided by the sf and terra packages among others
    Warning: OGR support is provided by the sf and terra packages among others
    Warning: OGR support is provided by the sf and terra packages among others
    Read 1 item
    --- finished re-building 'OGR_shape_encoding.Rnw'
    
    SUMMARY: processing the following file failed:
     'CRS_projections_transformations.Rmd'
    
    Error: Vignette re-building failed.
    Execution halted
Flavor: r-oldrel-windows-ix86+x86_64