CRAN Package Check Results for Package rfm

Last updated on 2018-08-20 07:47:55 CEST.

Flavor Version Tinstall Tcheck Ttotal Status Flags
r-devel-linux-x86_64-debian-clang 0.1.0 4.81 87.22 92.03 OK
r-devel-linux-x86_64-debian-gcc 0.1.0 4.39 66.85 71.24 OK
r-devel-linux-x86_64-fedora-clang 0.1.0 109.29 OK
r-devel-linux-x86_64-fedora-gcc 0.1.0 105.91 OK
r-devel-windows-ix86+x86_64 0.1.0 15.00 129.00 144.00 OK
r-patched-linux-x86_64 0.1.0 4.72 79.04 83.76 OK
r-patched-solaris-x86 0.1.0 135.80 WARN
r-release-linux-x86_64 0.1.0 4.12 78.61 82.73 OK
r-release-windows-ix86+x86_64 0.1.0 17.00 127.00 144.00 OK
r-release-osx-x86_64 0.1.0 WARN
r-oldrel-windows-ix86+x86_64 0.1.0 9.00 106.00 115.00 OK
r-oldrel-osx-x86_64 0.1.0 WARN

Check Details

Version: 0.1.0
Check: re-building of vignette outputs
Result: WARN
    Error in re-building vignettes:
     ...
    Warning in engine$weave(file, quiet = quiet, encoding = enc) :
     Pandoc (>= 1.12.3) and/or pandoc-citeproc not available. Falling back to R Markdown v1.
    
    Attaching package: 'dplyr'
    
    The following objects are masked from 'package:stats':
    
     filter, lag
    
    The following objects are masked from 'package:base':
    
     intersect, setdiff, setequal, union
    
    Quitting from lines 230-274 (rfm-customer-level-data.Rmd)
    Error: processing vignette 'rfm-customer-level-data.Rmd' failed with diagnostics:
    there is no package called 'webshot'
    Execution halted
Flavor: r-patched-solaris-x86

Version: 0.1.0
Check: re-building of vignette outputs
Result: WARN
    Error in re-building vignettes:
     ...
    Warning in engine$weave(file, quiet = quiet, encoding = enc) :
     Pandoc (>= 1.12.3) and/or pandoc-citeproc not available. Falling back to R Markdown v1.
    
    Attaching package: 'dplyr'
    
    The following objects are masked from 'package:stats':
    
     filter, lag
    
    The following objects are masked from 'package:base':
    
     intersect, setdiff, setequal, union
    
    Quitting from lines 230-274 (rfm-customer-level-data.Rmd)
    Error: processing vignette 'rfm-customer-level-data.Rmd' failed with diagnostics:
    cannot open the connection
    Execution halted
Flavors: r-release-osx-x86_64, r-oldrel-osx-x86_64