CRAN Package Check Results for Package rfm

Last updated on 2018-06-21 10:50:18 CEST.

Flavor Version Tinstall Tcheck Ttotal Status Flags
r-devel-linux-x86_64-debian-clang 0.1.0 5.08 74.81 79.89 OK
r-devel-linux-x86_64-debian-gcc 0.1.0 4.15 65.60 69.75 OK
r-devel-linux-x86_64-fedora-clang 0.1.0 107.92 OK
r-devel-linux-x86_64-fedora-gcc 0.1.0 102.94 OK
r-devel-windows-ix86+x86_64 0.1.0 16.00 142.00 158.00 OK
r-patched-linux-x86_64 0.1.0 4.10 78.78 82.88 OK
r-patched-solaris-x86 0.1.0 131.70 WARN
r-release-linux-x86_64 0.1.0 4.01 78.73 82.74 OK
r-release-windows-ix86+x86_64 0.1.0 10.00 103.00 113.00 OK
r-release-osx-x86_64 0.1.0 WARN
r-oldrel-windows-ix86+x86_64 0.1.0 11.00 116.00 127.00 OK
r-oldrel-osx-x86_64 0.1.0 WARN

Check Details

Version: 0.1.0
Check: re-building of vignette outputs
Result: WARN
    Error in re-building vignettes:
     ...
    Warning in engine$weave(file, quiet = quiet, encoding = enc) :
     Pandoc (>= 1.12.3) and/or pandoc-citeproc not available. Falling back to R Markdown v1.
    
    Attaching package: 'dplyr'
    
    The following objects are masked from 'package:stats':
    
     filter, lag
    
    The following objects are masked from 'package:base':
    
     intersect, setdiff, setequal, union
    
    Quitting from lines 230-274 (rfm-customer-level-data.Rmd)
    Error: processing vignette 'rfm-customer-level-data.Rmd' failed with diagnostics:
    there is no package called 'webshot'
    Execution halted
Flavor: r-patched-solaris-x86

Version: 0.1.0
Check: re-building of vignette outputs
Result: WARN
    Error in re-building vignettes:
     ...
    Warning in engine$weave(file, quiet = quiet, encoding = enc) :
     Pandoc (>= 1.12.3) and/or pandoc-citeproc not available. Falling back to R Markdown v1.
    
    Attaching package: 'dplyr'
    
    The following objects are masked from 'package:stats':
    
     filter, lag
    
    The following objects are masked from 'package:base':
    
     intersect, setdiff, setequal, union
    
    Quitting from lines 230-274 (rfm-customer-level-data.Rmd)
    Error: processing vignette 'rfm-customer-level-data.Rmd' failed with diagnostics:
    cannot open the connection
    Execution halted
Flavors: r-release-osx-x86_64, r-oldrel-osx-x86_64