CRAN Package Check Results for Package rfbCNPJ

Last updated on 2019-04-24 03:50:02 CEST.

Flavor Version Tinstall Tcheck Ttotal Status Flags
r-devel-linux-x86_64-debian-clang 0.1.1 1.63 17.58 19.21 OK
r-devel-linux-x86_64-debian-gcc 0.1.1 1.30 14.41 15.71 OK
r-devel-linux-x86_64-fedora-clang 0.1.1 23.04 NOTE
r-devel-linux-x86_64-fedora-gcc 0.1.1 22.29 NOTE
r-devel-windows-ix86+x86_64 0.1.1 5.00 31.00 36.00 OK
r-patched-linux-x86_64 0.1.1 1.28 17.82 19.10 OK
r-patched-solaris-x86 0.1.1 37.30 NOTE
r-release-linux-x86_64 0.1.1 0.98 16.51 17.49 OK
r-release-windows-ix86+x86_64 0.1.1 3.00 43.00 46.00 OK
r-release-osx-x86_64 0.1.1 NOTE
r-oldrel-windows-ix86+x86_64 0.1.1 5.00 29.00 34.00 OK
r-oldrel-osx-x86_64 0.1.1 NOTE

Check Details

Version: 0.1.1
Check: data for non-ASCII characters
Result: NOTE
     Note: found 27 marked UTF-8 strings
Flavors: r-devel-linux-x86_64-fedora-clang, r-devel-linux-x86_64-fedora-gcc, r-patched-solaris-x86, r-release-osx-x86_64, r-oldrel-osx-x86_64