CRAN Package Check Results for Package rfbCNPJ

Last updated on 2019-08-24 07:47:30 CEST.

Flavor Version Tinstall Tcheck Ttotal Status Flags
r-devel-linux-x86_64-debian-clang 0.1.1 1.98 17.99 19.97 OK
r-devel-linux-x86_64-debian-gcc 0.1.1 1.72 14.63 16.35 OK
r-devel-linux-x86_64-fedora-clang 0.1.1 24.78 NOTE
r-devel-linux-x86_64-fedora-gcc 0.1.1 24.52 NOTE
r-devel-windows-ix86+x86_64 0.1.1 7.00 48.00 55.00 OK
r-patched-linux-x86_64 0.1.1 1.59 17.85 19.44 OK
r-patched-solaris-x86 0.1.1 40.40 NOTE
r-release-linux-x86_64 0.1.1 1.60 18.05 19.65 OK
r-release-windows-ix86+x86_64 0.1.1 10.00 51.00 61.00 OK
r-release-osx-x86_64 0.1.1 NOTE
r-oldrel-windows-ix86+x86_64 0.1.1 4.00 46.00 50.00 OK
r-oldrel-osx-x86_64 0.1.1 NOTE

Check Details

Version: 0.1.1
Check: data for non-ASCII characters
Result: NOTE
     Note: found 27 marked UTF-8 strings
Flavors: r-devel-linux-x86_64-fedora-clang, r-devel-linux-x86_64-fedora-gcc, r-patched-solaris-x86, r-release-osx-x86_64, r-oldrel-osx-x86_64