CRAN Package Check Results for Package rfbCNPJ

Last updated on 2019-02-24 04:56:25 CET.

Flavor Version Tinstall Tcheck Ttotal Status Flags
r-devel-linux-x86_64-debian-clang 0.1.1 1.36 17.63 18.99 OK
r-devel-linux-x86_64-debian-gcc 0.1.1 1.12 14.40 15.52 OK
r-devel-linux-x86_64-fedora-clang 0.1.1 24.00 NOTE
r-devel-linux-x86_64-fedora-gcc 0.1.1 22.30 NOTE
r-devel-windows-ix86+x86_64 0.1.1 7.00 45.00 52.00 OK
r-patched-linux-x86_64 0.1.1 0.62 16.58 17.20 OK
r-patched-solaris-x86 0.1.1 33.20 NOTE
r-release-linux-x86_64 0.1.1 0.96 16.57 17.53 OK
r-release-windows-ix86+x86_64 0.1.1 5.00 42.00 47.00 OK
r-release-osx-x86_64 0.1.1 NOTE
r-oldrel-windows-ix86+x86_64 0.1.1 3.00 28.00 31.00 OK
r-oldrel-osx-x86_64 0.1.1 NOTE

Check Details

Version: 0.1.1
Check: data for non-ASCII characters
Result: NOTE
     Note: found 27 marked UTF-8 strings
Flavors: r-devel-linux-x86_64-fedora-clang, r-devel-linux-x86_64-fedora-gcc, r-patched-solaris-x86, r-release-osx-x86_64, r-oldrel-osx-x86_64