CRAN Package Check Results for Package resourcer

Last updated on 2020-07-08 10:50:52 CEST.

Flavor Version Tinstall Tcheck Ttotal Status Flags
r-devel-linux-x86_64-debian-clang 1.0.1 19.31 33.02 52.33 OK
r-devel-linux-x86_64-debian-gcc 1.0.1 17.49 26.44 43.93 OK
r-devel-linux-x86_64-fedora-clang 1.0.1 76.21 OK
r-devel-linux-x86_64-fedora-gcc 1.0.1 72.42 OK
r-devel-windows-ix86+x86_64 1.0.1 23.00 58.00 81.00 OK
r-patched-linux-x86_64 1.0.1 20.41 33.38 53.79 OK
r-patched-solaris-x86 1.0.1 324.20 NOTE
r-release-linux-x86_64 1.0.1 19.40 33.33 52.73 OK
r-release-osx-x86_64 1.0.1 OK
r-release-windows-ix86+x86_64 1.0.1 32.00 57.00 89.00 OK
r-oldrel-osx-x86_64 1.0.1 OK
r-oldrel-windows-ix86+x86_64 1.0.1 28.00 87.00 115.00 OK

Check Details

Version: 1.0.1
Check: package dependencies
Result: NOTE
    Packages suggested but not available for checking: 'ssh', 'RPostgres'
Flavor: r-patched-solaris-x86